Cerea. Verona, Italy

45° 11.88' N | 011° 10.98' E | 10 metri | Mostra sulla mappa

Tabelle Climatiche March 2020

25/05/2020 01:15:00 CEST

Stazione:Vantage Pro2
Software:WeeWX v4.0.0
Weewx uptime:0 giorni, 20 ore, 0 minuti
Server uptime:0 giorni, 20 ore, 0 minuti
                   MONTHLY CLIMATOLOGICAL SUMMARY for mar 2020


NAME: Cerea. Verona, Italy                  
ELEV: 10 metri    LAT: 45-11.88 N    LONG: 011-10.98 E


                   TEMPERATURE (°C), RAIN (mm), WIND SPEED (km/h)

                                         HEAT   COOL         AVG
      MEAN                               DEG    DEG          WIND                   DOM
DAY   TEMP   HIGH   TIME    LOW   TIME   DAYS   DAYS   RAIN  SPEED   HIGH   TIME    DIR
---------------------------------------------------------------------------------------
 01    7,3    9,0  00:03    6,3  23:58   35,6    0,0   10,8    9,1   30,6  03:23    346
 02    6,5    9,3  20:23    3,4  07:30   38,3    0,0    3,0   16,4   56,3  14:50     50
 03    7,9    9,8  13:42    6,3  04:40   33,9    0,0    0,8    6,3   25,7  00:00    342
 04    9,0   14,2  15:12    5,6  23:49   30,4    0,0    0,4    4,5   20,9  17:42    186
 05    7,0   11,1  12:22    2,9  04:49   36,6    0,0    5,8    9,6   45,1  23:20     68
 06    7,4   12,7  15:46    3,3  02:10   35,3    0,0    5,2   10,8   51,5  00:35    299
 07    9,8   14,9  15:26    5,6  02:32   27,5    0,0    2,2    6,6   33,8  21:59    211
 08   10,0   15,3  15:38    5,6  06:53   26,9    0,0    0,0    3,5   30,6  00:00    207
 09    8,4   12,7  11:49    3,2  05:57   32,3    0,0    0,0    6,0   24,1  11:29     31
 10    9,4   16,2  16:15    5,1  06:47   29,1    0,0    0,0    5,1   19,3  15:13    254
 11   10,7   17,2  14:19    4,0  06:09   24,6    0,0    0,0    3,7   16,1  09:41     74
 12   12,2   17,7  13:51    4,9  06:27   20,0    0,0    0,0    4,7   20,9  13:45    279
 13   13,3   16,1  14:17   11,5  07:30   16,2    0,0    0,0    6,8   22,5  23:30     93
 14   10,7   12,3  13:32    7,7  23:39   24,8    0,0    0,0   11,5   32,2  11:15     57
 15   10,0   15,4  15:55    5,6  06:16   27,1    0,0    0,0    7,4   30,6  11:08     79
 16    9,5   16,7  15:58    2,7  05:37   28,7    0,0    0,0    3,4   16,1  08:47     82
 17    9,9   17,7  15:41    2,2  06:16   27,4    0,0    0,0    2,5   17,7  09:02    116
 18   12,6   21,1  15:38    4,4  05:24   18,5    0,0    0,0    2,5   14,5  15:00    352
 19   14,1   22,6  16:24    6,4  06:00   13,8    0,0    0,0    2,6   12,9  13:07    206
 20   13,9   20,3  14:44    7,9  06:15   14,4    0,0    0,0    5,8   19,3  09:39    103
 21   12,4   18,4  15:27    8,3  03:41   19,3    0,0    0,0    6,4   22,5  17:45     92
 22   10,7   14,1  13:21    7,7  23:56   24,8    0,0    0,0   15,3   46,7  23:45     76
 23    6,4   10,6  15:39    2,3  23:59   38,5    0,0    0,0   12,8   53,1  01:10    104
 24    6,3   12,4  15:12   -1,3  06:20   39,1    0,0    0,0    7,2   38,6  20:43    109
 25    6,1    9,2  13:10    3,1  23:25   39,6    0,0    0,0   16,9   57,9  11:45     77
 26    5,6    8,6  16:31    3,2  07:26   41,1    0,0    0,8   10,0   41,8  06:38     53
 27    9,7   13,2  15:22    5,4  02:42   28,0    0,0    0,0    6,8   35,4  11:42     49
 28   13,0   19,6  14:52    6,5  06:43   17,3    0,0    0,0    3,9   19,3  12:46    285
 29   13,4   20,4  15:51    6,1  07:31   15,9    0,0    0,0    2,9   17,7  16:05    108
 30   11,7   16,0  13:27    5,0  23:57   21,3    0,0    7,6   16,3   46,7  17:45     68
 31    7,2   11,0  17:46    4,7  02:43   36,1    0,0    2,8   11,5   32,2  00:00     78
---------------------------------------------------------------------------------------
       9,7   22,6     19   -1,3     24  862,4    0,0   39,4    7,7   57,9     25     69
    
Updated: 23/04/2020 12:30:00