Cerea. Verona, Italy

45° 11.88' N | 011° 10.98' E | 10 metri | Mostra sulla mappa

Tabelle Climatiche February 2020

25/05/2020 00:45:00 CEST

Stazione:Vantage Pro2
Software:WeeWX v4.0.0
Weewx uptime:0 giorni, 19 ore, 30 minuti
Server uptime:0 giorni, 19 ore, 30 minuti
                   MONTHLY CLIMATOLOGICAL SUMMARY for feb 2020


NAME: Cerea. Verona, Italy                  
ELEV: 10 metri    LAT: 45-11.88 N    LONG: 011-10.98 E


                   TEMPERATURE (°C), RAIN (mm), WIND SPEED (km/h)

                                         HEAT   COOL         AVG
      MEAN                               DEG    DEG          WIND                   DOM
DAY   TEMP   HIGH   TIME    LOW   TIME   DAYS   DAYS   RAIN  SPEED   HIGH   TIME    DIR
---------------------------------------------------------------------------------------
 01    8,5   10,5  13:34    7,4  06:10   31,8    0,0    0,2    0,9    8,0  18:41    244
 02    7,3    9,7  15:38    5,8  07:53   35,9    0,0    0,0    1,4   12,9  02:38    238
 03    6,6   10,5  15:00    4,9  03:24   38,0    0,0    0,0    1,9   16,1  14:48    151
 04    8,3   16,8  14:12    4,1  23:52   32,4    0,0    0,2    5,4   32,2  18:34    288
 05    7,3   14,3  13:25    0,6  07:34   35,7    0,0    0,0    5,9   38,6  12:13      4
 06    5,2   12,2  15:17   -1,5  05:38   42,7    0,0    0,0    1,4   16,1  12:34    252
 07    4,4   11,8  15:28   -1,8  06:38   45,1    0,0    0,0    0,9    9,7  11:51    274
 08    4,9   11,9  14:53   -1,1  07:34   43,5    0,0    0,0    0,7   11,3  15:09    296
 09    5,8   12,2  16:16   -0,8  06:00   40,7    0,0    0,0    0,6   12,9  15:06    254
 10    7,6   12,0  16:09    5,1  22:00   34,9    0,0    0,0    2,4   19,3  14:45    257
 11   10,3   19,6  14:28    4,6  08:40   26,1    0,0    0,2    8,2   51,5  14:17    265
 12    7,6   16,8  15:36    0,7  07:59   34,7    0,0    0,0    6,2   38,6  13:23    288
 13    7,1   12,4  13:29    1,9  07:37   36,4    0,0    0,6    5,1   20,9  23:32     81
 14    8,7   15,9  16:36    4,0  23:47   31,3    0,0    2,2    9,4   30,6  00:19    285
 15    8,2   15,3  15:48    1,6  07:12   32,7    0,0    0,0    3,6   20,9  10:27     85
 16    7,9   14,0  14:21    1,8  05:45   33,9    0,0    0,2    1,2    9,7  12:52    268
 17    9,7   13,4  15:06    7,4  05:19   28,1    0,0    0,0    2,6   16,1  16:54     69
 18    9,4   13,7  14:46    5,8  23:49   28,9    0,0    0,0    2,6   14,5  00:47    340
 19    8,3   14,6  14:22    3,0  07:35   32,6    0,0    0,2    4,7   24,1  16:07    290
 20    7,8   15,1  15:48    1,8  06:55   34,2    0,0    0,0    4,0   19,3  11:06    126
 21    6,8   12,8  14:12    0,3  07:20   37,4    0,0    0,0    3,6   19,3  14:32     63
 22    8,5   15,3  15:09    2,7  07:29   31,8    0,0    0,0    2,8   12,9  09:24    308
 23    8,4   14,8  15:35    2,5  06:46   32,2    0,0    0,0    3,8   19,3  23:01    250
 24    9,7   14,9  14:43    5,1  07:28   28,0    0,0    0,0    9,0   38,6  15:19     84
 25    9,3   15,3  15:38    4,6  03:09   29,2    0,0    0,0    2,1   12,9  16:13    284
 26    9,8   16,3  13:04    4,9  05:22   27,5    0,0    0,0   10,6   62,8  14:16    278
 27    7,5   13,0  14:14    1,2  07:35   35,1    0,0    0,0    5,8   30,6  09:12    274
 28    9,2   16,3  16:19    3,7  07:18   29,7    0,0    0,0    8,3   51,5  02:30    275
 29    7,9   12,1  12:52    2,3  05:58   33,9    0,0    0,0    6,7   22,5  09:55     61
---------------------------------------------------------------------------------------
       7,9   19,6     11   -1,8     07  984,4    0,0    3,8    4,2   62,8     26    301
    
Updated: 23/04/2020 12:30:00