Cerea. Verona, Italy

45° 11.88' N | 011° 10.98' E | 10 metri | Mostra sulla mappa

Tabelle Climatiche January 2020

25/05/2020 00:15:00 CEST

Stazione:Vantage Pro2
Software:WeeWX v4.0.0
Weewx uptime:0 giorni, 19 ore, 0 minuti
Server uptime:0 giorni, 19 ore, 0 minuti
                   MONTHLY CLIMATOLOGICAL SUMMARY for gen 2020


NAME: Cerea. Verona, Italy                  
ELEV: 10 metri    LAT: 45-11.88 N    LONG: 011-10.98 E


                   TEMPERATURE (°C), RAIN (mm), WIND SPEED (km/h)

                                         HEAT   COOL         AVG
      MEAN                               DEG    DEG          WIND                   DOM
DAY   TEMP   HIGH   TIME    LOW   TIME   DAYS   DAYS   RAIN  SPEED   HIGH   TIME    DIR
---------------------------------------------------------------------------------------
 01    1,7    8,6  14:54   -2,8  08:16   53,8    0,0    0,2    0,0    8,0  15:05    180
 02    2,0    8,3  14:20   -0,7  08:09   52,9    0,0    0,0    0,6   12,9  15:17    247
 03    2,1    6,2  15:44   -0,6  08:36   52,6    0,0    0,2    0,1    6,4  00:00    270
 04    3,8   10,3  15:09   -1,8  08:28   46,9    0,0    0,2    0,8   12,9  14:30    247
 05    4,7   11,3  13:50   -0,2  06:54   44,0    0,0    0,0    1,2   14,5  20:06     95
 06    3,6    8,9  12:36   -1,5  23:59   47,7    0,0    0,0    0,6   14,5  11:41    123
 07   -0,7    0,7  14:25   -2,3  04:02   61,8    0,0    0,2    0,2   14,5  23:56    241
 08   -0,1    1,3  15:14   -1,1  08:26   59,7    0,0    0,2    1,6   14,5  00:00    250
 09    0,2    4,3  15:21   -1,9  23:58   58,7    0,0    0,0    1,3   11,3  12:36    249
 10    1,8    8,2  15:18   -3,1  06:17   53,4    0,0    0,0    0,4    9,7  10:59     86
 11    3,0   10,4  15:24   -1,2  08:09   49,7    0,0    0,4    0,5   11,3  12:00    245
 12    4,3    9,4  15:08    0,2  23:32   45,4    0,0    0,0    0,5    9,7  02:16     13
 13   -0,8    2,8  15:14   -3,6  07:58   61,8    0,0    0,2    0,6    8,0  12:07    241
 14    1,3    4,8  16:25   -2,9  03:41   55,1    0,0    0,2    0,0    4,8  14:52     90
 15    4,7    6,8  15:29    2,7  03:59   44,1    0,0    0,0    0,3    8,0  13:56    271
 16    5,4    9,3  14:45    3,3  23:59   42,0    0,0    0,0    0,6    8,0  15:12    262
 17    5,1   12,1  15:07   -0,2  08:13   42,8    0,0    0,2    1,6   12,9  12:07    243
 18    6,7    7,8  13:55    6,1  09:40   37,7    0,0   11,4    2,3   16,1  04:49     40
 19    6,5    8,6  14:29    4,3  23:36   38,3    0,0    0,6    1,5   17,7  10:09     35
 20    5,5    9,8  13:47    2,3  08:11   41,5    0,0    0,0    3,8   19,3  12:58     49
 21    3,2    8,7  14:07   -1,0  07:27   49,0    0,0    0,0    1,0   11,3  14:15    281
 22    2,7    8,3  15:32   -0,2  08:03   50,5    0,0    0,0    1,8   12,9  11:45    246
 23    3,2    9,0  14:06   -2,1  08:05   49,1    0,0    0,0    1,4   17,7  12:32     73
 24    3,3    7,3  14:30   -1,7  08:14   48,7    0,0    0,0    1,0   12,9  22:06     86
 25    5,9    6,8  14:21    5,2  04:16   40,4    0,0    2,0    0,9    8,0  12:43    251
 26    6,4   10,1  14:16    2,3  23:52   38,7    0,0    0,4    0,6   12,9  15:08    246
 27    3,9    9,4  15:12   -0,4  07:38   46,6    0,0    0,2    0,6   11,3  21:13     33
 28    7,1   10,9  15:10    4,3  23:33   36,3    0,0    0,0    3,2   16,1  06:47      4
 29    6,4   12,4  13:38    0,6  06:50   38,6    0,0    0,4    2,7   19,3  14:19    247
 30    4,3    9,1  16:14    0,0  07:18   45,4    0,0    0,0    1,7   14,5  10:14     89
 31    6,8   11,7  15:04    1,9  05:16   37,4    0,0    0,0    1,1   11,3  14:45    267
---------------------------------------------------------------------------------------
       3,7   12,4     29   -3,6     13 1470,8    0,0   17,0    1,1   19,3     20    267
    
Updated: 23/04/2020 12:30:00