Cerea. Verona, Italy

45° 11.88' N | 011° 10.98' E | 10 metri | Mostra sulla mappa

Tabelle Climatiche 2019

24/05/2020 23:30:00 CEST

Stazione:Vantage Pro2
Software:WeeWX v4.0.0
Weewx uptime:0 giorni, 18 ore, 15 minuti
Server uptime:0 giorni, 18 ore, 15 minuti
                     CLIMATOLOGICAL SUMMARY FOR 2019


NAME: Cerea. Verona, Italy                  
ELEV: 10 metri    LAT: 45-11.88 N    LONG: 011-10.98 E


                                       TEMPERATURE (°C)

                              HEAT    COOL                              MAX    MAX    MIN    MIN
          MEAN   MEAN         DEG     DEG                                >=     <=     <=     <=
 YR  MO   MAX    MIN    MEAN  DAYS    DAYS      HI  DAY     LOW  DAY     30      0      0    -20
------------------------------------------------------------------------------------------------
2019 01    6,0   -1,7    1,9 1649,0    0,0    11,4   15    -5,3   04      0      0     23      0
2019 02   13,1    1,0    6,5 1077,2    0,0    21,9   27    -1,7   07      0      0     12      0
2019 03   17,8    4,0   10,7  768,5    0,0    24,4   24    -1,9   14      0      0      1      0
2019 04   19,5    9,5   14,1  416,0    0,0    24,7   21     6,4   16      0      0      0      0
2019 05   20,5   11,4   15,5  310,8   23,6    27,4   24     6,3   15      0      0      0      0
2019 06   32,6   20,0   26,4    0,0  781,6    39,0   27    13,6   01     26      0      0      0
2019 07   32,9   20,4   26,5    0,0  816,8    37,8   25    14,2   14     26      0      0      0
2019 08   32,2   20,4   26,0    0,0  767,1    36,1   10    17,0   03     27      0      0      0
2019 09   26,1   15,5   20,4   30,1  227,6    33,4   01    10,4   21      4      0      0      0
2019 10   20,7   12,4   16,0  249,7   17,9    27,3   01     8,1   04      0      0      0      0
2019 11   13,2    7,5   10,3  779,8    0,0    18,6   04     2,6   14      0      0      0      0
2019 12    9,2    2,3    5,6 1281,1    0,0    13,7   23    -2,2   30      0      0     10      0
------------------------------------------------------------------------------------------------
          20,4   10,3   15,0 6562,1 2634,6    39,0  giu    -5,3  gen     83      0     46      0


                  PRECIPITATION (mm)

                  MAX         ---DAYS OF RAIN---
                  OBS.               OVER
 YR  MO  TOTAL    DAY  DATE   0.30   3.00  30.00
------------------------------------------------
2019 01   16,0    5,2    18      7      2      0
2019 02   35,2   24,0    02      4      3      0
2019 03    2,6    1,4    18      2      0      0
2019 04  100,8   28,2    23     13      8      0
2019 05  222,8   59,6    05     19     14      2
2019 06   11,6   10,4    22      2      1      0
2019 07   25,0   11,2    27      6      3      0
2019 08   42,4   20,2    02      7      3      0
2019 09   77,8   50,8    06      6      4      1
2019 10   57,2   20,2    15      6      5      0
2019 11  187,0   31,8    17     18     15      1
2019 12   71,4   19,4    22     11      5      0
------------------------------------------------
         849,8   59,6   mag    101     63      4


           WIND SPEED (km/h)

                                DOM
 YR  MO    AVG     HI   DATE    DIR
-----------------------------------
2019 01    4,7   38,6     18     19 
2019 02    5,0   45,1     11    319 
2019 03    6,3   59,5     11     60 
2019 04    8,3   74,0     25     71 
2019 05    7,4   77,2     05     58 
2019 06    6,9   43,5     22     95 
2019 07    6,3   51,5     07     84 
2019 08    5,9   69,2     02     72 
2019 09    5,4   48,3     02     17 
2019 10    4,6   48,3     15     14 
2019 11    7,3   48,3     13     14 
2019 12    4,7  119,1     23      9 
-----------------------------------
           6,1  119,1    dic     37

Updated: 23/04/2020 12:30:00