Cerea. Verona, Italy

45° 11.88' N | 011° 10.98' E | 10 metri | Mostra sulla mappa

Tabelle Climatiche December 2019

25/05/2020 00:15:00 CEST

Stazione:Vantage Pro2
Software:WeeWX v4.0.0
Weewx uptime:0 giorni, 19 ore, 0 minuti
Server uptime:0 giorni, 19 ore, 0 minuti
                   MONTHLY CLIMATOLOGICAL SUMMARY for dic 2019


NAME: Cerea. Verona, Italy                  
ELEV: 10 metri    LAT: 45-11.88 N    LONG: 011-10.98 E


                   TEMPERATURE (°C), RAIN (mm), WIND SPEED (km/h)

                                         HEAT   COOL         AVG
      MEAN                               DEG    DEG          WIND                   DOM
DAY   TEMP   HIGH   TIME    LOW   TIME   DAYS   DAYS   RAIN  SPEED   HIGH   TIME    DIR
---------------------------------------------------------------------------------------
 01    8,1    9,1  14:22    6,9  00:03   33,2    0,0    2,0    9,3   30,6  18:39     19
 02    8,1    9,6  22:25    7,3  07:12   33,0    0,0    6,4    6,4   30,6  23:10      5
 03    7,2   10,0  12:39    3,6  23:56   35,9    0,0    0,2   10,1   29,0  00:29     21
 04    4,0    8,0  13:17    0,6  23:57   46,4    0,0    0,0    6,4   24,1  11:52     19
 05    3,0    8,9  14:31   -1,1  05:23   49,7    0,0    0,0    1,9   16,1  10:16      0
 06    3,8    6,4  14:51    0,2  04:07   47,0    0,0    0,2    2,6    9,7  00:45      0
 07    5,7    9,3  14:57    2,7  23:54   40,9    0,0    0,0    2,7   12,9  02:50      4
 08    5,5   10,2  14:49    1,1  04:56   41,4    0,0    0,0    2,0   14,5  12:59      4
 09    6,4    7,9  15:41    4,4  21:59   38,6    0,0    0,2    2,1   14,5  13:19      2
 10    3,9    8,4  14:49    1,1  06:26   46,6    0,0    0,6    4,7   19,3  21:42      6
 11    3,4    8,6  13:47    0,1  22:19   48,4    0,0    0,0    3,4   14,5  00:06     10
 12    0,8    3,4  07:20   -0,8  22:38   56,9    0,0    4,4    3,8   19,3  06:00      0
 13    0,8    2,2  21:33   -1,9  03:49   56,9    0,0   15,8   13,6   49,9  19:34      9
 14    2,4    7,9  14:58   -1,7  07:07   51,8    0,0    0,6    3,6   24,1  00:35      2
 15    3,9    6,8  15:02   -0,1  03:35   46,8    0,0    0,0    4,1   17,7  05:20      4
 16    6,1   10,8  15:02    3,7  00:02   39,5    0,0    0,0    1,2    8,0  00:38      1
 17   10,5   13,3  13:01    5,3  01:30   25,3    0,0    0,0    8,6   29,0  10:03     10
 18   10,3   12,0  14:47    7,8  05:38   26,1    0,0    0,4    3,3   19,3  03:40      0
 19   11,4   13,2  14:49   10,0  07:48   22,5    0,0    0,0    5,1   20,9  10:07     11
 20   10,0   11,3  23:55    7,8  07:33   27,0    0,0    2,0   10,4   35,4  17:35     15
 21   10,2   11,8  12:09    5,7  23:42   26,2    0,0   18,4   11,3   33,8  14:36     11
 22    8,6   11,6  15:30    5,4  00:43   31,6    0,0   19,4   13,9   51,5  05:27      7
 23    8,6   13,7  14:43    4,8  02:56   31,5    0,0    0,0   10,6  119,1  09:45      0
 24    6,5   11,8  12:14    2,2  23:58   38,3    0,0    0,0    3,5   19,3  00:35    346
 25    4,0   10,2  14:34   -0,8  07:42   46,6    0,0    0,0    0,1    6,4  00:39     68
 26    4,7   10,6  12:41   -0,1  06:56   44,3    0,0    0,4    0,1    6,4  12:52    116
 27    4,1    9,7  14:50    0,7  07:05   46,0    0,0    0,0    0,2   51,5  21:00    276
 28    5,3   10,1  11:21    1,0  23:57   42,1    0,0    0,0    0,3   12,9  05:23     94
 29    2,0    5,3  15:00   -1,4  08:08   52,8    0,0    0,2    0,3   11,3  13:45    258
 30    1,0    5,3  15:19   -2,2  06:20   56,2    0,0    0,0    0,0    6,4  15:20     90
 31    2,5    7,8  15:01   -0,4  08:16   51,4    0,0    0,2    0,4   12,9  11:34    245
---------------------------------------------------------------------------------------
       5,6   13,7     23   -2,2     30 1281,1    0,0   71,4    4,7  119,1     23      9
    
Updated: 23/04/2020 12:30:00