Cerea. Verona, Italy

45° 11.88' N | 011° 10.98' E | 10 metri | Mostra sulla mappa

Tabelle Climatiche November 2019

24/05/2020 23:45:00 CEST

Stazione:Vantage Pro2
Software:WeeWX v4.0.0
Weewx uptime:0 giorni, 18 ore, 30 minuti
Server uptime:0 giorni, 18 ore, 30 minuti
                   MONTHLY CLIMATOLOGICAL SUMMARY for nov 2019


NAME: Cerea. Verona, Italy                  
ELEV: 10 metri    LAT: 45-11.88 N    LONG: 011-10.98 E


                   TEMPERATURE (°C), RAIN (mm), WIND SPEED (km/h)

                                         HEAT   COOL         AVG
      MEAN                               DEG    DEG          WIND                   DOM
DAY   TEMP   HIGH   TIME    LOW   TIME   DAYS   DAYS   RAIN  SPEED   HIGH   TIME    DIR
---------------------------------------------------------------------------------------
 01   11,2   14,2  12:59    7,3  06:59   23,1    0,0    0,0    3,9   20,9  09:59     20
 02   10,6   11,3  01:17    9,8  10:10   25,1    0,0    4,8    2,3   16,1  08:19     17
 03   12,4   13,9  12:09   10,7  00:00   19,1    0,0   11,8    7,1   32,2  12:31     15
 04   13,4   18,6  14:14    9,4  05:32   16,0    0,0    0,0    8,2   29,0  23:33      9
 05   13,4   16,2  14:29    9,1  23:59   16,0    0,0    3,0    5,2   30,6  02:16     17
 06   10,1   14,9  15:33    7,0  05:59   26,8    0,0    0,2    3,3   19,3  10:24     11
 07   10,4   13,8  13:31    6,4  07:09   25,9    0,0    0,2    4,5   25,7  23:24      9
 08   11,0   12,8  13:20   10,0  08:09   23,9    0,0   17,6    8,9   35,4  00:25     20
 09    9,6   13,6  13:24    6,2  23:46   28,2    0,0    2,0    5,2   24,1  02:48      3
 10    8,0   14,6  15:17    3,1  07:30   33,4    0,0    0,2    2,2   17,7  11:31      1
 11    8,5   10,5  23:40    5,6  01:55   32,0    0,0    6,8    7,8   30,6  12:35     20
 12    9,8   11,2  12:26    8,7  23:52   27,8    0,0   21,6    7,0   30,6  13:19      0
 13    8,4   12,3  11:50    4,2  21:21   32,2    0,0    7,4    7,6   48,3  11:29      1
 14    8,9   13,1  14:56    2,6  07:45   30,4    0,0    0,2   10,6   48,3  23:48     19
 15   10,2   12,8  11:45    6,6  23:57   26,4    0,0   19,4   10,5   48,3  00:00     15
 16    8,8   11,6  12:36    6,1  00:25   31,0    0,0    8,6    4,1   17,7  18:42     10
 17    9,0   14,7  14:06    5,3  23:52   30,1    0,0   31,8    8,9   38,6  11:41      4
 18    7,5   11,8  14:26    3,7  06:38   35,1    0,0   13,0    7,4   40,2  22:13     19
 19   10,4   11,5  21:54    8,4  01:52   25,7    0,0    7,4   16,0   46,7  11:33     22
 20   10,7   13,1  11:08    8,7  07:08   24,7    0,0    0,0    8,1   25,7  11:02      2
 21   10,3   12,6  15:09    9,4  01:35   26,0    0,0    0,6    2,5   16,1  00:58      8
 22   11,0   13,5  11:27    9,1  07:27   23,8    0,0    1,2   11,0   30,6  09:54     21
 23   12,0   13,2  23:36   10,4  05:17   20,4    0,0    6,6   17,5   40,2  11:57     22
 24   13,3   14,4  11:30   12,2  05:28   16,3    0,0   17,4   17,6   45,1  16:59     22
 25   14,3   18,3  14:35   10,1  23:48   13,0    0,0    0,0    6,4   30,6  00:00      9
 26   10,0   14,4  14:59    6,3  07:54   27,2    0,0    0,2    1,3   14,5  10:01      9
 27    9,4   11,3  14:05    6,6  01:33   28,9    0,0    5,0    8,8   35,4  13:25     18
 28   10,2   11,3  14:25    9,3  05:46   26,5    0,0    0,0    5,2   19,3  02:32      0
 29    9,0   11,8  13:04    6,9  04:13   30,2    0,0    0,0    5,2   19,3  19:29      2
 30    7,6    9,1  15:56    6,1  07:31   34,6    0,0    0,0    3,6   22,5  00:46      2
---------------------------------------------------------------------------------------
      10,3   18,6     04    2,6     14  779,8    0,0  187,0    7,3   48,3     13     14
    
Updated: 23/04/2020 12:30:00