Cerea. Verona, Italy

45° 11.88' N | 011° 10.98' E | 10 metri | Mostra sulla mappa

Tabelle Climatiche October 2019

24/05/2020 23:00:00 CEST

Stazione:Vantage Pro2
Software:WeeWX v4.0.0
Weewx uptime:0 giorni, 17 ore, 45 minuti
Server uptime:0 giorni, 17 ore, 45 minuti
                   MONTHLY CLIMATOLOGICAL SUMMARY for ott 2019


NAME: Cerea. Verona, Italy                  
ELEV: 10 metri    LAT: 45-11.88 N    LONG: 011-10.98 E


                   TEMPERATURE (°C), RAIN (mm), WIND SPEED (km/h)

                                         HEAT   COOL         AVG
      MEAN                               DEG    DEG          WIND                   DOM
DAY   TEMP   HIGH   TIME    LOW   TIME   DAYS   DAYS   RAIN  SPEED   HIGH   TIME    DIR
---------------------------------------------------------------------------------------
 01   21,7   27,3  15:33   17,3  07:08    0,0   10,9    0,0    3,4   17,7  01:18      8
 02   19,2   23,8  15:19   16,9  07:37    0,0    2,7   10,8    3,3   19,3  11:37      5
 03   15,5   19,7  17:21   10,4  23:58    9,0    0,0    4,8    6,7   37,0  04:12      4
 04   14,1   19,7  14:35    8,1  07:45   13,6    0,0    0,0    1,5   16,1  13:39      1
 05   15,9   20,7  15:57   11,1  07:41    7,8    0,0    0,0    3,7   19,3  13:43     12
 06   15,3   19,6  15:44   12,2  06:21    9,9    0,0    0,0   10,2   30,6  16:42     22
 07   14,8   20,6  16:54   10,9  07:38   11,3    0,0   13,8    7,8   35,4  04:54     20
 08   15,0   20,8  16:55   10,8  07:14   10,7    0,0    0,0    4,7   24,1  10:36     14
 09   15,2   20,2  12:49   10,9  04:51   10,2    0,0    0,2    4,9   24,1  19:42     13
 10   15,8   20,0  16:16   11,6  23:26    8,3    0,0    0,0    4,3   22,5  13:47      0
 11   16,1   22,2  17:10   10,8  07:22    7,2    0,0    0,0    1,7   12,9  09:36      1
 12   15,1   21,5  16:04    9,4  06:01   10,3    0,0    0,0    1,1   12,9  12:22      0
 13   15,4   20,6  15:20   10,7  07:42    9,6    0,0    0,0    0,8    9,7  13:04      0
 14   16,2   22,1  15:39   11,7  07:08    7,0    0,0    0,0    1,3   12,9  22:26     12
 15   17,6   21,3  14:24   15,6  22:34    2,4    0,0   20,2   10,9   48,3  15:21     20
 16   15,3   21,4  16:57   11,8  06:34    9,8    0,0    0,2    3,8   22,5  12:36      2
 17   15,8   21,8  15:21    9,9  07:41    8,2    0,0    0,2    2,0   16,1  14:46      0
 18   16,5   19,5  15:03   13,6  04:41    6,0    0,0    0,0    3,3   14,5  15:35      0
 19   16,3   19,8  15:35   13,7  00:52    6,6    0,0    0,0    7,8   27,4  14:59     22
 20   17,9   22,4  14:51   14,7  07:15    1,4    0,0    0,0    9,0   32,2  23:52     12
 21   19,4   23,0  14:29   17,6  02:01    0,0    3,5    0,0   13,7   37,0  15:30     22
 22   18,6   23,1  16:26   15,7  07:52    0,0    0,8    0,0    3,8   19,3  00:00     13
 23   16,7   22,9  16:08   12,2  06:44    5,2    0,0    0,2    1,6   14,5  23:31      6
 24   16,3   17,8  14:17   15,2  03:23    6,4    0,0    4,0    4,7   19,3  02:38     13
 25   17,3   21,9  14:41   13,4  07:26    3,3    0,0    0,2    2,4   19,3  14:07      2
 26   15,7   22,9  15:39   10,7  08:01    8,4    0,0    0,0    2,9   19,3  12:51      0
 27   14,9   22,1  14:47   10,3  06:21   11,1    0,0    0,2    1,2    9,7  12:30      7
 28   13,9   17,9  13:52    9,9  06:29   14,3    0,0    0,2    1,0   12,9  13:40      5
 29   14,7   15,8  15:42   13,6  00:16   11,7    0,0    2,0    3,0   17,7  23:05     21
 30   12,9   14,7  00:00   12,0  23:56   17,4    0,0    0,2   10,4   30,6  10:15     22
 31   11,4   13,1  13:17   10,3  05:40   22,4    0,0    0,0    6,2   25,7  01:46     21
---------------------------------------------------------------------------------------
      16,0   27,3     01    8,1     04  249,7   17,9   57,2    4,6   48,3     15     14
    
Updated: 23/04/2020 12:30:00