Cerea. Verona, Italy

45° 11.88' N | 011° 10.98' E | 10 metri | Mostra sulla mappa

Tabelle Climatiche September 2019

25/05/2020 01:00:00 CEST

Stazione:Vantage Pro2
Software:WeeWX v4.0.0
Weewx uptime:0 giorni, 19 ore, 45 minuti
Server uptime:0 giorni, 19 ore, 45 minuti
                   MONTHLY CLIMATOLOGICAL SUMMARY for set 2019


NAME: Cerea. Verona, Italy                  
ELEV: 10 metri    LAT: 45-11.88 N    LONG: 011-10.98 E


                   TEMPERATURE (°C), RAIN (mm), WIND SPEED (km/h)

                                         HEAT   COOL         AVG
      MEAN                               DEG    DEG          WIND                   DOM
DAY   TEMP   HIGH   TIME    LOW   TIME   DAYS   DAYS   RAIN  SPEED   HIGH   TIME    DIR
---------------------------------------------------------------------------------------
 01   25,6   33,4  17:11   19,2  06:59    0,0   23,6    0,0    3,3   16,1  13:35    241
 02   23,3   27,8  17:46   19,2  12:44    0,0   16,1    9,2    6,0   48,3  11:37     13
 03   23,1   27,9  15:43   18,4  06:49    0,0   15,3    0,0    9,3   29,0  10:58     81
 04   22,2   28,3  16:47   17,2  06:47    0,0   12,5    0,0    5,7   24,1  09:44     32
 05   22,7   29,4  15:31   15,5  07:05    0,0   14,3    0,0    4,8   22,5  17:28     67
 06   18,3   22,0  01:57   16,4  23:47    0,1    0,0   50,8   10,9   43,5  10:30      8
 07   19,3   25,3  16:58   15,9  02:36    0,0    3,0    0,0    6,4   24,1  10:51      3
 08   18,6   22,5  14:32   15,2  23:56    0,0    0,8    0,0    7,4   32,2  20:25     16
 09   18,4   25,1  17:08   13,1  07:02    0,0    0,1    0,0    6,2   24,1  07:57      3
 10   19,5   24,5  16:55   14,9  06:19    0,0    3,7    0,0   11,4   33,8  08:53     22
 11   20,0   27,3  16:25   12,8  06:44    0,0    5,4    0,0    2,8   17,7  11:49      4
 12   21,6   29,2  17:19   14,3  05:51    0,0   10,7    0,0    2,4   14,5  12:03      7
 13   22,9   30,2  16:29   16,7  04:34    0,0   14,8    0,0    2,8   16,1  06:48     19
 14   22,6   29,4  17:01   16,4  06:05    0,0   13,7    0,0    3,8   17,7  12:00     22
 15   23,0   29,6  16:53   17,4  04:41    0,0   15,2    0,0    2,9   16,1  15:13     15
 16   23,1   30,1  16:15   17,2  06:39    0,0   15,4    0,0    2,4   17,7  13:47     10
 17   23,8   30,3  16:28   19,4  03:01    0,0   17,7    0,0    3,0   17,7  20:53     14
 18   21,6   26,3  12:46   17,7  19:59    0,0   10,6    1,6    9,5   40,2  14:42     22
 19   17,8   22,3  16:46   13,9  03:25    1,6    0,0    8,8   10,4   35,4  00:53     22
 20   17,0   20,8  15:56   12,4  23:31    4,3    0,0    0,0   11,0   35,4  08:05     23
 21   16,3   23,1  17:16   10,4  07:09    6,6    0,0    0,0    4,2   19,3  10:00     16
 22   16,0   18,7  16:38   14,1  02:54    7,5    0,0    0,4    3,9   16,1  07:31     17
 23   15,5   16,8  16:52   14,4  06:23    9,3    0,0    6,8    4,0   16,1  14:50      2
 24   18,6   25,9  16:33   11,6  07:20    0,0    0,8    0,0    3,6   17,7  11:14      3
 25   18,1   22,5  15:36   14,8  03:18    0,7    0,0    0,2    3,9   20,9  23:28     15
 26   19,2   24,9  16:19   14,8  06:43    0,0    2,8    0,0    2,4   16,1  00:00      8
 27   20,0   25,7  16:05   15,4  07:31    0,0    5,4    0,0    3,2   16,1  20:04     11
 28   21,1   27,4  15:30   16,7  05:15    0,0    8,8    0,0    3,0   17,7  14:48      3
 29   20,5   27,3  16:44   13,8  07:40    0,0    6,9    0,0    3,9   20,9  16:45      0
 30   21,4   28,4  16:58   15,7  07:02    0,0   10,1    0,0    6,2   24,1  11:58      4
---------------------------------------------------------------------------------------
      20,4   33,4     01   10,4     21   30,1  227,6   77,8    5,4   48,3     02     17
    
Updated: 23/04/2020 12:30:00