Cerea. Verona, Italy

45° 11.88' N | 011° 10.98' E | 10 metri | Mostra sulla mappa

Tabelle Climatiche August 2019

25/05/2020 00:30:00 CEST

Stazione:Vantage Pro2
Software:WeeWX v4.0.0
Weewx uptime:0 giorni, 19 ore, 15 minuti
Server uptime:0 giorni, 19 ore, 15 minuti
                   MONTHLY CLIMATOLOGICAL SUMMARY for ago 2019


NAME: Cerea. Verona, Italy                  
ELEV: 10 metri    LAT: 45-11.88 N    LONG: 011-10.98 E


                   TEMPERATURE (°C), RAIN (mm), WIND SPEED (km/h)

                                         HEAT   COOL         AVG
      MEAN                               DEG    DEG          WIND                   DOM
DAY   TEMP   HIGH   TIME    LOW   TIME   DAYS   DAYS   RAIN  SPEED   HIGH   TIME    DIR
---------------------------------------------------------------------------------------
 01   27,3   34,0  16:42   20,3  06:29    0,0   29,1    0,0    3,8   22,5  16:33     98
 02   23,9   30,2  13:25   17,8  16:40    0,0   17,9   20,2    9,7   69,2  16:18     59
 03   23,8   31,2  17:28   17,0  06:25    0,0   17,8    0,0    4,7   19,3  13:35    246
 04   25,0   31,2  16:17   19,6  05:58    0,0   21,7    0,0    8,6   27,4  10:50     99
 05   26,4   32,8  17:44   20,5  06:03    0,0   26,1    0,0    6,1   20,9  20:23     87
 06   27,1   32,9  17:22   21,1  05:54    0,0   28,5    0,0    6,8   37,0  23:48     97
 07   25,0   31,2  15:08   19,9  05:28    0,0   21,5    4,4    9,1   48,3  00:42     57
 08   25,7   32,6  16:36   20,1  03:43    0,0   23,9    0,0    4,3   25,7  00:34    311
 09   27,8   33,7  15:38   21,6  05:42    0,0   30,6    0,0    4,6   22,5  00:11     66
 10   29,4   36,1  17:31   23,4  06:34    0,0   35,8    0,0    4,3   17,7  12:07    112
 11   28,5   34,0  15:41   22,9  06:15    0,0   33,1    0,0    7,9   27,4  14:37     97
 12   26,9   31,9  12:15   22,6  23:08    0,0   27,8    1,4    8,4   33,8  20:49     60
 13   25,8   32,4  15:23   20,3  06:35    0,0   24,3    0,0    4,3   17,7  18:17    288
 14   23,8   28,6  15:32   19,8  06:17    0,0   17,7    0,0    8,8   33,8  04:13     82
 15   24,5   30,4  17:00   18,9  06:38    0,0   19,9    0,0    6,0   20,9  08:05     90
 16   23,5   29,3  15:22   17,3  06:33    0,0   16,6    0,8    7,2   46,7  01:44     86
 17   24,3   31,1  16:47   17,4  06:14    0,0   19,4    0,0    4,1   16,1  11:56     73
 18   25,9   32,7  16:45   19,3  06:05    0,0   24,4    0,0    4,4   24,1  19:18     90
 19   27,3   33,8  17:10   21,2  05:43    0,0   29,0    0,0    4,7   16,1  15:39     79
 20   27,6   33,4  16:12   22,4  05:53    0,0   29,9    0,0    7,7   22,5  13:47     87
 21   26,8   33,2  15:26   20,1  06:38    0,0   27,5    0,0    6,8   35,4  21:08     59
 22   24,9   29,7  16:32   22,2  06:04    0,0   21,4    0,0    6,3   25,7  00:00     74
 23   24,4   29,2  17:40   20,0  05:41    0,0   19,5    0,6    4,9   25,7  16:58     70
 24   25,4   32,4  16:23   21,2  18:32    0,0   22,8   12,8    5,3   61,2  18:03      0
 25   25,5   31,9  17:34   19,7  06:21    0,0   23,4    0,0    3,5   17,7  13:23      6
 26   26,9   32,3  14:06   22,1  05:37    0,0   27,8    0,0    4,6   22,5  16:19     40
 27   26,8   32,8  15:35   20,2  06:16    0,0   27,4    0,0    3,6   14,5  14:14     91
 28   26,1   33,0  15:07   22,4  23:59    0,0   25,1    0,0    6,5   37,0  17:16    288
 29   26,0   33,4  17:01   19,6  06:43    0,0   24,7    0,0    6,1   20,9  00:00    276
 30   27,1   33,3  15:18   20,9  05:32    0,0   28,4    0,0    4,2   22,5  14:40     81
 31   25,8   33,9  15:53   21,3  04:58    0,0   24,1    2,2    5,3   48,3  17:29     20
---------------------------------------------------------------------------------------
      26,0   36,1     10   17,0     03    0,0  767,1   42,4    5,9   69,2     02     72
    
Updated: 23/04/2020 12:30:00