Cerea. Verona, Italy

45° 11.88' N | 011° 10.98' E | 10 metri | Mostra sulla mappa

Tabelle Climatiche July 2019

25/05/2020 00:00:00 CEST

Stazione:Vantage Pro2
Software:WeeWX v4.0.0
Weewx uptime:0 giorni, 18 ore, 45 minuti
Server uptime:0 giorni, 18 ore, 45 minuti
                   MONTHLY CLIMATOLOGICAL SUMMARY for lug 2019


NAME: Cerea. Verona, Italy                  
ELEV: 10 metri    LAT: 45-11.88 N    LONG: 011-10.98 E


                   TEMPERATURE (°C), RAIN (mm), WIND SPEED (km/h)

                                         HEAT   COOL         AVG
      MEAN                               DEG    DEG          WIND                   DOM
DAY   TEMP   HIGH   TIME    LOW   TIME   DAYS   DAYS   RAIN  SPEED   HIGH   TIME    DIR
---------------------------------------------------------------------------------------
 01   29,1   36,7  16:16   21,0  05:45    0,0   34,9    0,0    5,6   35,4  19:24    111
 02   28,7   35,6  17:01   20,8  05:36    0,0   33,6    0,0    6,2   49,9  22:15     46
 03   26,9   35,9  16:00   21,2  23:39    0,0   27,8    6,4    8,0   46,7  18:19     71
 04   26,0   32,7  16:37   19,3  06:07    0,0   25,0    0,2    4,6   19,3  00:33    150
 05   28,2   35,2  17:25   21,2  05:33    0,0   32,0    0,0    5,4   27,4  14:54    267
 06   29,7   35,2  17:46   22,8  05:38    0,0   36,7    0,0    6,1   30,6  23:13    243
 07   26,8   33,6  17:36   21,8  23:27    0,0   27,4    0,0    7,8   51,5  18:11    237
 08   27,0   34,2  17:13   20,3  04:31    0,0   28,2    0,0    5,9   40,2  22:41     82
 09   23,6   27,2  12:52   20,8  03:52    0,0   17,1    0,4   10,3   38,6  01:13     61
 10   24,1   29,2  17:01   19,5  23:56    0,0   18,7    0,0   11,9   41,8  08:03     76
 11   23,8   28,2  17:49   19,3  00:15    0,0   17,8    0,0    5,5   20,9  07:54     96
 12   24,2   31,8  17:29   17,6  05:58    0,0   19,0    0,0    6,9   37,0  19:05     80
 13   23,6   30,8  15:11   17,7  23:59    0,0   17,0    1,4    8,5   51,5  20:44     72
 14   23,2   30,1  16:23   14,2  05:25    0,0   15,8    0,0    7,4   25,7  16:30    111
 15   21,3   26,1  15:17   18,3  10:09    0,0    9,5    1,2    8,8   30,6  07:20     39
 16   24,1   30,8  15:26   16,2  06:04    0,0   18,6    0,0    5,0   22,5  17:26    282
 17   25,4   33,3  17:06   16,1  05:55    0,0   23,0    0,0    4,3   22,5  14:29    205
 18   24,8   30,2  16:41   21,1  00:49    0,0   21,0    0,0    6,8   27,4  05:41     62
 19   26,1   32,7  16:59   19,4  05:44    0,0   25,2    0,0    4,8   22,5  16:07    118
 20   27,6   34,3  17:03   19,7  06:19    0,0   30,0    0,0    4,7   19,3  17:57    156
 21   28,3   34,8  16:14   21,6  05:59    0,0   32,3    0,0    5,7   24,1  16:11    343
 22   29,1   34,9  16:56   23,7  05:42    0,0   34,8    0,0    4,4   17,7  00:00     77
 23   29,7   36,6  16:27   23,1  06:08    0,0   36,8    0,0    4,2   17,7  13:57    118
 24   30,5   37,7  17:37   22,8  05:42    0,0   39,4    0,0    4,0   19,3  21:12    186
 25   30,8   37,8  17:22   23,8  06:20    0,0   40,4    0,0    5,5   17,7  18:19    111
 26   30,7   37,4  17:43   24,2  05:58    0,0   40,0    0,0    6,7   41,8  21:44    199
 27   25,2   33,3  14:25   19,1  23:44    0,0   22,1   11,2    6,3   38,6  15:36     73
 28   21,0   24,7  17:40   19,1  00:06    0,0    8,8    4,2    6,8   30,6  11:30     24
 29   26,2   31,6  18:01   21,2  06:21    0,0   25,4    0,0    4,7   19,3  01:44    137
 30   27,6   34,1  17:11   21,0  06:18    0,0   30,1    0,0    3,9   19,3  16:11    172
 31   27,1   33,7  14:37   23,3  04:44    0,0   28,5    0,0    8,5   38,6  16:29     79
---------------------------------------------------------------------------------------
      26,5   37,8     25   14,2     14    0,0  816,8   25,0    6,3   51,5     07     84
    
Updated: 23/04/2020 12:30:00