Cerea. Verona, Italy

45° 11.88' N | 011° 10.98' E | 10 metri | Mostra sulla mappa

Tabelle Climatiche June 2019

24/05/2020 23:30:00 CEST

Stazione:Vantage Pro2
Software:WeeWX v4.0.0
Weewx uptime:0 giorni, 18 ore, 15 minuti
Server uptime:0 giorni, 18 ore, 15 minuti
                   MONTHLY CLIMATOLOGICAL SUMMARY for giu 2019


NAME: Cerea. Verona, Italy                  
ELEV: 10 metri    LAT: 45-11.88 N    LONG: 011-10.98 E


                   TEMPERATURE (°C), RAIN (mm), WIND SPEED (km/h)

                                         HEAT   COOL         AVG
      MEAN                               DEG    DEG          WIND                   DOM
DAY   TEMP   HIGH   TIME    LOW   TIME   DAYS   DAYS   RAIN  SPEED   HIGH   TIME    DIR
---------------------------------------------------------------------------------------
 01   22,5   29,5  16:46   13,6  04:58    0,0   13,4    0,0    5,6   22,5  17:15    281
 02   24,8   31,3  15:45   16,6  05:53    0,0   20,9    0,0    5,0   24,1  16:00    175
 03   25,6   32,2  16:42   18,6  05:42    0,0   23,7    0,0    4,1   17,7  13:42    147
 04   25,7   32,8  17:10   18,1  05:51    0,0   24,0    0,0    3,8   17,7  14:17    152
 05   24,4   31,3  16:18   19,2  05:56    0,0   19,6    0,0    7,7   29,0  19:22     88
 06   21,6   27,2  15:09   18,3  23:59    0,0   10,7    1,2    9,2   30,6  08:48     65
 07   22,3   28,4  17:19   15,1  05:58    0,0   13,0    0,0    6,4   30,6  18:29    100
 08   24,8   31,5  17:28   18,1  04:41    0,0   20,8    0,0    5,3   22,5  02:03    120
 09   25,0   30,4  14:57   19,1  04:53    0,0   21,6    0,0    7,6   37,0  11:07     88
 10   25,4   30,4  15:57   21,4  05:15    0,0   22,9    0,0   10,7   37,0  17:00     79
 11   26,2   31,3  16:03   21,7  06:27    0,0   25,5    0,0    9,0   32,2  16:01     92
 12   27,2   33,5  16:05   21,9  06:09    0,0   28,8    0,0    8,3   25,7  14:06    116
 13   25,3   31,8  16:35   17,3  05:49    0,0   22,5    0,0    8,0   29,0  10:10    268
 14   25,0   31,4  14:09   16,8  04:46    0,0   21,7    0,0    9,0   37,0  15:36     84
 15   27,6   33,1  17:22   20,7  06:21    0,0   30,0    0,0    6,9   24,1  15:45    252
 16   26,7   33,8  16:38   20,5  06:07    0,0   27,2    0,0   10,3   30,6  09:48    275
 17   26,3   31,9  15:41   19,5  01:29    0,0   25,9    0,0    9,3   33,8  09:19     89
 18   26,9   33,5  16:06   20,2  04:54    0,0   27,8    0,0    4,2   16,1  13:08    117
 19   28,0   34,6  16:45   21,9  06:08    0,0   31,5    0,0    7,0   27,4  15:27    231
 20   27,7   33,8  16:07   21,2  06:05    0,0   30,4    0,0    5,4   25,7  17:16    243
 21   27,6   34,2  17:20   21,3  06:57    0,0   29,9    0,0    5,4   20,9  09:12     59
 22   23,0   25,4  18:20   20,2  23:33    0,0   15,0   10,4   11,5   43,5  13:14     62
 23   24,9   32,3  17:01   17,2  05:53    0,0   21,3    0,0    4,6   22,5  12:47    283
 24   27,0   33,7  16:04   20,0  04:10    0,0   28,1    0,0    4,4   22,5  19:45    117
 25   28,7   35,5  16:16   21,4  05:57    0,0   33,7    0,0    3,5   17,7  14:02     95
 26   30,4   37,1  17:25   23,8  05:30    0,0   39,0    0,0    4,1   16,1  08:21     74
 27   31,6   39,0  17:04   23,7  05:42    0,0   43,0    0,0    6,3   27,4  14:40    265
 28   31,0   35,9  15:51   27,0  04:48    0,0   41,0    0,0   11,0   38,6  10:49     91
 29   28,8   34,3  15:19   23,5  23:59    0,0   34,0    0,0   10,1   38,6  09:29    108
 30   29,1   37,1  17:14   20,8  05:15    0,0   34,9    0,0    3,5   19,3  15:46    124
---------------------------------------------------------------------------------------
      26,4   39,0     27   13,6     01    0,0  781,6   11,6    6,9   43,5     22     95
    
Updated: 23/04/2020 12:30:00