Cerea. Verona, Italy

45° 11.88' N | 011° 10.98' E | 10 metri | Mostra sulla mappa

Tabelle Climatiche May 2019

25/05/2020 01:30:00 CEST

Stazione:Vantage Pro2
Software:WeeWX v4.0.0
Weewx uptime:0 giorni, 20 ore, 15 minuti
Server uptime:0 giorni, 20 ore, 15 minuti
                   MONTHLY CLIMATOLOGICAL SUMMARY for mag 2019


NAME: Cerea. Verona, Italy                  
ELEV: 10 metri    LAT: 45-11.88 N    LONG: 011-10.98 E


                   TEMPERATURE (°C), RAIN (mm), WIND SPEED (km/h)

                                         HEAT   COOL         AVG
      MEAN                               DEG    DEG          WIND                   DOM
DAY   TEMP   HIGH   TIME    LOW   TIME   DAYS   DAYS   RAIN  SPEED   HIGH   TIME    DIR
---------------------------------------------------------------------------------------
 01   17,6   24,6  16:28    9,9  06:37    2,4    0,0    0,0    5,0   20,9  12:59    244
 02   17,2   24,2  16:07   10,1  03:35    3,6    0,0    0,0    6,1   25,7  16:15    246
 03   15,4   19,6  15:52   12,6  23:42    9,5    0,0    3,8    8,1   30,6  12:57    230
 04   14,6   19,8  14:22   12,2  04:20   12,2    0,0    1,4    7,2   29,0  17:59     74
 05    9,0   13,2  00:11    7,2  19:58   30,2    0,0   59,6   15,7   77,2  11:53     34
 06   11,7   18,2  16:44    7,1  01:14   21,6    0,0    2,2    7,9   27,4  10:56    253
 07   13,4   20,4  16:22    7,3  06:19   16,0    0,0    0,0    7,1   25,7  10:23     98
 08   12,3   15,8  14:49    9,8  02:34   19,5    0,0    7,4    5,8   20,9  23:52     62
 09   14,5   20,8  17:13   10,6  07:00   12,5    0,0    9,0    7,5   27,4  14:46    311
 10   17,3   23,9  17:05   11,7  02:41    3,4    0,0    0,0    7,8   24,1  09:27     95
 11   16,1   21,9  14:26   10,9  20:42    7,1    0,0   15,8    9,0   66,0  20:22     58
 12   11,8   13,6  15:16   10,4  05:35   21,1    0,0   17,2    8,2   40,2  17:10      0
 13   14,3   18,0  12:20   11,5  00:44   13,1    0,0    1,8    4,5   24,1  15:16     67
 14   13,4   17,2  13:30    7,7  23:56   16,1    0,0    0,0   10,5   43,5  12:53    100
 15   10,0   15,2  16:21    6,3  03:15   27,1    0,0    5,4    3,9   19,3  15:39     33
 16   14,0   20,4  15:49    6,9  05:34   14,0    0,0    0,0    4,5   17,7  12:08    172
 17   15,3   20,3  15:46    9,6  05:35    9,7    0,0    0,0    9,7   33,8  18:09    102
 18   14,0   16,7  11:34   12,1  05:23   14,0    0,0    4,0   14,9   46,7  12:17     49
 19   13,7   15,9  14:55   12,5  06:08   15,1    0,0   10,6   10,2   30,6  14:16     39
 20   14,5   18,1  13:46   12,9  05:48   12,4    0,0   19,2    5,1   25,7  13:09    252
 21   16,9   22,2  15:46   12,7  05:58    4,6    0,0    0,6    6,1   24,1  10:33    348
 22   18,6   24,8  16:58   12,6  05:46    0,0    1,0    0,0    3,8   22,5  12:45     23
 23   20,1   26,0  17:04   14,8  05:34    0,0    5,6    0,8    3,9   19,3  00:19    205
 24   21,0   27,4  16:50   15,5  05:16    0,0    8,7    0,0    5,6   20,9  08:05    102
 25   18,9   25,7  13:53   15,7  16:07    0,0    1,7   38,8    7,6   61,2  15:49     53
 26   19,0   22,7  14:57   15,5  03:48    0,0    2,1    0,2    7,9   25,7  11:12     84
 27   15,8   17,9  00:00   14,6  08:07    8,3    0,0    7,2   11,0   37,0  13:27     54
 28   17,2   22,9  15:03   14,6  03:42    3,7    0,0   13,0    7,9   32,2  17:05    275
 29   15,4   18,7  15:50   13,2  02:09    9,6    0,0    4,6    6,4   35,4  16:43     22
 30   17,1   23,6  14:23   11,3  05:56    4,0    0,0    0,2    5,1   25,7  16:15    165
 31   19,7   25,9  16:15   12,7  05:56    0,0    4,5    0,0    5,1   24,1  15:15    259
---------------------------------------------------------------------------------------
      15,5   27,4     24    6,3     15  310,8   23,6  222,8    7,4   77,2     05     58
    
Updated: 23/04/2020 12:30:00