Cerea. Verona, Italy

45° 11.88' N | 011° 10.98' E | 10 metri | Mostra sulla mappa

Tabelle Climatiche April 2019

25/05/2020 01:00:00 CEST

Stazione:Vantage Pro2
Software:WeeWX v4.0.0
Weewx uptime:0 giorni, 19 ore, 45 minuti
Server uptime:0 giorni, 19 ore, 45 minuti
                   MONTHLY CLIMATOLOGICAL SUMMARY for apr 2019


NAME: Cerea. Verona, Italy                  
ELEV: 10 metri    LAT: 45-11.88 N    LONG: 011-10.98 E


                   TEMPERATURE (°C), RAIN (mm), WIND SPEED (km/h)

                                         HEAT   COOL         AVG
      MEAN                               DEG    DEG          WIND                   DOM
DAY   TEMP   HIGH   TIME    LOW   TIME   DAYS   DAYS   RAIN  SPEED   HIGH   TIME    DIR
---------------------------------------------------------------------------------------
 01   15,6   23,8  15:19    6,7  06:45    8,8    0,0    0,0    6,3   32,2  10:10     91
 02   16,6   22,6  15:53   10,2  05:54    5,7    0,0    0,0    8,0   24,1  11:49     92
 03   14,4   20,3  14:02   11,4  05:43   12,7    0,0    0,6   10,5   41,8  14:54     86
 04   13,1   20,1  14:48    8,4  22:53   16,9    0,0   25,4   17,4   61,2  15:41    111
 05   10,6   15,9  17:25    8,2  08:53   24,9    0,0    5,6    8,1   27,4  02:09    280
 06   12,0   14,9  17:59   10,0  05:31   20,5    0,0    0,0    8,0   24,1  15:36     69
 07   12,2   18,2  14:33    8,4  05:23   19,8    0,0    0,0    8,1   29,0  11:59     77
 08   12,3   17,4  16:19    7,7  07:05   19,5    0,0    0,0    8,7   35,4  09:28    287
 09   14,2   19,6  14:24   10,9  07:22   13,4    0,0    0,0    6,2   24,1  14:53     43
 10   13,8   19,3  13:51    8,6  06:43   14,7    0,0    1,4    5,5   35,4  23:13     64
 11   12,0   14,8  15:43   10,9  23:09   20,6    0,0   16,2    9,1   45,1  16:23     54
 12   12,1   16,2  14:30    9,8  23:52   20,2    0,0    0,2    9,8   37,0  14:01     83
 13   10,8   13,8  17:43    9,5  07:40   24,3    0,0    0,0    4,7   16,1  06:44     63
 14   10,2   14,1  16:21    7,8  09:48   26,4    0,0    0,6   10,9   40,2  13:24     52
 15   13,6   19,3  15:03    8,9  06:36   15,4    0,0    0,0    4,7   27,4  13:31     24
 16   14,3   21,1  15:10    6,4  06:52   13,1    0,0    0,0    3,3   17,7  15:11    254
 17   15,3   23,2  16:00    7,4  06:19    9,8    0,0    0,0    2,6   20,9  12:45    290
 18   15,7   21,4  14:25   10,3  06:14    8,5    0,0    0,0    8,7   27,4  15:46     88
 19   16,6   22,6  15:58   10,8  06:49    5,7    0,0    0,0    6,8   24,1  13:45     78
 20   16,4   24,1  16:03    7,2  06:10    6,2    0,0    0,0    5,5   37,0  15:01    105
 21   17,0   24,7  13:57    8,4  06:38    4,3    0,0    0,0    6,6   30,6  17:34    108
 22   15,3   20,2  13:54   11,5  06:07    9,9    0,0    3,2   15,0   41,8  11:13     80
 23   13,0   13,8  09:42   12,3  05:18   17,3    0,0   28,2   16,7   43,5  14:02     49
 24   16,9   22,3  14:09   13,1  02:46    4,8    0,0    1,0    9,0   25,7  00:15     74
 25   16,6   21,4  13:43   13,1  03:18    5,5    0,0    4,6    9,6   74,0  19:25     75
 26   16,6   23,2  16:56   12,7  23:39    5,7    0,0    1,8    6,9   35,4  18:26     96
 27   16,1   23,2  16:48    8,6  06:33    7,1    0,0    0,0    6,5   24,1  14:43    252
 28   12,3   15,0  16:05    9,1  23:40   19,5    0,0    8,0    9,7   46,7  10:43     60
 29   10,7   16,1  16:56    7,9  06:06   24,6    0,0    4,0    9,7   41,8  08:54    340
 30   15,2   22,4  16:59    8,1  07:26   10,3    0,0    0,0    6,6   22,5  09:16    253
---------------------------------------------------------------------------------------
      14,1   24,7     21    6,4     16  416,0    0,0  100,8    8,3   74,0     25     71
    
Updated: 23/04/2020 12:30:00