Cerea. Verona, Italy

45° 11.88' N | 011° 10.98' E | 10 metri | Mostra sulla mappa

Tabelle Climatiche March 2019

25/05/2020 00:15:00 CEST

Stazione:Vantage Pro2
Software:WeeWX v4.0.0
Weewx uptime:0 giorni, 19 ore, 0 minuti
Server uptime:0 giorni, 19 ore, 0 minuti
                   MONTHLY CLIMATOLOGICAL SUMMARY for mar 2019


NAME: Cerea. Verona, Italy                  
ELEV: 10 metri    LAT: 45-11.88 N    LONG: 011-10.98 E


                   TEMPERATURE (°C), RAIN (mm), WIND SPEED (km/h)

                                         HEAT   COOL         AVG
      MEAN                               DEG    DEG          WIND                   DOM
DAY   TEMP   HIGH   TIME    LOW   TIME   DAYS   DAYS   RAIN  SPEED   HIGH   TIME    DIR
---------------------------------------------------------------------------------------
 01    8,9   14,8  16:15    4,3  07:17   30,7    0,0    0,0    4,6   22,5  04:37     68
 02    9,2   17,7  14:29    0,9  07:44   29,5    0,0    0,0    2,8   16,1  22:43    138
 03   10,0   18,7  15:10    2,2  06:40   27,1    0,0    0,0    2,2   16,1  13:02    154
 04    7,9   14,7  15:27    3,4  05:44   33,9    0,0    0,2    7,1   27,4  16:35     73
 05    8,5   16,3  16:52    4,6  06:07   31,9    0,0    0,2    5,2   22,5  01:08    249
 06    9,7   16,7  14:38    3,4  03:51   27,9    0,0    0,0    5,9   24,1  06:08     83
 07   11,6   16,7  15:51    7,4  23:58   21,8    0,0    0,0   11,6   40,2  10:09     60
 08   12,1   19,7  16:11    4,3  07:26   20,3    0,0    0,2    7,1   30,6  12:06    249
 09   11,9   19,1  15:05    3,9  06:30   20,9    0,0    0,0    6,9   27,4  13:13    260
 10   11,2   17,9  16:12    5,0  06:59   23,2    0,0    0,0    3,7   17,7  13:28    318
 11   11,3   20,1  13:59    5,4  07:08   22,9    0,0    0,0   10,5   59,5  13:53    335
 12    9,1   16,4  13:23    0,7  06:27   29,9    0,0    0,0    8,4   35,4  11:09    275
 13    5,7   10,2  16:04    2,0  05:25   40,8    0,0    0,0    3,9   25,7  11:21    117
 14    6,7   15,3  14:40   -1,9  07:12   37,8    0,0    0,0    5,3   29,0  13:33    266
 15    9,7   18,7  16:11    1,6  06:04   28,0    0,0    0,0    4,0   22,5  18:41     82
 16   11,8   19,8  15:48    4,3  06:51   21,3    0,0    0,0    5,2   22,5  19:16     71
 17   12,8   17,6  13:17    5,5  05:56   18,1    0,0    0,0    4,0   22,5  00:34     91
 18   10,0   13,5  14:55    5,5  23:54   27,1    0,0    1,4    9,4   32,2  11:46     84
 19    8,6   14,0  14:27    3,9  03:27   31,4    0,0    0,0    9,3   33,8  12:20     69
 20    9,4   14,3  15:26    4,3  05:54   28,9    0,0    0,0    9,1   35,4  08:55     60
 21   10,1   16,4  15:16    4,1  06:04   26,8    0,0    0,0    6,3   30,6  10:18     60
 22   11,3   20,2  15:57    1,9  06:19   22,8    0,0    0,0    2,9   16,1  12:26    297
 23   13,7   23,1  15:48    4,4  06:22   14,9    0,0    0,0    3,1   14,5  12:22    291
 24   15,1   24,4  15:58    6,1  06:23   10,5    0,0    0,0    4,4   24,1  14:17    255
 25   14,9   23,2  15:30    5,9  04:52   11,2    0,0    0,0    7,3   59,5  21:50     39
 26   10,4   16,3  13:48    6,2  02:41   25,6    0,0    0,6   11,8   49,9  01:00     84
 27   10,2   15,6  13:13    5,2  01:42   26,4    0,0    0,0   10,0   41,8  13:49     74
 28   11,0   16,5  16:03    5,9  05:47   23,6    0,0    0,0    9,8   38,6  12:35     73
 29   12,1   18,7  15:45    4,6  06:02   20,3    0,0    0,0    5,8   29,0  12:06     70
 30   12,6   21,4  16:08    5,1  06:25   18,7    0,0    0,0    3,2   17,7  13:40    253
 31   13,9   22,9  16:53    3,7  06:24   14,4    0,0    0,0    2,9   16,1  15:26    226
---------------------------------------------------------------------------------------
      10,7   24,4     24   -1,9     14  768,5    0,0    2,6    6,3   59,5     11     60
    
Updated: 23/04/2020 12:30:00