Cerea. Verona, Italy

45° 11.88' N | 011° 10.98' E | 10 metri | Mostra sulla mappa

Tabelle Climatiche February 2019

25/05/2020 00:00:00 CEST

Stazione:Vantage Pro2
Software:WeeWX v4.0.0
Weewx uptime:0 giorni, 18 ore, 45 minuti
Server uptime:0 giorni, 18 ore, 45 minuti
                   MONTHLY CLIMATOLOGICAL SUMMARY for feb 2019


NAME: Cerea. Verona, Italy                  
ELEV: 10 metri    LAT: 45-11.88 N    LONG: 011-10.98 E


                   TEMPERATURE (°C), RAIN (mm), WIND SPEED (km/h)

                                         HEAT   COOL         AVG
      MEAN                               DEG    DEG          WIND                   DOM
DAY   TEMP   HIGH   TIME    LOW   TIME   DAYS   DAYS   RAIN  SPEED   HIGH   TIME    DIR
---------------------------------------------------------------------------------------
 01    4,1    6,5  14:44    2,8  05:50   46,2    0,0    5,6    8,1   30,6  02:14     47
 02    4,0    6,6  18:59    2,2  07:42   46,3    0,0   24,0    5,2   22,5  06:35    263
 03    5,6    8,2  14:24    3,4  02:52   41,4    0,0    4,4    5,5   20,9  01:37    274
 04    6,6   11,7  16:44    2,6  23:58   38,1    0,0    0,2    5,8   27,4  12:10     60
 05    4,2   11,3  15:43   -1,6  06:50   45,9    0,0    0,0    3,7   19,3  14:27    287
 06    4,7   12,9  15:38   -1,3  06:12   44,3    0,0    0,0    3,5   14,5  14:52    276
 07    4,2    9,9  14:52   -1,7  07:24   45,9    0,0    0,2    1,7   11,3  12:45    254
 08    6,1   12,8  14:48    0,8  06:45   39,6    0,0    0,0    3,0   14,5  12:25    272
 09    5,7   12,4  15:33   -0,6  07:47   40,8    0,0    0,0    2,8   16,1  15:19    242
 10    7,0    8,8  12:14    6,1  23:35   36,8    0,0    0,4    9,1   25,7  09:31     59
 11    7,4   12,4  14:43    3,3  07:48   35,5    0,0    0,0   12,0   45,1  02:00    288
 12    7,2   14,0  15:22    2,0  07:57   35,9    0,0    0,0   11,1   30,6  13:29    301
 13    6,9   12,7  14:40    2,4  23:58   37,1    0,0    0,0    5,7   22,5  00:00     68
 14    5,3   12,8  14:39   -0,5  04:55   42,3    0,0    0,0    2,6   17,7  13:30    312
 15    6,3   14,8  15:36   -1,1  06:56   39,0    0,0    0,0    2,9   17,7  16:38    111
 16    7,3   15,5  16:02    0,8  06:23   35,7    0,0    0,0    4,4   19,3  12:34    282
 17    7,2   16,7  15:29   -0,6  07:28   36,0    0,0    0,0    4,1   20,9  13:44    275
 18    7,1   16,9  15:29   -0,8  07:44   36,4    0,0    0,0    1,6   16,1  15:10    297
 19    5,9   15,0  15:34   -0,2  06:38   40,4    0,0    0,0    4,1   24,1  20:52     99
 20    6,3   11,8  15:29    2,1  02:11   39,0    0,0    0,0    2,7   12,9  12:53     15
 21    5,5   13,4  16:31    0,2  04:13   41,7    0,0    0,2    1,6   12,9  13:52    274
 22    7,2   16,5  12:13    0,0  07:51   36,2    0,0    0,2    4,8   35,4  10:25     40
 23    5,7    9,2  13:51    2,0  23:54   40,9    0,0    0,0   10,7   40,2  10:21    102
 24    5,0   10,7  16:30   -0,8  07:22   43,4    0,0    0,0    4,4   19,3  15:12    344
 25    7,2   15,7  16:16   -1,5  06:43   35,9    0,0    0,0    5,2   25,7  13:45    287
 26    9,7   18,7  16:09    3,2  06:34   28,0    0,0    0,0    4,6   17,7  13:50    256
 27   11,3   21,9  16:56    2,1  07:22   22,8    0,0    0,0    3,2   24,1  23:58    113
 28   10,4   18,3  15:39    3,0  06:30   25,7    0,0    0,0    5,1   25,7  00:38    353
---------------------------------------------------------------------------------------
       6,5   21,9     27   -1,7     07 1077,2    0,0   35,2    5,0   45,1     11    319
    
Updated: 23/04/2020 12:30:00