Cerea. Verona, Italy

45° 11.88' N | 011° 10.98' E | 10 metri | Mostra sulla mappa

Tabelle Climatiche January 2019

24/05/2020 23:30:00 CEST

Stazione:Vantage Pro2
Software:WeeWX v4.0.0
Weewx uptime:0 giorni, 18 ore, 15 minuti
Server uptime:0 giorni, 18 ore, 15 minuti
                   MONTHLY CLIMATOLOGICAL SUMMARY for gen 2019


NAME: Cerea. Verona, Italy                  
ELEV: 10 metri    LAT: 45-11.88 N    LONG: 011-10.98 E


                   TEMPERATURE (°C), RAIN (mm), WIND SPEED (km/h)

                                         HEAT   COOL         AVG
      MEAN                               DEG    DEG          WIND                   DOM
DAY   TEMP   HIGH   TIME    LOW   TIME   DAYS   DAYS   RAIN  SPEED   HIGH   TIME    DIR
---------------------------------------------------------------------------------------
 01    3,7    4,9  07:50    2,6  10:37   47,6    0,0    0,0    6,9   20,9  00:02    283
 02    2,4    5,6  23:34   -2,1  21:42   51,6    0,0    0,0    5,7   37,0  22:42    311
 03    1,3    5,7  00:48   -3,1  23:25   55,1    0,0    0,0    5,2   25,7  02:39    261
 04   -1,2    3,6  15:05   -5,3  06:21   63,3    0,0    0,0    2,3   17,7  07:58    181
 05   -1,4    2,2  15:17   -4,1  06:08   64,0    0,0    0,0    2,7   12,9  14:31    312
 06   -0,1    7,0  14:51   -4,7  07:37   59,7    0,0    0,2    3,2   17,7  13:38    137
 07    3,3    9,2  14:38   -0,8  02:04   48,8    0,0    0,0    5,9   19,3  03:11     72
 08   -0,2    1,2  15:10   -1,9  03:44   60,2    0,0    0,0    3,4   19,3  23:21    270
 09   -0,4    0,9  15:13   -3,0  23:23   60,7    0,0    0,2    5,1   22,5  09:28    280
 10    0,2    6,9  14:03   -3,6  06:12   58,6    0,0    0,0    2,1   16,1  20:13    191
 11    0,8    6,8  15:08   -4,3  06:45   56,8    0,0    0,0    2,8   14,5  04:18    122
 12   -0,2    3,3  15:15   -3,3  07:07   59,9    0,0    0,0    2,3   12,9  15:45    227
 13    1,4    6,5  15:01   -3,3  08:11   54,9    0,0    0,0    2,4    9,7  08:47    273
 14    4,0   10,7  15:21   -2,4  06:56   46,5    0,0    0,0    6,4   24,1  18:27    290
 15    3,8   11,4  15:26   -2,2  07:37   47,2    0,0    0,0    3,6   20,9  05:57    216
 16    3,4   10,9  15:33   -3,0  07:48   48,4    0,0    0,0    2,7   14,5  13:51    284
 17    4,9    7,6  14:48    0,9  02:01   43,4    0,0    0,6    5,7   19,3  08:35     54
 18    5,5    7,2  12:15    4,2  23:31   41,6    0,0    5,2    9,9   38,6  22:59     39
 19    4,0    6,1  14:05    0,9  21:27   46,5    0,0    0,2    7,8   32,2  00:00     54
 20    2,6    6,0  13:10   -0,6  08:42   51,0    0,0    0,0    1,8   11,3  14:09     23
 21    2,8    6,9  13:56    0,1  06:54   50,4    0,0    0,0    2,3   14,5  13:09    324
 22    2,6    7,6  14:14   -1,8  06:44   51,0    0,0    0,0    3,9   22,5  13:32    323
 23    1,7    3,2  13:43    0,3  06:08   53,9    0,0    0,8    9,2   38,6  20:05     77
 24    3,9    8,9  15:43   -0,2  23:54   46,7    0,0    0,0    7,5   30,6  03:57     19
 25    1,6    7,7  13:52   -2,7  08:00   54,2    0,0    0,0    3,1   14,5  12:36    289
 26   -0,8    3,5  16:04   -4,9  06:19   62,0    0,0    0,0    2,4   12,9  17:17     91
 27    1,0    4,2  14:09   -2,7  08:01   56,2    0,0    1,6    8,7   33,8  17:37     35
 28    2,1    4,3  15:11   -0,8  23:50   52,6    0,0    1,4    5,6   22,5  01:20    270
 29    1,3    6,8  16:24   -2,1  07:04   55,3    0,0    0,2    3,1   14,5  08:45    281
 30    3,2    6,3  13:00    0,4  04:18   49,0    0,0    1,8    8,7   29,0  12:47     59
 31    2,3    3,7  13:15    0,8  09:43   51,8    0,0    3,8    4,2   17,7  22:38    306
---------------------------------------------------------------------------------------
       1,9   11,4     15   -5,3     04 1649,0    0,0   16,0    4,7   38,6     18     19
    
Updated: 23/04/2020 12:30:00