Cerea. Verona, Italy

45° 11.88' N | 011° 10.98' E | 10 metri | Mostra sulla mappa

Tabelle Climatiche 2018

25/05/2020 00:30:00 CEST

Stazione:Vantage Pro2
Software:WeeWX v4.0.0
Weewx uptime:0 giorni, 19 ore, 15 minuti
Server uptime:0 giorni, 19 ore, 15 minuti
                     CLIMATOLOGICAL SUMMARY FOR 2018


NAME: Cerea. Verona, Italy                  
ELEV: 10 metri    LAT: 45-11.88 N    LONG: 011-10.98 E


                                       TEMPERATURE (°C)

                              HEAT    COOL                              MAX    MAX    MIN    MIN
          MEAN   MEAN         DEG     DEG                                >=     <=     <=     <=
 YR  MO   MAX    MIN    MEAN  DAYS    DAYS      HI  DAY     LOW  DAY     30      0      0    -20
------------------------------------------------------------------------------------------------
2018 01    9,7    2,5    5,7 1272,0    0,0    14,3   08    -1,5   03      0      0      5      0
2018 02    7,4    0,9    3,9 1310,1    0,0    12,1   24    -5,9   28      0      0     11      0
2018 03   11,2    4,0    7,3 1103,9    0,0    19,0   30    -3,8   01      0      1      4      0
2018 04   22,8   11,0   16,8  234,6   85,5    29,2   20     4,1   02      0      0      0      0
2018 05   26,1   15,1   20,3   59,2  256,7    31,6   31     9,3   16      5      0      0      0
2018 06   30,6   17,8   24,0    0,0  552,8    35,7   30    13,7   28     18      0      0      0
2018 07   32,4   20,1   26,0    0,0  771,2    36,8   31    17,4   17     27      0      0      0
2018 08   32,3   20,2   26,1    0,0  781,7    37,0   01    12,4   27     26      0      0      0
2018 09   27,9   16,2   21,5   38,3  346,4    32,4   12     6,9   27      8      0      0      0
2018 10   21,6   12,0   16,3  211,4    6,6    24,8   19     6,6   23      0      0      0      0
2018 11   13,7    8,4   10,8  735,4    0,0    19,7   04     0,2   19      0      0      0      0
2018 12    6,3   -0,3    2,8 1564,6    0,0    13,8   10    -4,3   15      0      0     16      0
------------------------------------------------------------------------------------------------
          20,2   10,7   15,2 6529,4 2800,9    37,0  ago    -5,9  feb     84      1     36      0


                  PRECIPITATION (mm)

                  MAX         ---DAYS OF RAIN---
                  OBS.               OVER
 YR  MO  TOTAL    DAY  DATE   0.30   3.00  30.00
------------------------------------------------
2018 01   20,7    8,3    01      7      2      0
2018 02   52,2   12,0    02     11      6      0
2018 03  103,7   18,5    18     14      9      0
2018 04   32,6    7,4    04      9      5      0
2018 05   83,2   34,2    11     12      5      1
2018 06   78,8   27,4    08      9      5      0
2018 07   48,4   24,8    16      9      4      0
2018 08   85,0   23,0    31      9      6      0
2018 09   36,4   16,4    01      5      4      0
2018 10  104,8   32,2    29      7      5      1
2018 11  139,8   72,0    05     13      7      1
2018 12   20,8    7,8    20      8      3      0
------------------------------------------------
         806,4   72,0   nov    113     61      3


           WIND SPEED (km/h)

                                DOM
 YR  MO    AVG     HI   DATE    DIR
-----------------------------------
2018 01    4,4   58,7     17    306 
2018 02    5,1   38,2     25    357 
2018 03    6,2   46,1     19    357 
2018 04    6,7   43,5     27     75 
2018 05    6,2   45,1     11     33 
2018 06    6,4   62,8     27     47 
2018 07    6,0   69,2     16     80 
2018 08    5,2   49,9     09     63 
2018 09    4,7   53,1     24     58 
2018 10    6,1   66,0     29     70 
2018 11    6,2   54,7     19     41 
2018 12    4,4   45,1     10    297 
-----------------------------------
           5,6   69,2    lug     35

Updated: 23/04/2020 12:30:00