Cerea. Verona, Italy

45° 11.88' N | 011° 10.98' E | 10 metri | Mostra sulla mappa

Tabelle Climatiche December 2018

25/05/2020 01:30:00 CEST

Stazione:Vantage Pro2
Software:WeeWX v4.0.0
Weewx uptime:0 giorni, 20 ore, 15 minuti
Server uptime:0 giorni, 20 ore, 15 minuti
                   MONTHLY CLIMATOLOGICAL SUMMARY for dic 2018


NAME: Cerea. Verona, Italy                  
ELEV: 10 metri    LAT: 45-11.88 N    LONG: 011-10.98 E


                   TEMPERATURE (°C), RAIN (mm), WIND SPEED (km/h)

                                         HEAT   COOL         AVG
      MEAN                               DEG    DEG          WIND                   DOM
DAY   TEMP   HIGH   TIME    LOW   TIME   DAYS   DAYS   RAIN  SPEED   HIGH   TIME    DIR
---------------------------------------------------------------------------------------
 01    3,1    6,8  15:07    0,1  07:59   49,2    0,0    0,0    3,5   12,9  06:43    266
 02    3,0    5,8  15:07    0,1  06:56   49,5    0,0    0,2    3,7   16,1  16:22    256
 03    6,7   10,1  14:29    5,4  00:57   37,5    0,0    0,0    2,7   14,5  12:30    268
 04    3,8    6,7  00:00    0,6  23:58   47,2    0,0    0,0    2,9   16,1  06:51    279
 05    5,7   11,8  13:23   -0,6  07:40   41,0    0,0    0,2    5,1   22,5  14:00     64
 06    7,9    9,2  00:00    4,6  22:28   33,9    0,0    1,0    5,0   25,7  01:46    357
 07    4,9    6,4  15:07    2,8  06:26   43,7    0,0    1,0    3,1   14,5  21:48    293
 08    7,6   12,1  15:01    3,3  23:52   34,9    0,0    4,2    6,3   27,4  04:25    350
 09    5,9   11,4  13:33    1,3  04:25   40,3    0,0    0,6    7,9   40,2  22:51    299
 10    7,5   13,8  14:51    1,9  00:00   35,2    0,0    0,0    8,1   45,1  01:13    275
 11    4,0   10,9  14:21   -0,2  07:13   46,4    0,0    0,0    4,0   17,7  03:04    276
 12    1,6    8,3  13:18   -3,7  07:51   54,1    0,0    0,0    2,1   12,9  00:00    197
 13    2,4    6,2  12:15   -1,9  01:27   51,7    0,0    0,0    9,8   35,4  11:49     54
 14    1,8    6,7  13:38   -2,1  07:51   53,6    0,0    0,0    4,0   16,1  12:17    345
 15   -0,2    5,4  15:03   -4,3  07:42   60,2    0,0    0,0    3,6   20,9  14:18    277
 16    0,4    2,4  14:08   -3,1  00:13   58,0    0,0    0,0    2,6   11,3  07:19     49
 17    2,0    5,8  15:07    0,2  23:59   52,9    0,0    3,4    6,7   22,5  10:59    285
 18   -1,3    0,2  00:00   -2,7  08:57   63,7    0,0    0,2    3,4   14,5  02:11    274
 19    0,2    3,2  23:41   -2,6  04:10   58,6    0,0    0,8    3,3   32,2  20:47    336
 20    3,3    5,9  14:53    2,3  06:22   48,8    0,0    7,8    7,8   20,9  00:55    274
 21    1,8    2,8  20:06    0,3  07:13   53,7    0,0    0,0    4,4   16,1  00:10    269
 22    3,4    6,3  14:57   -0,6  23:59   48,5    0,0    0,0    1,6   11,3  12:08    306
 23    1,2    3,8  15:39   -2,2  05:54   55,6    0,0    0,2    2,8   14,5  22:43    279
 24    3,5    5,8  14:15    1,6  21:21   47,9    0,0    0,2    5,6   20,9  08:42    259
 25    2,1    3,2  15:00    0,7  05:58   52,7    0,0    0,4    5,6   19,3  16:41    210
 26    0,9    1,8  00:00    0,1  19:20   56,5    0,0    0,0    4,6   17,7  12:49    292
 27    0,4    1,4  15:09   -1,0  05:28   58,2    0,0    0,0    4,1   14,5  10:58    299
 28    1,1    4,3  14:58   -1,8  23:26   55,8    0,0    0,0    3,1   19,3  01:14    285
 29   -0,8    2,8  14:30   -2,4  02:21   61,9    0,0    0,2    1,0    9,7  10:57    203
 30    0,7    6,0  15:06   -2,0  08:48   57,0    0,0    0,2    3,2   22,5  06:48    181
 31    0,9    6,7  13:32   -3,2  07:05   56,3    0,0    0,2    4,3   20,9  12:00     87
---------------------------------------------------------------------------------------
       2,8   13,8     10   -4,3     15 1564,6    0,0   20,8    4,4   45,1     10    297
    
Updated: 23/04/2020 12:30:00