Cerea. Verona, Italy

45° 11.88' N | 011° 10.98' E | 10 metri | Mostra sulla mappa

Tabelle Climatiche November 2018

25/05/2020 01:00:00 CEST

Stazione:Vantage Pro2
Software:WeeWX v4.0.0
Weewx uptime:0 giorni, 19 ore, 45 minuti
Server uptime:0 giorni, 19 ore, 45 minuti
                   MONTHLY CLIMATOLOGICAL SUMMARY for nov 2018


NAME: Cerea. Verona, Italy                  
ELEV: 10 metri    LAT: 45-11.88 N    LONG: 011-10.98 E


                   TEMPERATURE (°C), RAIN (mm), WIND SPEED (km/h)

                                         HEAT   COOL         AVG
      MEAN                               DEG    DEG          WIND                   DOM
DAY   TEMP   HIGH   TIME    LOW   TIME   DAYS   DAYS   RAIN  SPEED   HIGH   TIME    DIR
---------------------------------------------------------------------------------------
 01   14,1   16,4  15:23   12,6  06:35   13,9    0,0   19,2   11,5   49,9  06:48     53
 02   14,4   15,4  15:20   13,3  05:53   12,9    0,0    4,4    3,4   19,3  12:22      7
 03   15,6   18,3  13:44   13,8  23:28    8,8    0,0    0,4    5,1   19,3  02:56    319
 04   15,7   19,7  12:21   11,6  06:42    8,5    0,0    2,4    8,5   32,2  12:51     68
 05   15,6   18,1  13:12   14,0  08:03    8,9    0,0   72,0   12,4   32,2  13:26     52
 06   16,1   18,2  12:26   14,4  03:37    7,3    0,0    2,2   10,0   29,0  04:36     68
 07   15,7   18,7  14:01   12,9  23:12    8,4    0,0    0,2    6,0   24,1  03:03     69
 08   14,3   19,7  15:20   11,7  23:11   13,0    0,0    0,2    3,1   16,1  14:21    282
 09   11,3   12,6  14:12    9,2  07:33   22,9    0,0    0,4    2,6   12,9  08:36    122
 10   12,2   12,8  13:39   11,4  07:54   19,8    0,0    0,0    4,6   16,1  09:02     66
 11   13,6   15,7  14:40   12,4  03:15   15,4    0,0    0,0    5,4   20,9  11:45     55
 12   14,1   16,4  14:17   11,6  04:01   13,8    0,0    0,0    2,5   11,3  12:22    218
 13   13,8   16,4  14:43   12,4  22:04   14,6    0,0    0,0    4,2   16,1  04:11    230
 14   13,4   18,2  15:11    9,8  06:35   16,0    0,0    0,2    3,1   16,1  12:11      4
 15   10,7   14,4  14:17    7,4  04:33   24,8    0,0    0,2    2,7   12,9  09:45    309
 16   10,0   13,8  12:31    7,1  23:22   26,9    0,0    0,0   11,6   40,2  09:51     51
 17    8,5   12,7  13:52    5,7  23:38   31,9    0,0    0,0    9,8   32,2  10:04     43
 18    5,9   10,3  15:08    2,6  23:18   40,2    0,0    0,0    6,4   29,0  00:35     24
 19    4,6    7,7  12:09    0,2  06:27   44,4    0,0    0,0   12,5   54,7  21:57     51
 20    4,8    6,1  15:24    3,8  06:56   43,8    0,0   12,8   10,0   46,7  00:45    326
 21    7,0   10,6  14:38    2,7  07:37   36,9    0,0    0,0    6,3   22,5  01:36    268
 22    8,1   11,8  14:54    5,7  22:37   33,1    0,0    2,0    2,2   12,9  01:42    255
 23    8,2   10,2  20:52    5,4  02:14   32,9    0,0   10,4    7,6   38,6  21:45     55
 24   10,5   12,4  13:45    9,3  23:43   25,3    0,0    6,2    8,7   43,5  03:12     10
 25    9,9   10,9  14:36    9,3  00:01   27,5    0,0    5,4    4,7   19,3  21:24    276
 26    9,8   12,8  15:43    7,6  06:57   27,7    0,0    0,2    4,9   22,5  07:21    267
 27   10,2   12,9  14:11    7,2  23:56   26,4    0,0    1,0    3,7   16,1  00:39    337
 28    7,0   12,2  12:45    3,6  23:13   36,7    0,0    0,0    2,1   16,1  23:58    114
 29    4,6    8,2  14:01    2,2  07:48   44,4    0,0    0,0    4,5   19,3  03:20     65
 30    3,4    6,7  13:51    1,0  04:41   48,3    0,0    0,0    4,5   16,1  05:19      2
---------------------------------------------------------------------------------------
      10,8   19,7     04    0,2     19  735,4    0,0  139,8    6,2   54,7     19     41
    
Updated: 23/04/2020 12:30:00