Cerea. Verona, Italy

45° 11.88' N | 011° 10.98' E | 10 metri | Mostra sulla mappa

Tabelle Climatiche October 2018

25/05/2020 00:15:00 CEST

Stazione:Vantage Pro2
Software:WeeWX v4.0.0
Weewx uptime:0 giorni, 19 ore, 0 minuti
Server uptime:0 giorni, 19 ore, 0 minuti
                   MONTHLY CLIMATOLOGICAL SUMMARY for ott 2018


NAME: Cerea. Verona, Italy                  
ELEV: 10 metri    LAT: 45-11.88 N    LONG: 011-10.98 E


                   TEMPERATURE (°C), RAIN (mm), WIND SPEED (km/h)

                                         HEAT   COOL         AVG
      MEAN                               DEG    DEG          WIND                   DOM
DAY   TEMP   HIGH   TIME    LOW   TIME   DAYS   DAYS   RAIN  SPEED   HIGH   TIME    DIR
---------------------------------------------------------------------------------------
 01   13,7   18,1  10:49   11,5  23:13   15,0    0,0   22,2    7,6   30,6  19:16     49
 02   14,9   20,3  16:30   11,3  23:15   11,0    0,0    1,4    5,2   37,0  06:48     51
 03   14,6   21,6  16:10    7,8  06:17   12,1    0,0    0,0    2,1   14,5  14:05    316
 04   16,5   23,3  15:00   10,0  06:57    6,1    0,0    0,0    5,7   27,4  11:32     78
 05   16,6   22,7  15:19    9,6  06:30    5,8    0,0    0,2    5,4   25,7  10:53     67
 06   16,3   18,7  12:35   14,6  19:59    6,5    0,0   29,0    7,8   29,0  07:10     17
 07   17,4   23,1  15:48   14,3  07:36    2,9    0,0    1,6    3,8   17,7  13:18    274
 08   17,9   24,2  14:35   12,7  05:15    1,3    0,0    0,0    1,6   12,9  14:00     79
 09   18,9   24,6  15:18   14,1  06:44    0,0    2,0    0,0    4,2   20,9  14:18     53
 10   19,0   24,4  14:43   14,7  07:17    0,0    2,3    0,0    8,0   30,6  11:34     80
 11   18,6   22,9  14:43   14,8  02:49    0,0    0,8    0,0    9,1   33,8  10:42     78
 12   18,6   24,7  15:50   14,8  08:48    0,0    0,8    0,0    3,2   17,7  09:27    248
 13   17,5   24,1  15:00   11,6  07:40    2,7    0,0    0,0    3,6   24,1  14:24     68
 14   17,5   23,4  15:52   11,1  07:04    2,8    0,0    0,0    5,8   24,1  10:42     88
 15   16,9   22,3  14:10   11,7  07:12    4,7    0,0    0,0    7,3   37,0  14:59     70
 16   17,1   21,8  13:59   13,3  07:56    4,0    0,0    0,0    4,1   17,7  12:58     49
 17   17,5   21,6  12:47   15,6  05:30    2,5    0,0    0,2    2,3   16,1  16:00    243
 18   18,6   24,1  16:27   14,2  23:56    0,0    0,7    0,0    2,4   14,5  10:23    287
 19   17,7   24,8  16:41   12,4  07:33    1,9    0,0    0,0    2,4   12,9  16:31      5
 20   16,9   23,6  16:35   12,3  03:25    4,6    0,0    0,0    3,4   16,1  11:15     53
 21   13,9   20,6  14:56   10,1  06:38   14,4    0,0    0,0    6,0   61,2  16:36     92
 22   12,5   19,5  16:09    6,9  07:32   18,8    0,0    0,0    4,1   19,3  10:21    345
 23   13,4   20,2  15:21    6,6  07:37   15,9    0,0    0,0    6,6   27,4  15:13    270
 24   15,8   23,3  15:49   10,6  04:10    8,2    0,0    0,0    6,2   20,9  00:17    297
 25   15,6   21,0  15:04   11,9  05:33    8,8    0,0    0,0    9,6   38,6  06:29     72
 26   15,4   18,2  16:11   12,3  00:00    9,7    0,0    0,0    3,5   17,7  22:58     81
 27   15,7   18,4  23:41   13,6  08:06    8,5    0,0    0,0   11,3   30,6  15:53     57
 28   17,1   20,0  12:04   13,5  23:01    4,0    0,0   10,6   11,3   41,8  15:20     96
 29   16,2   19,7  14:10   13,4  00:45    7,0    0,0   32,2   19,7   66,0  16:32     93
 30   13,4   18,2  12:11   10,2  22:01   16,1    0,0    7,4    6,8   37,0  03:04    145
 31   13,4   17,3  14:08    9,4  07:10   16,1    0,0    0,0   10,3   33,8  09:14     64
---------------------------------------------------------------------------------------
      16,3   24,8     19    6,6     23  211,4    6,6  104,8    6,1   66,0     29     70
    
Updated: 23/04/2020 12:30:00