Cerea. Verona, Italy

45° 11.88' N | 011° 10.98' E | 10 metri | Mostra sulla mappa

Tabelle Climatiche September 2018

24/05/2020 23:45:00 CEST

Stazione:Vantage Pro2
Software:WeeWX v4.0.0
Weewx uptime:0 giorni, 18 ore, 30 minuti
Server uptime:0 giorni, 18 ore, 30 minuti
                   MONTHLY CLIMATOLOGICAL SUMMARY for set 2018


NAME: Cerea. Verona, Italy                  
ELEV: 10 metri    LAT: 45-11.88 N    LONG: 011-10.98 E


                   TEMPERATURE (°C), RAIN (mm), WIND SPEED (km/h)

                                         HEAT   COOL         AVG
      MEAN                               DEG    DEG          WIND                   DOM
DAY   TEMP   HIGH   TIME    LOW   TIME   DAYS   DAYS   RAIN  SPEED   HIGH   TIME    DIR
---------------------------------------------------------------------------------------
 01   19,5   25,8  16:09   15,5  20:02    0,0    3,6   16,4    6,8   43,5  18:43      9
 02   19,1   23,6  16:29   16,6  04:36    0,0    2,4    2,4    4,6   24,1  18:58    356
 03   21,3   27,4  17:17   16,7  05:32    0,0    9,6    0,2    5,5   20,9  11:40    280
 04   21,3   29,0  16:56   14,4  06:37    0,0    9,7    0,0    4,2   25,7  11:42    290
 05   22,8   29,9  16:45   16,8  07:03    0,0   14,4    0,0    2,7   14,5  09:24    127
 06   23,4   30,2  16:20   17,2  07:01    0,0   16,4    4,6    4,3   30,6  22:28     84
 07   20,9   26,0  16:27   17,8  04:47    0,0    8,2    3,4    3,6   19,3  00:00     18
 08   22,4   28,9  17:18   16,7  07:00    0,0   13,1    0,0    3,3   19,3  14:50     87
 09   23,5   30,7  16:30   16,5  07:04    0,0   16,7    0,0    2,9   16,1  14:25    326
 10   24,2   31,4  16:41   18,1  07:29    0,0   19,1    0,0    3,1   19,3  14:30     13
 11   24,5   31,6  17:04   17,9  06:50    0,0   19,9    0,0    2,8   12,9  10:44     78
 12   25,1   32,4  16:52   19,1  07:01    0,0   22,0    0,0    3,7   14,5  10:05     98
 13   23,8   28,6  13:24   20,0  06:23    0,0   17,6    0,0    2,6   14,5  13:59    101
 14   24,5   31,0  16:06   18,8  06:22    0,0   19,9    0,0    2,5   12,9  16:07      0
 15   22,7   27,8  16:53   18,9  07:22    0,0   14,0    9,4    5,5   40,2  07:00     76
 16   23,3   28,4  16:24   18,6  06:59    0,0   15,9    0,0    5,0   20,9  12:57     90
 17   23,2   29,3  15:30   18,1  06:57    0,0   15,8    0,0    3,7   27,4  18:13     89
 18   23,2   28,8  14:17   19,7  02:58    0,0   15,8    0,0    3,5   30,6  18:59     31
 19   23,0   29,7  17:10   17,0  07:02    0,0   15,2    0,0    2,5   19,3  13:50    117
 20   24,2   30,6  15:33   18,8  06:55    0,0   18,9    0,0    2,7   16,1  13:07     25
 21   23,8   31,0  16:23   17,1  07:09    0,0   17,6    0,0    2,3   16,1  13:17    223
 22   23,0   29,3  15:28   18,2  06:43    0,0   15,0    0,0    5,3   35,4  20:06     50
 23   21,6   27,5  17:18   17,3  04:18    0,0   10,7    0,0    5,0   25,7  01:41     57
 24   21,0   26,1  11:02   15,3  23:57    0,0    8,7    0,0   11,5   53,1  13:11    109
 25   16,4   21,3  14:26   11,9  23:23    6,4    0,0    0,0   10,5   30,6  15:24     67
 26   14,3   19,4  16:21   10,1  07:17   13,2    0,0    0,0    7,0   29,0  11:08     57
 27   15,3   25,3  17:09    6,9  04:53   10,0    0,0    0,0    3,1   17,7  12:24    267
 28   17,2   27,4  16:50    8,3  04:03    3,7    0,0    0,0    3,3   16,1  14:11    298
 29   20,3   25,9  14:16   14,8  01:35    0,0    6,3    0,0    9,4   30,6  10:31     69
 30   16,8   22,0  15:52   13,2  06:54    5,1    0,0    0,0    8,0   25,7  09:01     62
---------------------------------------------------------------------------------------
      21,5   32,4     12    6,9     27   38,3  346,4   36,4    4,7   53,1     24     58
    
Updated: 23/04/2020 12:30:00