Cerea. Verona, Italy

45° 11.88' N | 011° 10.98' E | 10 metri | Mostra sulla mappa

Tabelle Climatiche August 2018

24/05/2020 23:00:00 CEST

Stazione:Vantage Pro2
Software:WeeWX v4.0.0
Weewx uptime:0 giorni, 17 ore, 45 minuti
Server uptime:0 giorni, 17 ore, 45 minuti
                   MONTHLY CLIMATOLOGICAL SUMMARY for ago 2018


NAME: Cerea. Verona, Italy                  
ELEV: 10 metri    LAT: 45-11.88 N    LONG: 011-10.98 E


                   TEMPERATURE (°C), RAIN (mm), WIND SPEED (km/h)

                                         HEAT   COOL         AVG
      MEAN                               DEG    DEG          WIND                   DOM
DAY   TEMP   HIGH   TIME    LOW   TIME   DAYS   DAYS   RAIN  SPEED   HIGH   TIME    DIR
---------------------------------------------------------------------------------------
 01   31,3   37,0  15:52   25,5  06:57    0,0   41,9    0,0    5,4   19,3  05:27    118
 02   27,2   32,6  17:47   22,2  08:02    0,0   28,6    8,4    6,4   46,7  07:08     34
 03   28,8   34,3  15:43   22,7  05:39    0,0   34,0    0,0    4,5   22,5  15:05     63
 04   29,5   35,1  15:41   23,4  05:54    0,0   36,1    0,0    4,5   22,5  16:58     47
 05   29,7   35,9  16:26   22,2  05:33    0,0   36,8    0,0    3,2   19,3  13:57    179
 06   30,3   36,1  15:28   24,9  05:25    0,0   38,8    0,0    5,5   17,7  01:18    105
 07   28,6   35,1  14:59   22,3  05:15    0,0   33,2    0,0    4,0   20,9  19:27    234
 08   27,4   35,2  15:43   22,8  06:30    0,0   29,3    0,6    5,2   37,0  16:42     49
 09   27,0   34,3  17:19   21,1  23:54    0,0   27,9    3,0    6,0   49,9  21:03     85
 10   26,1   33,0  17:23   19,6  06:30    0,0   25,2    0,0    4,4   22,5  14:10    289
 11   27,6   34,0  17:09   21,4  05:33    0,0   30,0    0,0    5,3   22,5  21:48     80
 12   26,5   31,9  17:04   22,7  05:31    0,0   26,5    0,0    8,1   30,6  08:24     75
 13   26,0   33,4  16:34   20,3  06:41    0,0   25,0    2,6    3,7   24,1  19:42    235
 14   21,7   24,8  14:30   18,6  23:08    0,0   10,9   20,4    4,3   37,0  22:09    306
 15   24,1   30,7  15:02   18,9  00:07    0,0   18,7    0,2    5,3   24,1  12:41     68
 16   25,6   30,8  15:46   20,8  06:00    0,0   23,6    0,0    5,8   25,7  10:47     52
 17   25,6   32,7  17:10   19,1  04:14    0,0   23,6    0,0    3,5   17,7  14:55    229
 18   26,9   32,9  16:56   20,6  06:13    0,0   27,7    0,0    4,2   22,5  18:52     48
 19   27,6   33,4  14:43   19,8  06:43    0,0   29,9    0,0    6,3   30,6  11:40     46
 20   28,0   34,3  16:06   20,6  06:47    0,0   31,2    0,0    5,1   29,0  13:27     47
 21   27,7   34,7  16:22   19,7  06:54    0,0   30,3    0,0    4,6   24,1  14:01     85
 22   28,2   34,6  16:20   21,4  06:22    0,0   31,9    0,0    5,2   24,1  13:17     78
 23   27,6   34,1  13:50   20,3  04:55    0,0   30,0    0,0    3,4   17,7  11:43     77
 24   26,6   33,9  16:47   20,1  05:17    0,0   26,8    0,0    5,8   37,0  23:41     68
 25   21,3   25,4  14:35   19,2  10:53    0,0    9,5   21,8    9,2   29,0  00:00     52
 26   19,2   24,1  13:24   15,2  23:57    0,0    2,9    4,6    6,0   37,0  00:07    118
 27   20,2   27,3  17:41   12,4  06:03    0,0    5,9    0,0    4,0   24,1  12:29    304
 28   22,4   30,7  17:25   13,4  06:19    0,0   13,0    0,0    2,1   12,9  13:52     84
 29   24,3   32,0  16:46   16,4  06:52    0,0   19,4    0,0    3,4   12,9  10:08     72
 30   24,6   30,9  15:17   18,2  06:46    0,0   20,5    0,4    5,1   22,5  19:11     79
 31   22,4   27,1  12:38   19,0  23:52    0,0   13,0   23,0   11,0   35,4  15:12     47
---------------------------------------------------------------------------------------
      26,1   37,0     01   12,4     27    0,0  781,7   85,0    5,2   49,9     09     63
    
Updated: 23/04/2020 12:30:00