Cerea. Verona, Italy

45° 11.88' N | 011° 10.98' E | 10 metri | Mostra sulla mappa

Tabelle Climatiche July 2018

25/05/2020 01:15:00 CEST

Stazione:Vantage Pro2
Software:WeeWX v4.0.0
Weewx uptime:0 giorni, 20 ore, 0 minuti
Server uptime:0 giorni, 20 ore, 0 minuti
                   MONTHLY CLIMATOLOGICAL SUMMARY for lug 2018


NAME: Cerea. Verona, Italy                  
ELEV: 10 metri    LAT: 45-11.88 N    LONG: 011-10.98 E


                   TEMPERATURE (°C), RAIN (mm), WIND SPEED (km/h)

                                         HEAT   COOL         AVG
      MEAN                               DEG    DEG          WIND                   DOM
DAY   TEMP   HIGH   TIME    LOW   TIME   DAYS   DAYS   RAIN  SPEED   HIGH   TIME    DIR
---------------------------------------------------------------------------------------
 01   25,8   30,3  16:10   22,2  05:51    0,0   24,2    0,0   12,9   33,8  04:08     83
 02   25,6   31,1  15:46   20,9  05:54    0,0   23,7    0,0    7,7   27,4  20:06     90
 03   26,2   32,1  14:47   21,1  23:54    0,0   25,5    1,8    7,0   32,2  23:10     81
 04   25,5   31,9  17:23   20,0  05:15    0,0   23,2    2,0    6,5   25,7  01:26    280
 05   26,5   33,1  17:27   20,8  04:47    0,0   26,5    0,0    7,4   27,4  21:50    314
 06   24,8   32,1  14:10   18,3  05:44    0,0   21,1    0,0    4,7   32,2  16:07     80
 07   25,9   34,0  16:53   17,9  05:25    0,0   24,4    0,0    4,1   20,9  14:16    126
 08   26,3   32,6  17:07   19,9  05:26    0,0   25,9    0,0    7,1   38,6  22:35    111
 09   26,1   32,2  17:09   19,4  05:33    0,0   25,0    0,0    7,0   25,7  01:15    114
 10   26,5   32,8  17:12   21,3  06:58    0,0   26,5    0,0    9,5   40,2  23:37     92
 11   20,6   23,3  17:09   18,2  07:55    0,0    7,4    7,2    8,3   41,8  01:44     66
 12   24,3   29,3  16:33   19,6  05:31    0,0   19,4    0,0    6,0   24,1  08:01     65
 13   25,8   31,8  17:17   20,2  06:31    0,0   24,2    0,8    4,6   20,9  05:15    135
 14   26,9   33,8  16:55   19,6  23:34    0,0   27,7    7,2    5,7   51,5  23:04    105
 15   25,8   31,9  15:46   19,2  06:27    0,0   24,1    0,0    4,2   48,3  23:57    102
 16   22,2   28,1  13:55   17,8  06:00    0,0   12,4   24,8    6,6   69,2  04:02     77
 17   24,4   32,2  17:41   17,4  05:31    0,0   19,5    0,0    5,5   20,9  11:04    264
 18   27,0   34,6  17:16   19,1  06:03    0,0   28,2    0,0    3,7   17,7  15:25    249
 19   27,5   34,6  16:29   20,1  05:15    0,0   29,6    0,0    3,5   19,3  15:30     32
 20   26,9   34,6  16:57   21,1  06:18    0,0   27,9    0,0    7,0   41,8  20:04     69
 21   24,0   29,6  15:24   20,6  06:16    0,0   18,5    0,4    5,8   33,8  17:01     54
 22   25,2   31,9  16:57   19,5  05:58    0,0   22,1    0,4    7,5   49,9  22:40    276
 23   24,6   32,4  18:02   19,1  05:24    0,0   20,3    3,6    8,3   37,0  19:12    291
 24   26,6   34,2  17:10   18,5  06:06    0,0   26,9    0,0    3,3   17,7  13:59    230
 25   27,4   33,5  14:58   20,9  06:03    0,0   29,3    0,0    4,4   17,7  07:54     50
 26   25,6   32,3  13:59   21,2  05:40    0,0   23,6    0,2    7,0   27,4  20:18     63
 27   26,9   33,7  17:40   19,4  05:17    0,0   27,7    0,0    4,1   19,3  13:48    148
 28   27,8   34,7  17:07   20,7  06:05    0,0   30,7    0,0    6,4   24,1  13:04    270
 29   28,0   34,3  17:43   21,1  06:25    0,0   31,4    0,0    3,8   16,1  17:07    309
 30   29,2   35,4  15:15   22,3  05:57    0,0   35,2    0,0    3,7   17,7  15:29     75
 31   30,4   36,8  16:09   24,2  05:18    0,0   39,1    0,0    4,0   22,5  15:59    270
---------------------------------------------------------------------------------------
      26,0   36,8     31   17,4     17    0,0  771,2   48,4    6,0   69,2     16     80
    
Updated: 23/04/2020 12:30:00