Cerea. Verona, Italy

45° 11.88' N | 011° 10.98' E | 10 metri | Mostra sulla mappa

Tabelle Climatiche June 2018

25/05/2020 00:30:00 CEST

Stazione:Vantage Pro2
Software:WeeWX v4.0.0
Weewx uptime:0 giorni, 19 ore, 15 minuti
Server uptime:0 giorni, 19 ore, 15 minuti
                   MONTHLY CLIMATOLOGICAL SUMMARY for giu 2018


NAME: Cerea. Verona, Italy                  
ELEV: 10 metri    LAT: 45-11.88 N    LONG: 011-10.98 E


                   TEMPERATURE (°C), RAIN (mm), WIND SPEED (km/h)

                                         HEAT   COOL         AVG
      MEAN                               DEG    DEG          WIND                   DOM
DAY   TEMP   HIGH   TIME    LOW   TIME   DAYS   DAYS   RAIN  SPEED   HIGH   TIME    DIR
---------------------------------------------------------------------------------------
 01   24,7   31,1  16:31   18,2  05:15    0,0   20,6    0,0    9,4   38,6  09:00    267
 02   24,5   31,6  15:54   17,4  05:15    0,0   19,8    0,0    6,6   29,0  19:36    265
 03   25,1   32,0  15:05   18,6  05:25    0,0   21,9    0,0    4,6   19,3  14:58     79
 04   21,7   28,9  11:50   17,8  19:27    0,0   10,9   26,6    7,4   61,2  12:45     69
 05   23,5   31,3  16:37   17,8  05:19    0,0   16,9    0,0    7,4   32,2  19:59    259
 06   23,8   30,6  17:18   17,5  05:31    0,0   17,6    1,6    4,4   35,4  19:32    248
 07   23,3   29,4  14:33   19,3  06:12    0,0   16,2    0,6    5,6   35,4  17:07     39
 08   21,0   25,2  18:10   16,8  03:33    0,0    8,7   27,4    8,2   43,5  02:45     98
 09   24,7   31,7  17:08   17,7  05:49    0,0   20,6    0,0    8,4   24,1  10:47    281
 10   26,0   32,4  15:55   19,8  06:03    0,0   25,0    0,0    7,5   25,7  09:18    259
 11   26,4   33,2  14:50   20,5  04:21    0,0   26,3    0,0    4,0   20,9  15:26    189
 12   24,7   32,7  16:06   19,9  23:57    0,0   20,5    2,4    7,4   30,6  12:50     25
 13   22,9   29,2  15:45   17,3  05:34    0,0   14,9    4,8    9,2   41,8  23:20    285
 14   22,8   28,6  15:59   17,7  00:04    0,0   14,5    0,0    5,1   20,9  12:19     95
 15   23,6   29,1  15:50   18,4  05:50    0,0   17,1    0,0    5,9   19,3  01:56     94
 16   24,1   31,1  17:30   16,3  05:43    0,0   18,6    0,0    3,6   17,7  15:26     80
 17   25,9   33,3  17:20   18,9  05:41    0,0   24,6    0,0    4,0   20,9  13:46    256
 18   24,7   32,5  16:43   18,1  07:42    0,0   20,7    9,8    4,3   35,4  06:43      7
 19   26,5   32,3  15:21   20,3  05:47    0,0   26,6    0,0    5,8   22,5  14:53    105
 20   26,8   32,3  14:40   21,3  03:20    0,0   27,3    0,0    6,3   24,1  14:20     87
 21   27,7   34,2  16:32   19,2  05:46    0,0   30,2    0,0    4,3   20,9  13:20    241
 22   22,6   26,4  00:00   19,3  23:54    0,0   14,0    0,0   11,9   43,5  16:33     84
 23   21,6   27,3  15:24   16,1  05:21    0,0   10,5    0,0    8,9   24,1  08:34     95
 24   21,1   27,5  15:47   14,8  05:21    0,0    9,1    0,0    6,0   22,5  15:20    105
 25   20,2   25,4  16:28   15,9  08:19    0,0    5,9    4,4    8,9   29,0  13:47     78
 26   22,5   29,1  16:31   16,5  05:22    0,0   13,6    0,0    5,1   20,9  16:01    103
 27   22,1   30,4  14:45   14,5  05:55    0,0   12,2    1,0    6,2   62,8  18:10    109
 28   22,3   29,7  13:43   13,7  05:54    0,0   13,0    0,2    4,8   22,5  13:38    280
 29   25,9   33,7  18:02   16,7  06:11    0,0   24,6    0,0    6,2   27,4  11:37    275
 30   27,7   35,7  16:53   19,1  04:49    0,0   30,4    0,0    5,7   25,7  16:37    264
---------------------------------------------------------------------------------------
      24,0   35,7     30   13,7     28    0,0  552,8   78,8    6,4   62,8     27     47
    
Updated: 23/04/2020 12:30:00