Cerea. Verona, Italy

45° 11.88' N | 011° 10.98' E | 10 metri | Mostra sulla mappa

Tabelle Climatiche May 2018

25/05/2020 00:15:00 CEST

Stazione:Vantage Pro2
Software:WeeWX v4.0.0
Weewx uptime:0 giorni, 19 ore, 0 minuti
Server uptime:0 giorni, 19 ore, 0 minuti
                   MONTHLY CLIMATOLOGICAL SUMMARY for mag 2018


NAME: Cerea. Verona, Italy                  
ELEV: 10 metri    LAT: 45-11.88 N    LONG: 011-10.98 E


                   TEMPERATURE (°C), RAIN (mm), WIND SPEED (km/h)

                                         HEAT   COOL         AVG
      MEAN                               DEG    DEG          WIND                   DOM
DAY   TEMP   HIGH   TIME    LOW   TIME   DAYS   DAYS   RAIN  SPEED   HIGH   TIME    DIR
---------------------------------------------------------------------------------------
 01   15,3   21,4  15:22    9,6  03:47    9,8    0,0    1,0    4,7   22,5  16:42     57
 02   15,0   20,6  16:08   11,9  07:29   10,8    0,0    8,0    8,7   25,7  05:34    323
 03   16,7   20,5  13:13   12,6  05:38    5,4    0,0    8,8    6,3   25,7  20:12    266
 04   18,7   23,9  15:39   14,7  23:56    0,0    1,2    5,0   11,5   38,6  10:47     61
 05   20,2   25,9  15:49   13,7  06:25    0,0    6,0    0,0    6,9   37,0  11:03     37
 06   22,7   28,9  14:41   16,5  06:07    0,0   14,3    0,0    3,8   17,7  12:39     65
 07   22,2   27,6  15:12   16,9  06:05    0,0   12,6    0,8    6,7   24,1  01:01     28
 08   21,4   27,1  14:59   15,8  06:35    0,0    9,9    0,0    5,2   32,2  18:39     62
 09   19,7   25,7  14:43   14,6  05:29    0,0    4,5    0,0    5,8   29,0  18:32     40
 10   19,1   25,2  17:49   15,7  05:43    0,0    2,5    0,4    5,9   19,3  09:53    285
 11   19,4   27,4  15:15   13,6  04:07    0,0    3,6   34,2    5,6   45,1  17:41     62
 12   20,7   28,1  17:18   14,2  05:17    0,0    7,6    0,0    3,8   29,0  16:01    252
 13   20,2   26,3  15:14   14,9  06:23    0,0    6,0    0,0    6,2   32,2  19:32     62
 14   16,4   21,1  14:15   12,3  06:22    6,3    0,0    2,8   10,7   32,2  12:24    280
 15   13,5   16,3  13:09   10,6  06:10   15,7    0,0    0,4    7,8   24,1  12:59    295
 16   16,2   22,2  15:01    9,3  06:11    6,8    0,0    0,0    4,0   22,5  19:34     61
 17   17,5   25,1  15:47   12,8  06:22    2,6    0,0    1,0    4,9   24,1  19:54    268
 18   19,1   26,6  16:35   11,6  05:47    0,0    2,4    0,0    4,0   25,7  20:41     58
 19   20,5   26,7  16:33   13,7  05:51    0,0    7,0    0,0    5,9   22,5  14:31     76
 20   20,7   26,1  16:28   14,0  05:23    0,0    7,6    0,0    9,4   41,8  09:24     75
 21   21,5   27,2  14:49   17,6  23:58    0,0   10,3    1,6   10,1   35,4  09:10     60
 22   17,8   20,7  17:12   15,9  06:55    1,8    0,0   18,6    8,9   30,6  02:51     49
 23   20,2   25,3  15:00   15,1  06:05    0,0    6,2    0,2    5,0   24,1  15:06    337
 24   22,5   28,9  14:41   17,1  05:54    0,0   13,4    0,0    4,5   30,6  14:59    324
 25   24,2   31,0  16:15   16,8  05:55    0,0   19,1    0,0    3,8   17,7  12:19    287
 26   25,0   31,4  15:45   18,9  05:47    0,0   21,5    0,0    5,8   20,9  02:10     92
 27   25,0   31,3  15:57   20,6  05:54    0,0   21,4    0,0    6,0   38,6  18:51     82
 28   24,4   29,9  15:58   19,6  03:56    0,0   19,6    0,2    4,6   20,9  21:30     58
 29   24,0   28,9  13:54   19,7  06:22    0,0   18,4    0,2    5,6   24,1  14:49     62
 30   24,9   30,1  13:14   18,9  04:50    0,0   21,1    0,0    3,8   22,5  14:51    154
 31   24,7   31,6  15:11   19,1  05:35    0,0   20,6    0,0    6,2   35,4  16:23    273
---------------------------------------------------------------------------------------
      20,3   31,6     31    9,3     16   59,2  256,7   83,2    6,2   45,1     11     33
    
Updated: 23/04/2020 12:30:00