Cerea. Verona, Italy

45° 11.88' N | 011° 10.98' E | 10 metri | Mostra sulla mappa

Tabelle Climatiche April 2018

24/05/2020 23:45:00 CEST

Stazione:Vantage Pro2
Software:WeeWX v4.0.0
Weewx uptime:0 giorni, 18 ore, 30 minuti
Server uptime:0 giorni, 18 ore, 30 minuti
                   MONTHLY CLIMATOLOGICAL SUMMARY for apr 2018


NAME: Cerea. Verona, Italy                  
ELEV: 10 metri    LAT: 45-11.88 N    LONG: 011-10.98 E


                   TEMPERATURE (°C), RAIN (mm), WIND SPEED (km/h)

                                         HEAT   COOL         AVG
      MEAN                               DEG    DEG          WIND                   DOM
DAY   TEMP   HIGH   TIME    LOW   TIME   DAYS   DAYS   RAIN  SPEED   HIGH   TIME    DIR
---------------------------------------------------------------------------------------
 01   12,8   20,1  16:18    7,3  06:49   18,0    0,0    0,7   10,4   38,9  17:23    225
 02   12,3   20,0  17:02    4,1  06:32   19,5    0,0    0,0    3,7   16,6  21:43     70
 03   12,5   16,7  14:24    8,1  07:01   18,7    0,0    0,0    5,2   16,6  15:57      1
 04   11,4   13,4  14:25    9,3  04:34   22,6    0,0    7,4   11,2   23,8  04:25    356
 05   13,0   17,8  16:28   10,0  06:11   17,2    0,0    5,2    6,6   24,5  01:25    262
 06   14,0   19,8  16:25    8,8  05:08   14,1    0,0    0,0    3,8   12,6  10:37     84
 07   15,3   20,8  14:00    8,5  06:30   10,0    0,0    0,8    2,3   16,1  16:06     90
 08   13,9   19,8  14:57    8,5  06:57   14,5    0,0    0,0    9,2   38,6  14:07     95
 09   13,0   17,7  14:45   10,6  04:53   17,1    0,0    4,0    6,6   35,4  16:32     17
 10   13,8   19,4  15:15    8,9  23:58   14,7    0,0    0,0    4,9   30,6  18:05    215
 11   11,5   17,4  13:07    6,3  06:17   22,0    0,0    3,6    9,6   37,0  22:00     66
 12   13,9   17,7  14:57   11,9  01:34   14,4    0,0    2,8   13,5   41,8  00:09     62
 13   14,6   20,1  16:22    8,6  06:42   12,0    0,0    7,4    6,0   27,4  12:27    267
 14   15,7   22,1  14:07    8,3  07:01    8,7    0,0    0,0    3,3   19,3  15:44     97
 15   15,4   19,3  13:18   11,4  06:26    9,6    0,0    0,0    5,8   27,4  21:14    300
 16   17,9   25,4  16:49   10,9  06:16    1,5    0,0    0,6    5,5   29,0  20:31    301
 17   19,0   24,6  13:52   14,2  06:03    0,0    2,1    0,0    5,8   27,4  14:46     91
 18   19,5   25,6  15:56   13,3  06:34    0,0    3,6    0,0    5,4   22,5  14:04     99
 19   19,6   25,7  15:04   12,7  02:28    0,0    4,0    0,0    8,1   37,0  11:29     80
 20   20,7   29,2  17:01   11,4  06:47    0,0    7,6    0,0    3,2   17,7  18:44    358
 21   20,9   28,9  15:25   11,8  05:43    0,0    8,3    0,0    5,5   20,9  10:29    104
 22   20,3   28,2  15:26   13,2  06:42    0,0    6,4    0,0    6,5   20,9  19:22     97
 23   20,3   27,6  17:24   13,7  05:17    0,0    6,2    0,0    5,6   19,3  23:11     88
 24   20,8   28,2  16:53   14,4  06:09    0,0    7,9    0,0    4,3   29,0  14:32    101
 25   21,1   29,1  17:07   13,4  06:43    0,0    8,9    0,0    4,3   25,7  14:21    237
 26   21,6   28,9  16:13   15,3  04:21    0,0   10,6    0,0    4,8   22,5  23:42     85
 27   19,3   24,3  15:40   14,4  06:30    0,0    3,2    0,0   13,4   43,5  02:44     77
 28   20,5   27,4  14:53   11,7  06:18    0,0    7,1    0,0    4,5   24,1  13:31     98
 29   20,2   25,4  15:01   15,8  06:18    0,0    5,9    0,0    9,3   32,2  17:46     87
 30   19,4   24,8  15:40   13,7  23:40    0,0    3,5    0,0   12,6   38,6  12:58    241
---------------------------------------------------------------------------------------
      16,8   29,2     20    4,1     02  234,6   85,5   32,6    6,7   43,5     27     75
    
Updated: 23/04/2020 12:30:00