Cerea. Verona, Italy

45° 11.88' N | 011° 10.98' E | 10 metri | Mostra sulla mappa

Tabelle Climatiche March 2018

24/05/2020 23:00:00 CEST

Stazione:Vantage Pro2
Software:WeeWX v4.0.0
Weewx uptime:0 giorni, 17 ore, 45 minuti
Server uptime:0 giorni, 17 ore, 45 minuti
                   MONTHLY CLIMATOLOGICAL SUMMARY for mar 2018


NAME: Cerea. Verona, Italy                  
ELEV: 10 metri    LAT: 45-11.88 N    LONG: 011-10.98 E


                   TEMPERATURE (°C), RAIN (mm), WIND SPEED (km/h)

                                         HEAT   COOL         AVG
      MEAN                               DEG    DEG          WIND                   DOM
DAY   TEMP   HIGH   TIME    LOW   TIME   DAYS   DAYS   RAIN  SPEED   HIGH   TIME    DIR
---------------------------------------------------------------------------------------
 01   -2,8   -1,7  00:00   -3,8  09:48   68,5    0,0    0,0    7,6   21,2  10:21    345
 02   -0,6    0,9  16:01   -2,5  00:46   61,3    0,0    5,2    4,5   14,0  18:23    222
 03    0,7    2,1  16:28   -1,1  04:02   57,1    0,0   15,8    6,2   17,3  14:35    337
 04    1,3    3,0  15:13    0,0  04:07   55,2    0,0    1,8    4,1   23,8  02:44    204
 05    3,8    6,8  13:00    1,1  04:28   47,0    0,0    6,0    5,4   13,7  18:38    235
 06    5,5    7,5  14:47    4,0  07:20   41,4    0,0    4,4    2,7    9,0  00:12    207
 07    6,4    9,8  12:35    3,2  06:50   38,6    0,0    0,2    7,1   21,6  15:25      4
 08    8,2   15,8  16:01    2,0  07:09   32,7    0,0    0,0    4,3   19,1  03:20    186
 09    9,9   16,5  15:52    3,7  05:19   27,4    0,0    0,0    4,6   16,6  14:20    326
 10    9,7   11,3  14:42    7,2  06:34   28,1    0,0    0,0    2,2    9,4  13:53    315
 11    9,5   10,4  18:51    8,5  03:54   28,7    0,0   17,4    7,8   36,0  12:42      2
 12   10,3   14,0  16:09    7,8  05:09   26,2    0,0    0,9    1,4   14,0  07:56    222
 13   10,7   16,5  14:43    6,3  02:06   24,6    0,0    0,0    1,0   15,5  14:29    201
 14   10,2   14,8  15:58    6,1  04:20   26,5    0,0    0,0    1,5   11,5  16:06     44
 15    8,3   10,6  13:10    6,0  05:16   32,6    0,0    4,2    8,7   40,3  21:52     14
 16   10,5   15,7  15:26    7,1  00:19   25,5    0,0    0,3   10,0   32,0  02:16    259
 17    9,1   10,8  17:17    7,6  23:19   29,8    0,0   13,1    7,8   26,6  22:21      3
 18    7,3    9,7  10:28    4,6  23:56   35,6    0,0   18,5   15,6   38,5  23:43    360
 19    3,3    5,0  16:21    1,4  08:55   48,6    0,0   13,2   11,4   46,1  00:01    354
 20    5,5    9,3  15:10    3,4  05:45   41,5    0,0    0,0    7,1   28,1  23:20      5
 21    5,7   10,2  14:39    3,0  06:04   41,1    0,0    0,0    9,6   24,5  00:17     17
 22    5,4   11,4  15:50    0,8  06:26   41,7    0,0    0,0    6,6   19,4  15:09    299
 23    6,0   12,4  15:36    0,1  04:38   39,8    0,0    0,0    4,4   15,8  16:13    103
 24    7,4   12,8  13:19    2,2  02:28   35,6    0,0    0,0    5,6   23,8  12:50     50
 25    7,6   12,9  15:51    2,9  03:29   34,8    0,0    0,0    3,5   14,0  14:19     42
 26    9,0   16,6  16:51    0,8  05:57   30,2    0,0    0,0    3,4   13,7  14:51    216
 27   12,5   18,6  16:08    7,9  07:31   18,8    0,0    0,0    6,6   23,8  23:26     44
 28   11,5   17,6  16:33    5,8  07:13   22,1    0,0    0,0    5,8   21,2  00:00      4
 29   11,0   13,1  13:16    9,5  04:34   23,7    0,0    0,3    8,2   21,2  16:09     14
 30   13,1   19,0  15:24    9,0  05:38   16,9    0,0    0,0   10,7   28,1  16:55     10
 31   11,4   14,3  16:53    8,8  23:26   22,5    0,0    2,4    7,5   24,5  17:40    194
---------------------------------------------------------------------------------------
       7,3   19,0     30   -3,8     01 1103,9    0,0  103,7    6,2   46,1     19    357
    
Updated: 23/04/2020 12:30:00