Cerea. Verona, Italy

45° 11.88' N | 011° 10.98' E | 10 metri | Mostra sulla mappa

Tabelle Climatiche February 2018

25/05/2020 01:15:00 CEST

Stazione:Vantage Pro2
Software:WeeWX v4.0.0
Weewx uptime:0 giorni, 20 ore, 0 minuti
Server uptime:0 giorni, 20 ore, 0 minuti
                   MONTHLY CLIMATOLOGICAL SUMMARY for feb 2018


NAME: Cerea. Verona, Italy                  
ELEV: 10 metri    LAT: 45-11.88 N    LONG: 011-10.98 E


                   TEMPERATURE (°C), RAIN (mm), WIND SPEED (km/h)

                                         HEAT   COOL         AVG
      MEAN                               DEG    DEG          WIND                   DOM
DAY   TEMP   HIGH   TIME    LOW   TIME   DAYS   DAYS   RAIN  SPEED   HIGH   TIME    DIR
---------------------------------------------------------------------------------------
 01    6,4    7,1  13:15    5,6  05:17   38,8    0,0    4,5    6,1   17,6  10:13      1
 02    6,1    7,9  13:55    4,8  21:38   39,5    0,0   12,0    0,8   21,6  14:18    352
 03    3,9    5,4  00:03    3,0  23:32   46,7    0,0    5,5    6,8   28,4  02:16    333
 04    4,4    9,8  14:21    0,0  06:52   45,0    0,0    0,0    1,4    9,7  20:18     19
 05    5,6    8,1  13:21    4,0  07:57   41,2    0,0    0,0    7,1   24,8  11:56    353
 06    5,5    7,0  13:19    4,0  06:51   41,5    0,0    2,5   11,0   24,8  22:26    355
 07    5,1    8,0  13:33    3,3  23:52   42,7    0,0    2,3    5,9   27,4  00:02    266
 08    5,2   10,3  14:23   -0,3  07:40   42,5    0,0    0,2    1,1    9,7  01:54    186
 09    6,5   11,3  15:01    3,1  07:32   38,5    0,0    0,0    0,5    9,0  12:07    128
 10    5,3    9,7  13:43    0,3  08:13   42,1    0,0    0,0    0,7   10,8  12:37    230
 11    5,3    9,0  15:22    2,9  21:13   42,3    0,0    0,0    2,7   14,0  07:45     36
 12    3,8    5,6  15:59    2,6  00:26   47,2    0,0    5,2    6,0   22,7  13:39    359
 13    3,6    9,1  12:56   -0,8  23:55   47,8    0,0    0,2    2,3   14,0  10:32    229
 14    2,9    9,3  15:09   -1,4  07:20   50,1    0,0    0,0    1,0   12,6  13:49    217
 15    2,5    8,8  14:48   -2,2  04:47   51,2    0,0    0,0    1,9   13,0  10:12     10
 16    3,8    9,3  14:11   -1,0  07:25   47,2    0,0    0,0    2,0   17,3  14:40    197
 17    4,2    8,9  12:10    0,0  05:30   45,8    0,0    0,9    3,8   13,7  16:19    263
 18    5,3    7,5  14:41    4,1  04:19   42,3    0,0    2,4    5,8   31,3  13:11     12
 19    4,8    8,2  15:21    3,0  07:38   43,8    0,0    0,0    4,0   23,4  12:10     16
 20    4,6    7,1  12:19    1,9  07:49   44,6    0,0    0,0    4,0   11,9  14:43    326
 21    5,1    7,4  13:12    2,1  06:07   43,0    0,0    0,0    4,1   12,6  12:16    319
 22    4,1    5,6  00:02    2,4  09:01   46,0    0,0    7,4   10,5   31,0  18:32      8
 23    4,0    6,0  13:45    0,7  05:41   46,5    0,0    6,9    9,3   28,4  00:21      1
 24    6,7   12,1  14:41    2,0  23:54   37,7    0,0    2,2    6,9   36,0  21:57     17
 25    0,4    2,5  00:35   -2,5  23:59   58,1    0,0    0,0   14,8   38,2  13:26     17
 26   -2,1    1,8  14:39   -5,2  06:23   66,1    0,0    0,0   10,6   27,4  14:15    354
 27   -2,1    1,8  15:35   -5,0  06:49   66,2    0,0    0,0    4,9   15,8  10:08    164
 28   -1,9    1,5  12:42   -5,9  07:30   65,6    0,0    0,0    6,0   14,8  19:45     44
---------------------------------------------------------------------------------------
       3,9   12,1     24   -5,9     28 1310,1    0,0   52,2    5,1   38,2     25    357
    
Updated: 23/04/2020 12:30:00