Cerea. Verona, Italy

45° 11.88' N | 011° 10.98' E | 10 metri | Mostra sulla mappa

Tabelle Climatiche January 2018

25/05/2020 00:30:00 CEST

Stazione:Vantage Pro2
Software:WeeWX v4.0.0
Weewx uptime:0 giorni, 19 ore, 15 minuti
Server uptime:0 giorni, 19 ore, 15 minuti
                   MONTHLY CLIMATOLOGICAL SUMMARY for gen 2018


NAME: Cerea. Verona, Italy                  
ELEV: 10 metri    LAT: 45-11.88 N    LONG: 011-10.98 E


                   TEMPERATURE (°C), RAIN (mm), WIND SPEED (km/h)

                                         HEAT   COOL         AVG
      MEAN                               DEG    DEG          WIND                   DOM
DAY   TEMP   HIGH   TIME    LOW   TIME   DAYS   DAYS   RAIN  SPEED   HIGH   TIME    DIR
---------------------------------------------------------------------------------------
 01    3,1    4,1  05:55    0,6  23:57   49,4    0,0    8,3    7,8   38,9  14:25    263
 02    3,9    9,5  14:06    0,2  00:46   46,9    0,0    0,0    9,6   46,8  08:30    241
 03    1,5    4,8  15:44   -1,5  08:18   54,5    0,0    0,3    3,6   16,9  15:31    298
 04    4,7    9,0  14:02    1,4  07:24   44,1    0,0    0,0    5,5   20,5  01:29     15
 05    4,4    8,8  14:23   -0,3  06:20   45,1    0,0    0,0    2,9   10,1  11:16    249
 06    7,7   12,2  14:23    5,1  06:21   34,3    0,0    0,0    3,6   13,7  12:32      8
 07    9,6   11,3  17:03    6,6  00:09   28,3    0,0    0,0    8,5   24,8  11:13     16
 08   12,4   14,3  13:50   10,9  00:01   19,1    0,0    0,0   13,8   28,4  19:25      9
 09   11,5   14,0  13:56    8,5  21:14   22,1    0,0    7,3    7,0   36,4  01:56     56
 10    7,1   12,5  14:41    3,1  08:04   36,4    0,0    0,2    1,4    9,7  23:54    178
 11    6,8    8,5  15:12    5,9  00:14   37,2    0,0    2,2    1,0   11,9  10:01    342
 12    7,1   11,7  13:43    2,3  23:26   36,5    0,0    0,0    5,4   19,8  13:51    338
 13    5,0    9,6  14:59    1,7  00:45   43,1    0,0    0,0    2,8   12,2  13:54    227
 14    5,5    9,3  14:32    2,8  05:31   41,6    0,0    0,0    4,1   15,5  09:10      5
 15    4,2    6,9  13:55    2,2  05:16   45,8    0,0    0,2    1,9   10,8  16:30    171
 16    4,3    5,8  15:20    3,2  07:08   45,4    0,0    1,1    1,2   12,2  15:47    203
 17    5,8   12,4  14:20    3,1  08:27   40,6    0,0    0,0   13,1   58,7  14:52    246
 18    5,2   12,6  14:24    0,2  06:07   42,5    0,0    0,0    7,0   32,0  00:35    207
 19    3,6   10,2  13:40   -1,0  07:02   47,6    0,0    0,0    1,4    9,0  15:21    320
 20    4,0    8,5  13:13    0,2  06:51   46,6    0,0    0,0    2,0   15,5  02:28    317
 21    5,0   10,8  15:04    0,7  08:22   43,3    0,0    0,0    5,3   28,4  11:44    229
 22    5,7   11,2  14:03    2,6  05:30   41,0    0,0    0,0    4,7   14,0  09:24    346
 23    4,1    9,9  15:23   -1,3  07:51   46,2    0,0    0,0    2,8   13,7  15:08     29
 24    4,3   11,3  14:34   -0,2  07:42   45,5    0,0    0,0    2,4   12,2  15:14    218
 25    4,3    7,5  15:06    0,9  03:31   45,3    0,0    0,0    2,2   11,9  18:47      8
 26    6,1    9,0  16:23    2,7  06:59   39,6    0,0    0,0    3,9   14,0  23:14      4
 27    7,8   12,0  13:41    4,5  21:00   34,2    0,0    0,0    4,3   16,6  15:31    238
 28    7,0   12,8  15:03    2,7  23:58   36,6    0,0    0,0    2,1   14,0  14:09    247
 29    2,8    4,6  14:05    0,7  03:04   50,3    0,0    0,3    0,3    5,8  02:33    234
 30    5,0    7,1  16:36    3,6  00:04   43,4    0,0    0,0    2,8   12,6  15:02    144
 31    6,1    8,5  14:15    4,6  07:06   39,5    0,0    0,7    0,7    8,6  02:23    172
---------------------------------------------------------------------------------------
       5,7   14,3     08   -1,5     03 1272,0    0,0   20,7    4,4   58,7     17    306
    
Updated: 23/04/2020 12:30:00