Cerea. Verona, Italy

45° 11.88' N | 011° 10.98' E | 10 metri | Mostra sulla mappa

Tabelle Climatiche 2017

24/05/2020 23:30:00 CEST

Stazione:Vantage Pro2
Software:WeeWX v4.0.0
Weewx uptime:0 giorni, 18 ore, 15 minuti
Server uptime:0 giorni, 18 ore, 15 minuti
                     CLIMATOLOGICAL SUMMARY FOR 2017


NAME: Cerea. Verona, Italy                  
ELEV: 10 metri    LAT: 45-11.88 N    LONG: 011-10.98 E


                                       TEMPERATURE (°C)

                              HEAT    COOL                              MAX    MAX    MIN    MIN
          MEAN   MEAN         DEG     DEG                                >=     <=     <=     <=
 YR  MO   MAX    MIN    MEAN  DAYS    DAYS      HI  DAY     LOW  DAY     30      0      0    -20
------------------------------------------------------------------------------------------------
2017 01    5,7   -3,3    0,8 1757,8    0,0    10,5   24    -7,6   07      0      0     28      0
2017 02   10,4    3,0    6,3 1087,4    0,0    15,7   16    -1,5   19      0      0      6      0
2017 03   18,5    6,2   11,9  640,7    3,3    25,8   30     0,8   08      0      0      0      0
2017 04   20,8    9,4   14,8  325,1    1,7    25,1   03     1,9   20      0      0      0      0
2017 05   25,4   14,3   19,6  116,0  232,0    32,4   30     9,0   05      5      0      0      0
2017 06   31,2   19,0   25,1    0,0  653,8    35,8   23    14,3   08     21      0      0      0
2017 07   32,2   19,2   25,8    0,0  749,3    35,4   08    14,5   26     26      0      0      0
2017 08   32,9   20,2   26,4    0,0  812,4    38,2   04    14,6   12     25      0      0      0
2017 09   22,7   14,1   18,1   97,5   70,4    28,3   05     9,7   22      0      0      0      0
2017 10   20,4    9,6   14,3  406,6    0,0    25,6   16     5,5   25      0      0      0      0
2017 11   11,8    4,3    7,8 1024,8    0,0    17,6   01    -1,7   28      0      0      3      0
2017 12    6,4   -0,9    2,3 1605,3    0,0    10,0   11    -5,0   10      0      0     21      0
------------------------------------------------------------------------------------------------
          19,9    9,6   14,4 7061,3 2522,9    38,2  ago    -7,6  gen     77      0     58      0


                  PRECIPITATION (mm)

                  MAX         ---DAYS OF RAIN---
                  OBS.               OVER
 YR  MO  TOTAL    DAY  DATE   0.30   3.00  30.00
------------------------------------------------
2017 01    2,0    2,0    13      1      0      0
2017 02   60,2   31,5    05     10      5      1
2017 03    7,1    5,1    26      3      1      0
2017 04   32,8   10,7    27      6      4      0
2017 05   43,2   14,7    06      8      5      0
2017 06   77,0   32,8    28      5      4      1
2017 07   88,8   27,1    24      6      6      0
2017 08    6,6    6,2    20      2      1      0
2017 09   85,8   19,3    11     13     10      0
2017 10   14,0   10,7    22      4      1      0
2017 11  101,2   29,4    13      8      6      0
2017 12   26,4   10,4    11      8      4      0
------------------------------------------------
         545,0   32,8   giu     74     47      2


           WIND SPEED (km/h)

                                DOM
 YR  MO    AVG     HI   DATE    DIR
-----------------------------------
2017 01    3,0   24,5     17     22 
2017 02    2,7   30,6     05     46 
2017 03    3,7   20,2     04     63 
2017 04    7,3   36,7     04     13 
2017 05    6,3   36,7     07     37 
2017 06    6,4   47,9     05     33 
2017 07    6,3   58,7     24      0 
2017 08    6,1   42,8     11     26 
2017 09    5,3   37,8     02    351 
2017 10    3,0   39,6     06    283 
2017 11    4,7   33,5     07    316 
2017 12    4,4   32,0     02    308 
-----------------------------------
           4,9   58,7    lug     11

Updated: 23/04/2020 12:30:00