Cerea. Verona, Italy

45° 11.88' N | 011° 10.98' E | 10 metri | Mostra sulla mappa

Tabelle Climatiche December 2017

25/05/2020 00:00:00 CEST

Stazione:Vantage Pro2
Software:WeeWX v4.0.0
Weewx uptime:0 giorni, 18 ore, 45 minuti
Server uptime:0 giorni, 18 ore, 45 minuti
                   MONTHLY CLIMATOLOGICAL SUMMARY for dic 2017


NAME: Cerea. Verona, Italy                  
ELEV: 10 metri    LAT: 45-11.88 N    LONG: 011-10.98 E


                   TEMPERATURE (°C), RAIN (mm), WIND SPEED (km/h)

                                         HEAT   COOL         AVG
      MEAN                               DEG    DEG          WIND                   DOM
DAY   TEMP   HIGH   TIME    LOW   TIME   DAYS   DAYS   RAIN  SPEED   HIGH   TIME    DIR
---------------------------------------------------------------------------------------
 01    3,0    6,1  13:57   -0,8  05:53   49,5    0,0    0,0    6,4   24,5  23:25    349
 02    4,8    7,3  13:49    2,1  23:09   43,9    0,0    0,0   11,9   32,0  07:24    359
 03    2,0    8,2  14:08   -1,6  23:39   52,8    0,0    0,0    4,5   18,4  12:37    239
 04    0,9    7,2  14:06   -4,1  06:23   56,4    0,0    0,0    3,9   15,5  13:34    208
 05    1,0    6,5  14:01   -3,0  07:16   56,1    0,0    0,0    2,3    9,7  23:37    332
 06    1,8    8,5  14:15   -2,5  03:21   53,7    0,0    0,1    2,8    9,7  11:42    202
 07    2,7    7,8  13:48   -2,2  07:04   50,6    0,0    0,2    2,5    9,0  13:27    332
 08    4,1    4,6  12:00    3,4  23:42   46,1    0,0    2,1    2,6   15,5  23:50    267
 09    3,0    7,2  12:43   -1,8  23:06   49,6    0,0    0,2    5,4   24,8  00:36    213
 10   -0,9    2,2  14:56   -5,0  04:57   62,4    0,0    3,1    7,3   21,2  17:08    338
 11    3,8   10,0  23:22   -0,1  00:02   47,1    0,0   10,4    7,3   24,5  18:28    353
 12    4,5   10,0  00:16    2,3  07:34   44,7    0,0    0,0    4,3   23,4  04:08    234
 13    3,4    7,4  13:35    0,2  05:46   48,3    0,0    0,3    3,6   15,1  00:56    225
 14    4,0    6,8  14:50    2,4  23:55   46,4    0,0    1,3    3,7   17,6  22:13     24
 15    4,1    6,7  14:12    2,2  00:10   46,1    0,0    0,2    7,3   17,6  14:30    287
 16    3,6    6,7  14:27    1,4  23:53   47,6    0,0    0,0    7,5   27,0  04:14    298
 17   -0,5    1,5  14:16   -2,7  23:05   61,0    0,0    0,2    3,6   19,8  02:00    236
 18   -1,4    3,2  14:49   -4,4  06:06   63,9    0,0    0,2    0,6    9,0  18:01      4
 19   -0,1    6,0  14:09   -4,1  07:46   59,8    0,0    0,0    2,9    7,6  11:48    233
 20    1,1    6,3  14:10   -1,8  23:36   55,7    0,0    0,0    3,7   10,1  14:23    215
 21   -0,3    4,2  14:07   -4,4  07:59   60,4    0,0    0,2    1,9    6,8  11:49    224
 22    0,1    3,5  13:27   -3,6  08:00   59,1    0,0    0,0    3,7   16,9  18:23    219
 23    1,5    7,4  14:24   -3,0  07:27   54,4    0,0    0,0    3,0   10,4  14:28    209
 24    1,9    8,5  14:10   -2,2  08:07   53,1    0,0    0,2    2,6   10,4  11:57    213
 25    1,7    5,8  14:22   -3,3  07:47   53,9    0,0    0,2    3,0    8,6  19:38     31
 26    5,3    6,7  13:05    4,1  02:59   42,4    0,0    0,6    3,4   15,8  23:14    339
 27    6,6    8,0  14:33    4,7  23:56   38,1    0,0    3,2    9,7   27,7  10:40    353
 28    4,6    6,8  12:23    3,0  04:42   44,6    0,0    3,8    6,4   20,9  10:46    241
 29    3,7    9,1  14:17   -0,7  08:20   47,4    0,0    0,0    3,5    9,4  03:54    183
 30    1,3    5,6  14:28   -1,3  06:33   55,2    0,0    0,0    3,1   12,6  04:33     59
 31    1,4    3,8  14:28   -1,9  04:41   55,0    0,0    0,0    2,6    7,2  07:19    332
---------------------------------------------------------------------------------------
       2,3   10,0     11   -5,0     10 1605,3    0,0   26,4    4,4   32,0     02    308
    
Updated: 23/04/2020 12:30:00