Cerea. Verona, Italy

45° 11.88' N | 011° 10.98' E | 10 metri | Mostra sulla mappa

Tabelle Climatiche November 2017

24/05/2020 23:45:00 CEST

Stazione:Vantage Pro2
Software:WeeWX v4.0.0
Weewx uptime:0 giorni, 18 ore, 30 minuti
Server uptime:0 giorni, 18 ore, 30 minuti
                   MONTHLY CLIMATOLOGICAL SUMMARY for nov 2017


NAME: Cerea. Verona, Italy                  
ELEV: 10 metri    LAT: 45-11.88 N    LONG: 011-10.98 E


                   TEMPERATURE (°C), RAIN (mm), WIND SPEED (km/h)

                                         HEAT   COOL         AVG
      MEAN                               DEG    DEG          WIND                   DOM
DAY   TEMP   HIGH   TIME    LOW   TIME   DAYS   DAYS   RAIN  SPEED   HIGH   TIME    DIR
---------------------------------------------------------------------------------------
 01   10,1   17,6  16:09    3,6  07:21   26,7    0,0    0,0    0,4    6,5  00:39    286
 02    9,9   15,2  13:41    4,4  07:06   27,4    0,0    0,0    0,6    8,6  20:05    279
 03   11,6   17,0  13:59    7,1  07:24   21,8    0,0    0,0    0,5    9,0  15:30     16
 04   11,3   14,6  12:33    6,8  02:21   22,8    0,0    0,0    0,2    7,6  07:28    248
 05   13,3   14,5  10:21   11,0  23:57   16,3    0,0   15,4    7,8   20,9  16:30     27
 06   10,3   12,2  12:58    8,0  06:59   25,9    0,0    8,7    9,1   28,1  17:03      4
 07    9,9   11,4  00:11    8,2  23:46   27,5    0,0   26,8   14,3   33,5  03:11    351
 08   10,2   14,2  13:37    5,7  07:15   26,5    0,0    0,0    2,7   10,1  05:30    239
 09   10,5   13,3  13:00    8,5  23:37   25,3    0,0    0,0    4,6   14,0  12:06    349
 10   10,2   15,2  12:58    7,0  22:45   26,5    0,0    0,0    4,5   13,0  12:10    226
 11    6,8    9,4  15:20    5,1  02:56   37,4    0,0    0,2    1,4    6,8  00:08    167
 12    7,1    8,7  23:37    5,5  00:00   36,3    0,0    1,1    3,8   20,5  23:47    357
 13    6,4    8,5  00:00    4,6  11:45   38,7    0,0   29,4    7,9   28,4  10:14    334
 14    7,8   13,4  14:02    3,8  23:47   34,2    0,0    0,0    4,7   14,0  11:48    300
 15    6,8   11,9  13:54    3,2  05:55   37,2    0,0    0,0    5,5   12,2  18:31    285
 16    8,9   14,7  13:45    4,2  07:32   30,6    0,0    0,0    4,5   13,0  11:47    279
 17    7,3   14,2  13:21    1,8  06:57   35,8    0,0    0,0    3,3    9,0  13:11    251
 18    7,2   14,0  13:25    2,4  07:21   35,9    0,0    0,0    3,7    9,7  13:07    234
 19    5,2   10,7  15:21    1,4  23:54   42,4    0,0    0,0    3,3   10,4  13:03    182
 20    4,4   10,9  14:17   -0,3  07:10   45,2    0,0    0,2    3,4    9,7  07:19    228
 21    6,3   12,3  13:55    1,7  00:25   38,9    0,0    0,0    3,9   12,2  14:05    241
 22    6,6   10,9  14:36    1,8  07:51   37,9    0,0    0,0    2,5    6,1  13:27    335
 23    9,0   11,5  11:09    6,7  07:38   30,1    0,0    0,0    2,8    5,8  19:59    338
 24    8,9   11,0  13:15    7,1  07:41   30,6    0,0    0,0    3,4    6,5  05:18    325
 25    8,9   10,3  13:44    8,0  07:35   30,4    0,0   10,7    7,3   26,6  15:52    330
 26    6,8    9,0  00:00    1,0  23:57   37,5    0,0    6,9    7,2   27,4  07:39    218
 27    2,7   10,1  14:36   -1,3  06:39   50,5    0,0    0,2    4,0   12,6  13:50    205
 28    1,7    4,8  23:49   -1,7  05:45   53,8    0,0    0,0    4,1   13,7  23:10    356
 29    3,7    4,8  00:01    2,8  04:48   47,5    0,0    1,7    8,1   20,5  00:18    275
 30    3,8    8,6  14:45    0,4  23:20   47,1    0,0    0,0    6,0   19,8  10:41    217
---------------------------------------------------------------------------------------
       7,8   17,6     01   -1,7     28 1024,8    0,0  101,2    4,7   33,5     07    316
    
Updated: 23/04/2020 12:30:00