Cerea. Verona, Italy

45° 11.88' N | 011° 10.98' E | 10 metri | Mostra sulla mappa

Tabelle Climatiche October 2017

25/05/2020 01:45:00 CEST

Stazione:Vantage Pro2
Software:WeeWX v4.0.0
Weewx uptime:0 giorni, 20 ore, 30 minuti
Server uptime:0 giorni, 20 ore, 30 minuti
                   MONTHLY CLIMATOLOGICAL SUMMARY for ott 2017


NAME: Cerea. Verona, Italy                  
ELEV: 10 metri    LAT: 45-11.88 N    LONG: 011-10.98 E


                   TEMPERATURE (°C), RAIN (mm), WIND SPEED (km/h)

                                         HEAT   COOL         AVG
      MEAN                               DEG    DEG          WIND                   DOM
DAY   TEMP   HIGH   TIME    LOW   TIME   DAYS   DAYS   RAIN  SPEED   HIGH   TIME    DIR
---------------------------------------------------------------------------------------
 01   14,6   15,6  16:00   14,0  07:30   12,0    0,0    1,4    5,4   14,0  14:00    355
 02   15,9   21,5  17:00   10,3  07:30    8,0    0,0    0,0    2,2   11,9  14:30    154
 03   15,7   18,9  14:30   12,1  06:00    8,6    0,0    0,0    1,6   11,9  00:00     13
 04   17,2   22,4  16:00   12,7  08:00    3,8    0,0    0,0    2,6   11,9  00:30    324
 05   18,0   24,1  15:40   13,9  05:00    1,2    0,0    0,0    3,5   20,2  13:20    201
 06   16,1   23,7  14:53   12,1  23:54    7,3    0,0    1,3    4,6   39,6  15:24     15
 07   13,9   21,5  15:35    9,0  05:59   14,2    0,0    0,0    5,9   22,0  12:30    225
 08   15,2   22,2  15:58   10,5  05:01   10,1    0,0    0,0    1,9   17,6  14:30    285
 09   15,4   22,2  16:35   10,8  07:56    9,4    0,0    0,0    2,0   14,4  13:08    342
 10   15,6   22,0  15:31   10,2  07:02    9,0    0,0    0,0    1,3   10,1  15:12     72
 11   15,6   22,1  15:32    9,9  07:06    8,8    0,0    0,0    1,1   10,1  20:47     74
 12   16,0   22,8  15:18   11,6  05:49    7,5    0,0    0,0    1,0   13,7  14:47    249
 13   15,3   22,4  16:39   10,0  08:01    9,7    0,0    0,0    0,4   11,9  15:44    234
 14   14,9   23,4  17:20    8,7  07:33   11,1    0,0    0,0    0,8   10,4  14:25    107
 15   15,4   24,6  16:09    8,4  06:53    9,5    0,0    0,0    1,5   13,0  14:40    225
 16   15,9   25,6  15:55    8,1  07:30    7,9    0,0    0,0    1,6   14,0  12:55    218
 17   14,8   22,6  16:05    8,3  08:08   11,5    0,0    0,0    0,1    5,4  11:23     52
 18   12,1   16,9  16:18    9,3  04:59   20,2    0,0    0,2    2,3   10,4  22:26     59
 19   12,3   14,1  17:04   10,9  22:54   19,6    0,0    0,4    0,2    6,1  13:49     52
 20   13,7   16,7  16:36   10,6  00:25   15,1    0,0    0,0    2,0   10,1  11:20    206
 21   14,7   17,1  15:13   12,8  00:03   11,7    0,0    0,0    0,1    7,9  23:55    344
 22   14,4   16,7  15:13   10,2  21:56   12,8    0,0   10,7    6,6   23,8  22:09    337
 23   13,0   20,5  15:02    7,8  06:32   17,4    0,0    0,0    5,8   20,2  12:52    215
 24   13,1   21,9  15:12    7,4  06:01   16,9    0,0    0,0    5,6   27,0  15:30    225
 25   11,8   20,0  15:05    5,5  08:06   21,2    0,0    0,0    1,9   12,2  15:46     88
 26   11,9   19,6  14:48    6,0  06:42   20,9    0,0    0,0    1,7   14,0  12:34    205
 27   11,7   18,7  15:47    7,1  05:02   21,4    0,0    0,0    2,7   13,7  18:31    330
 28   11,2   16,5  14:36    6,2  07:19   23,0    0,0    0,0    4,1   15,1  15:06    236
 29   11,5   19,6  14:36    5,8  04:40   22,1    0,0    0,0    7,8   32,0  12:48    250
 30   13,7   18,1  13:11    8,5  01:27   14,9    0,0    0,0    7,7   21,2  09:32      6
 31   12,1   17,1  14:14    8,2  23:53   20,1    0,0    0,0    5,1   17,3  10:15    351
---------------------------------------------------------------------------------------
      14,3   25,6     16    5,5     25  406,6    0,0   14,0    3,0   39,6     06    283
    
Updated: 23/04/2020 12:30:00