Cerea. Verona, Italy

45° 11.88' N | 011° 10.98' E | 10 metri | Mostra sulla mappa

Tabelle Climatiche September 2017

25/05/2020 01:00:00 CEST

Stazione:Vantage Pro2
Software:WeeWX v4.0.0
Weewx uptime:0 giorni, 19 ore, 45 minuti
Server uptime:0 giorni, 19 ore, 45 minuti
                   MONTHLY CLIMATOLOGICAL SUMMARY for set 2017


NAME: Cerea. Verona, Italy                  
ELEV: 10 metri    LAT: 45-11.88 N    LONG: 011-10.98 E


                   TEMPERATURE (°C), RAIN (mm), WIND SPEED (km/h)

                                         HEAT   COOL         AVG
      MEAN                               DEG    DEG          WIND                   DOM
DAY   TEMP   HIGH   TIME    LOW   TIME   DAYS   DAYS   RAIN  SPEED   HIGH   TIME    DIR
---------------------------------------------------------------------------------------
 01   23,6   28,3  15:30   19,4  23:00    0,0   17,1    3,6    7,9   28,4  19:00     23
 02   18,1   22,4  13:00   16,0  23:00    0,6    0,0    5,8    6,6   37,8  13:30    262
 03   19,3   26,1  16:30   14,2  04:30    0,0    3,1    0,9    6,9   20,9  00:30    203
 04   19,8   25,7  17:30   14,4  04:00    0,0    4,7    0,0    6,7   19,4  02:30    357
 05   22,2   28,3  16:30   16,6  08:00    0,0   12,5    0,0    5,6   16,6  16:00    353
 06   18,2   20,1  00:30   16,4  07:30    0,5    0,0    0,0    4,1   10,4  03:00    333
 07   21,8   27,5  15:01   17,1  23:00    0,0   11,1    6,6    7,4   24,5  17:30     11
 08   20,3   25,2  15:30   16,2  07:31    0,0    6,3    0,0    6,6   16,9  01:00     36
 09   20,9   26,5  17:00   16,5  07:00    0,0    8,3    6,6    8,0   24,5  18:30     13
 10   17,6   18,8  15:30   16,6  05:30    2,3    0,0   12,7   10,1   31,7  16:00     12
 11   18,4   19,9  12:00   17,2  01:30    0,0    0,1   19,3    5,8   24,5  14:30    321
 12   17,1   20,2  16:30   13,2  23:00    4,0    0,0    1,8    5,8   33,1  11:00     52
 13   17,6   24,9  17:00   11,4  05:00    2,3    0,0    0,0    2,8   13,0  17:00    273
 14   17,5   20,7  17:00   13,7  06:30    2,7    0,0    0,0    5,1   21,6  17:30      7
 15   16,8   20,6  13:30   13,7  07:00    5,1    0,0    7,1    6,9   25,3  12:00    357
 16   16,3   20,4  16:30   14,1  02:00    6,7    0,0    4,3    1,1   11,6  00:30    351
 17   17,2   22,8  17:30   12,5  06:30    3,8    0,0    0,0    6,4   31,7  16:00    222
 18   15,5   20,7  12:30   11,8  05:00    9,2    0,0    4,1    2,5   14,0  14:30     32
 19   13,7   16,2  17:00   12,3  08:30   15,0    0,0   10,4    3,9   17,7  10:00    240
 20   16,4   24,0  16:30   10,7  04:30    6,3    0,0    0,0    5,2   25,3  12:00    227
 21   16,7   23,7  16:30   11,3  07:30    5,3    0,0    0,0    4,2   15,8  15:30    265
 22   16,7   23,7  16:30    9,7  07:30    5,4    0,0    0,0    3,5   13,7  10:30    325
 23   19,8   23,9  15:30   13,7  08:30    0,0    4,9    0,0    3,6   13,7  17:30    233
 24   16,6   20,4  16:00   13,9  00:00    5,7    0,0    2,5    5,7   23,0  19:00      5
 25   16,0   21,8  15:00   11,3  07:31    7,7    0,0    0,0    5,0   20,1  14:00    343
 26   16,8   22,7  16:01   11,4  07:30    4,9    0,0    0,0    4,4   16,3  13:00    341
 27   18,0   23,9  15:30   12,3  08:00    1,1    0,0    0,0    4,6   17,7  16:00    336
 28   16,2   17,5  01:00   15,4  04:30    6,8    0,0    0,0    4,9    7,6  00:30    311
 29   19,0   23,1  15:57   15,5  07:32    0,0    2,3    0,0    1,7    9,0  10:54     77
 30   17,7   21,3  16:00   14,6  23:30    2,2    0,0    0,0    5,5   10,4  16:30     62
---------------------------------------------------------------------------------------
      18,1   28,3     05    9,7     22   97,5   70,4   85,8    5,3   37,8     02    351
    
Updated: 23/04/2020 12:30:00