Cerea. Verona, Italy

45° 11.88' N | 011° 10.98' E | 10 metri | Mostra sulla mappa

Tabelle Climatiche August 2017

25/05/2020 00:15:00 CEST

Stazione:Vantage Pro2
Software:WeeWX v4.0.0
Weewx uptime:0 giorni, 19 ore, 0 minuti
Server uptime:0 giorni, 19 ore, 0 minuti
                   MONTHLY CLIMATOLOGICAL SUMMARY for ago 2017


NAME: Cerea. Verona, Italy                  
ELEV: 10 metri    LAT: 45-11.88 N    LONG: 011-10.98 E


                   TEMPERATURE (°C), RAIN (mm), WIND SPEED (km/h)

                                         HEAT   COOL         AVG
      MEAN                               DEG    DEG          WIND                   DOM
DAY   TEMP   HIGH   TIME    LOW   TIME   DAYS   DAYS   RAIN  SPEED   HIGH   TIME    DIR
---------------------------------------------------------------------------------------
 01   29,3   35,9  17:00   22,8  06:25    0,0   35,7    0,0    3,5   12,6  14:00     44
 02   30,5   37,8  16:55   24,1  06:45    0,0   39,5    0,0    5,0   17,3  13:10    245
 03   30,8   37,1  18:10   23,7  06:15    0,0   40,3    0,0    4,2   13,7  15:15     52
 04   30,9   38,2  17:05   23,9  06:45    0,0   40,7    0,0    4,3   13,7  01:05    293
 05   31,2   37,2  16:55   26,1  05:40    0,0   41,8    0,0    7,0   20,2  11:40     15
 06   28,7   35,2  15:25   23,2  00:00    0,0   33,6    0,4    7,9   23,8  14:05    347
 07   25,4   30,6  16:45   20,2  06:20    0,0   22,9    0,0    9,6   24,5  12:00     33
 08   26,0   32,0  16:30   20,2  06:30    0,0   25,0    0,0   10,0   25,2  19:15     25
 09   28,5   34,8  14:50   23,3  06:35    0,0   33,0    0,0    9,2   23,8  18:25     33
 10   25,2   28,7  10:25   22,3  06:35    0,0   22,3    0,0    6,1   27,4  17:05     45
 11   22,8   29,2  15:15   17,4  23:05    0,0   14,5    0,0    7,2   42,8  18:00    221
 12   21,3   28,2  17:50   14,6  06:30    0,0    9,7    0,0    4,9   15,8  14:05    224
 13   23,8   31,9  17:45   15,3  06:45    0,0   17,7    0,0    5,1   16,2  09:30     72
 14   27,1   32,5  17:25   20,0  03:05    0,0   28,3    0,0    7,1   16,6  10:55     77
 15   26,5   33,8  17:20   19,0  06:30    0,0   26,4    0,0    5,0   16,9  15:30    334
 16   26,6   33,2  16:05   20,4  06:50    0,0   26,7    0,0    4,6   13,7  18:25      8
 17   27,7   34,0  15:55   20,9  06:45    0,0   30,4    0,0    5,2   16,6  12:00     30
 18   28,4   35,5  16:50   21,4  06:20    0,0   32,6    0,0    5,8   16,6  19:00     67
 19   25,9   32,8  14:50   19,4  00:00    0,0   24,7    0,0    8,1   39,6  22:20     19
 20   22,2   28,4  16:45   16,7  05:55    0,0   12,6    6,2    6,9   21,2  01:40     15
 21   23,0   28,5  15:55   18,7  04:35    0,0   15,2    0,0    7,4   21,2  11:05     26
 22   22,5   29,0  17:15   16,9  05:20    0,0   13,7    0,0    5,5   13,7  05:05      6
 23   23,3   30,3  16:20   17,0  05:40    0,0   16,0    0,0    5,9   16,2  11:05     51
 24   24,4   32,0  16:20   17,6  06:45    0,0   19,7    0,0    5,3   16,9  20:30     22
 25   26,5   33,3  17:10   20,5  05:25    0,0   26,6    0,0    5,1   15,1  20:35     29
 26   27,3   34,4  16:55   19,9  06:45    0,0   29,2    0,0    4,2   11,9  15:10    109
 27   28,4   35,6  17:10   20,8  06:55    0,0   32,5    0,0    6,0   27,4  13:10    244
 28   27,5   32,0  17:10   22,1  00:00    0,0   29,8    0,0    6,8   20,9  20:20     26
 29   24,7   30,9  17:20   19,1  07:00    0,0   20,8    0,0    6,6   19,8  13:55     43
 30   25,8   32,5  17:15   19,4  06:20    0,0   24,1    0,0    5,7   19,1  20:00     50
 31   26,5   33,6  17:00   20,7  05:00    0,0   26,5    0,0    5,8   15,8  11:25     15
---------------------------------------------------------------------------------------
      26,4   38,2     04   14,6     12    0,0  812,4    6,6    6,1   42,8     11     26
    
Updated: 23/04/2020 12:30:00