Cerea. Verona, Italy

45° 11.88' N | 011° 10.98' E | 10 metri | Mostra sulla mappa

Tabelle Climatiche July 2017

25/05/2020 00:00:00 CEST

Stazione:Vantage Pro2
Software:WeeWX v4.0.0
Weewx uptime:0 giorni, 18 ore, 45 minuti
Server uptime:0 giorni, 18 ore, 45 minuti
                   MONTHLY CLIMATOLOGICAL SUMMARY for lug 2017


NAME: Cerea. Verona, Italy                  
ELEV: 10 metri    LAT: 45-11.88 N    LONG: 011-10.98 E


                   TEMPERATURE (°C), RAIN (mm), WIND SPEED (km/h)

                                         HEAT   COOL         AVG
      MEAN                               DEG    DEG          WIND                   DOM
DAY   TEMP   HIGH   TIME    LOW   TIME   DAYS   DAYS   RAIN  SPEED   HIGH   TIME    DIR
---------------------------------------------------------------------------------------
 01   22,2   28,6  16:35   15,0  05:45    0,0   12,4    0,0    6,3   20,5  12:15    213
 02   23,0   29,4  15:45   16,3  04:30    0,0   15,0    0,0    4,6   14,0  13:45    262
 03   25,4   32,4  18:10   18,3  06:20    0,0   22,8    0,0    5,6   17,3  16:50     81
 04   24,9   30,7  15:10   19,6  05:25    0,0   21,3    0,0    9,8   26,3  12:30     39
 05   26,5   33,3  16:45   19,7  05:15    0,0   26,6    0,0    5,7   17,3  16:10     67
 06   27,9   34,9  17:20   20,2  05:55    0,0   31,0    0,0    4,1   15,8  16:20    112
 07   28,4   35,2  16:55   20,6  05:45    0,0   32,6    0,0    5,5   17,6  14:50    336
 08   28,7   35,4  15:55   21,2  05:25    0,0   33,5    0,0    4,4   13,7  15:05    111
 09   28,6   34,2  16:55   21,5  06:15    0,0   33,1    0,0    6,4   31,7  02:40     46
 10   28,7   34,1  16:50   22,4  06:10    0,0   33,5    0,0    7,3   24,5  13:10    199
 11   26,1   33,0  15:30   21,3  05:55    0,0   25,1    0,0    8,5   37,4  17:30    218
 12   26,3   32,8  17:35   20,4  03:55    0,0   25,7    8,4    7,2   23,8  16:05    288
 13   26,8   31,9  15:20   21,4  05:55    0,0   27,6    0,0    7,7   23,4  14:15     33
 14   23,4   27,4  18:05   17,3  09:40    0,0   16,5    6,3   11,0   41,4  08:35    354
 15   23,6   30,3  14:35   18,4  06:15    0,0   17,2   26,0    5,8   16,9  19:25    333
 16   23,5   28,1  14:15   18,6  06:00    0,0   16,7    0,0    7,7   19,8  15:25     43
 17   23,9   30,7  16:15   14,9  06:10    0,0   18,0    0,0    4,2   14,4  12:25     97
 18   25,9   32,4  15:05   18,5  06:10    0,0   24,4    0,0    3,9   13,7  14:00     86
 19   26,7   34,0  18:10   18,3  06:20    0,0   27,2    0,0    4,5   16,2  17:20     96
 20   26,9   33,2  16:40   19,7  05:45    0,0   27,6    0,0    4,0   14,8  14:00    264
 21   27,2   32,9  14:55   21,5  06:20    0,0   28,6    0,0    8,3   22,7  16:40     33
 22   28,1   34,7  17:25   21,5  06:10    0,0   31,7    0,0    5,7   20,2  14:20    238
 23   28,9   34,8  17:30   22,5  06:50    0,0   34,2    0,0    6,1   21,2  12:05    226
 24   24,0   32,6  13:35   18,8  15:00    0,0   18,4   27,1    6,5   58,7  13:45      2
 25   22,5   30,5  16:50   16,5  05:35    0,0   13,3    0,0    5,3   28,1  18:05     38
 26   22,2   29,8  15:10   14,5  06:00    0,0   12,4    0,0    7,9   27,7  15:35    264
 27   24,3   31,4  17:00   16,0  06:10    0,0   19,2    0,0    5,2   13,0  00:05    234
 28   26,1   32,9  17:10   19,4  05:35    0,0   25,0    0,0    5,4   17,3  21:45     25
 29   26,6   31,9  16:50   21,4  00:00    0,0   26,8    6,9    9,5   39,6  23:40     25
 30   25,4   31,1  16:15   20,1  06:45    0,0   22,9   14,1    5,2   23,4  00:05    259
 31   27,2   33,4  18:05   20,7  06:20    0,0   28,8    0,0    4,8   12,6  20:45    305
---------------------------------------------------------------------------------------
      25,8   35,4     08   14,5     26    0,0  749,3   88,8    6,3   58,7     24      0
    
Updated: 23/04/2020 12:30:00