Cerea. Verona, Italy

45° 11.88' N | 011° 10.98' E | 10 metri | Mostra sulla mappa

Tabelle Climatiche June 2017

24/05/2020 23:15:00 CEST

Stazione:Vantage Pro2
Software:WeeWX v4.0.0
Weewx uptime:0 giorni, 18 ore, 0 minuti
Server uptime:0 giorni, 18 ore, 0 minuti
                   MONTHLY CLIMATOLOGICAL SUMMARY for giu 2017


NAME: Cerea. Verona, Italy                  
ELEV: 10 metri    LAT: 45-11.88 N    LONG: 011-10.98 E


                   TEMPERATURE (°C), RAIN (mm), WIND SPEED (km/h)

                                         HEAT   COOL         AVG
      MEAN                               DEG    DEG          WIND                   DOM
DAY   TEMP   HIGH   TIME    LOW   TIME   DAYS   DAYS   RAIN  SPEED   HIGH   TIME    DIR
---------------------------------------------------------------------------------------
 01   25,0   31,6  16:05   18,6  05:25    0,0   21,7    0,0    4,1   19,1  15:15    168
 02   23,8   31,1  15:30   17,7  05:55    0,0   17,9    0,0    4,4   17,3  14:45    353
 03   25,3   32,4  16:50   18,0  05:10    0,0   22,6    0,0    4,0   24,8  16:30     88
 04   25,2   30,9  16:25   18,8  04:30    0,0   22,2    0,0    7,5   28,4  14:10    253
 05   22,3   27,8  15:30   17,1  19:50    0,0   13,0   29,5   12,2   47,9  19:30    357
 06   21,6   27,5  18:05   17,3  01:45    0,0   10,6    0,0    5,6   33,5  18:00    187
 07   21,8   28,7  17:10   16,1  05:45    0,0   11,1    0,0    7,3   28,1  23:40    335
 08   20,4   26,6  16:30   14,3  05:50    0,0    6,6    0,0    7,2   17,6  01:35     21
 09   22,2   28,3  16:45   14,6  05:45    0,0   12,6    0,0    4,1   12,6  11:45    301
 10   24,1   30,2  17:45   18,2  06:10    0,0   18,7    0,0    4,0   11,9  16:20     51
 11   25,1   31,1  16:00   18,5  05:55    0,0   21,9    0,0    6,5   19,8  12:30     68
 12   26,0   33,0  17:45   19,7  06:00    0,0   24,8    0,0    5,9   15,8  20:05     50
 13   26,9   34,0  17:40   20,5  05:55    0,0   27,9    0,0    6,1   15,1  20:05     31
 14   25,8   31,4  16:10   21,1  00:00    0,0   24,2    4,3    8,2   24,5  17:25     15
 15   25,0   30,7  17:30   20,1  00:45    0,0   21,7    1,0    4,5   15,8  15:45     80
 16   27,2   32,8  17:20   21,4  06:25    0,0   28,8    0,0    4,8   16,6  22:20    225
 17   26,7   32,9  16:45   21,6  05:50    0,0   27,2    0,0    9,1   21,2  17:20     45
 18   24,5   29,3  15:00   19,5  00:00    0,0   19,9    0,0    7,0   20,2  11:10     72
 19   24,6   31,3  17:40   16,2  05:15    0,0   20,4    0,0    4,0   15,8  16:50    150
 20   26,6   33,6  16:15   17,5  05:45    0,0   26,9    0,0    4,4   16,9  12:40    141
 21   27,8   34,5  17:20   20,3  06:05    0,0   30,7    0,0    4,7   17,3  00:00    120
 22   29,3   35,2  17:20   22,1  06:00    0,0   35,5    0,0    5,2   21,2  15:05    152
 23   29,9   35,8  17:20   24,0  06:35    0,0   37,5    0,0    8,4   29,9  09:30    230
 24   30,0   35,7  17:05   24,7  06:05    0,0   37,9    0,0    6,5   17,3  20:30     35
 25   25,7   29,6  15:50   22,2  00:00    0,0   23,7    0,0    7,0   32,0  09:25    324
 26   26,1   32,4  17:05   19,9  05:45    0,0   25,2    0,0    6,6   18,0  14:40     46
 27   26,1   30,3  15:40   22,4  05:30    0,0   25,3    0,0    8,8   25,2  17:15     11
 28   23,1   31,4  12:30   17,0  19:40    0,0   15,3   32,8    9,7   39,2  14:10     30
 29   21,8   28,7  16:30   16,1  05:30    0,0   11,2    9,4    9,7   40,3  17:30    181
 30   21,7   26,5  17:50   15,2  05:20    0,0   10,8    0,0    4,4   14,0  23:35    138
---------------------------------------------------------------------------------------
      25,1   35,8     23   14,3     08    0,0  653,8   77,0    6,4   47,9     05     33
    
Updated: 23/04/2020 12:30:00