Cerea. Verona, Italy

45° 11.88' N | 011° 10.98' E | 10 metri | Mostra sulla mappa

Tabelle Climatiche May 2017

25/05/2020 01:30:00 CEST

Stazione:Vantage Pro2
Software:WeeWX v4.0.0
Weewx uptime:0 giorni, 20 ore, 15 minuti
Server uptime:0 giorni, 20 ore, 15 minuti
                   MONTHLY CLIMATOLOGICAL SUMMARY for mag 2017


NAME: Cerea. Verona, Italy                  
ELEV: 10 metri    LAT: 45-11.88 N    LONG: 011-10.98 E


                   TEMPERATURE (°C), RAIN (mm), WIND SPEED (km/h)

                                         HEAT   COOL         AVG
      MEAN                               DEG    DEG          WIND                   DOM
DAY   TEMP   HIGH   TIME    LOW   TIME   DAYS   DAYS   RAIN  SPEED   HIGH   TIME    DIR
---------------------------------------------------------------------------------------
 01
 02
 03   13,3   18,2  16:05   10,8  06:35   16,4    0,0    8,4    7,1   18,0  08:40      4
 04   14,2   19,8  16:05    9,9  04:35   13,5    0,0    6,3    4,0   16,9  15:15    194
 05   15,2   22,5  17:10    9,0  04:55   10,0    0,0    0,0    5,0   19,4  13:40    207
 06   14,1   19,1  14:20   11,7  04:20   13,7    0,0   14,7    9,2   27,7  13:45      8
 07   13,3   15,3  16:45   11,5  02:35   16,4    0,0    2,0   10,3   36,7  14:40    231
 08   14,9   21,7  17:55   10,1  04:00   11,1    0,0    2,0    4,3   16,6  21:30    262
 09   16,0   20,2  16:25   12,9  06:20    7,6    0,0    2,3    6,0   20,2  13:25    119
 10   14,6   19,0  16:25   10,5  06:15   12,1    0,0    0,0   10,0   24,5  05:40     27
 11   15,6   19,7  15:15   11,7  06:05    8,7    0,0    0,0   11,3   27,7  16:10     13
 12   19,1   25,2  15:05   14,2  05:40    0,0    2,4    0,0    6,5   28,4  16:05    241
 13   20,2   27,2  17:20   13,2  06:05    0,0    6,1    0,0    7,8   27,7  09:20    220
 14   21,2   27,4  17:10   14,5  06:00    0,0    9,3    0,0    4,2   22,0  23:30    232
 15   20,0   25,9  15:35   15,7  06:35    0,0    5,6    3,0    6,4   32,4  19:15    358
 16   21,3   27,6  17:00   14,4  06:05    0,0    9,7    0,0    4,0   14,0  16:25    262
 17   22,0   28,3  13:50   15,7  06:00    0,0   12,0    0,0    5,8   17,6  17:05     61
 18   21,8   27,7  15:10   16,2  05:50    0,0   11,3    0,0    6,1   19,1  16:55     49
 19   19,4   27,1  14:25   16,2  23:35    0,0    3,6    4,3    8,2   36,0  14:45    348
 20   16,4   20,5  17:00   13,3  05:40    6,4    0,0    0,0    4,8   23,4  13:40     74
 21   20,2   27,1  15:55   12,2  06:40    0,0    6,0    0,0    4,3   16,9  17:45    147
 22   21,7   28,8  16:50   13,5  06:10    0,0   11,0    0,0    3,9   16,6  16:50    169
 23   23,7   30,5  17:35   15,9  06:10    0,0   17,2    0,0    5,1   19,8  12:40    228
 24   23,7   30,0  16:05   18,2  07:05    0,0   17,3    0,0    5,0   16,9  23:30    336
 25   21,5   25,9  15:10   17,5  00:00    0,0   10,1    0,0   10,8   28,1  11:50     65
 26   21,2   26,9  16:40   16,3  03:40    0,0    9,4    0,0    6,1   17,3  13:10     71
 27   22,8   29,2  16:30   15,4  04:40    0,0   14,6    0,0    4,2   16,2  11:45    106
 28   24,6   30,7  16:00   18,3  00:40    0,0   20,3    0,0    5,0   17,6  13:05     91
 29   24,6   31,0  16:55   17,5  05:50    0,0   20,2    0,0    6,2   15,8  16:45     80
 30   25,2   32,4  16:35   18,5  05:55    0,0   22,1    0,0    5,2   17,3  20:05     69
 31   25,7   32,2  17:05   19,8  05:10    0,0   23,8    0,0    5,6   19,1  17:35     59
---------------------------------------------------------------------------------------
      19,6   32,4     30    9,0     05  116,0  232,0   43,2    6,3   36,7     07     37
    
Updated: 23/04/2020 12:30:00