Cerea. Verona, Italy

45° 11.88' N | 011° 10.98' E | 10 metri | Mostra sulla mappa

Tabelle Climatiche April 2017

25/05/2020 00:45:00 CEST

Stazione:Vantage Pro2
Software:WeeWX v4.0.0
Weewx uptime:0 giorni, 19 ore, 30 minuti
Server uptime:0 giorni, 19 ore, 30 minuti
                   MONTHLY CLIMATOLOGICAL SUMMARY for apr 2017


NAME: Cerea. Verona, Italy                  
ELEV: 10 metri    LAT: 45-11.88 N    LONG: 011-10.98 E


                   TEMPERATURE (°C), RAIN (mm), WIND SPEED (km/h)

                                         HEAT   COOL         AVG
      MEAN                               DEG    DEG          WIND                   DOM
DAY   TEMP   HIGH   TIME    LOW   TIME   DAYS   DAYS   RAIN  SPEED   HIGH   TIME    DIR
---------------------------------------------------------------------------------------
 01   15,4   20,9  16:35   10,7  04:35    9,5    0,0    0,0    9,9   31,7  16:55     13
 02   15,0   19,0  17:00   11,8  05:25   10,8    0,0    0,0   13,9   36,4  14:35     22
 03   16,6   25,1  16:10    8,7  05:45    5,6    0,0    0,0    6,4   28,1  10:10    242
 04   17,2   24,4  14:35   10,4  05:40    3,7    0,0    0,0    6,7   36,7  20:50    355
 05   13,9   19,3  17:35   10,8  05:15   14,5    0,0    6,3    9,5   30,6  00:15    329
 06   13,9   22,8  15:00    8,8  06:35   14,5    0,0    0,0    6,9   20,2  13:15    115
 07   14,1   19,0  13:40    9,9  07:10   13,6    0,0    0,0    6,5   15,5  10:35      5
 08   15,4   23,3  16:50    8,1  06:25    9,4    0,0    0,0    4,5   15,5  13:10     58
 09   16,5   23,7  17:25    9,9  04:55    5,9    0,0    0,0    6,8   19,4  13:30     38
 10   17,6   25,0  16:20    9,4  06:50    2,5    0,0    0,0    4,2   16,6  20:55     31
 11   17,5   23,8  15:45   12,6  06:55    2,7    0,0    0,0    7,4   19,4  18:25     24
 12   17,3   23,2  16:10   13,0  23:50    3,3    0,0    0,0    6,4   18,0  03:00     36
 13   17,3   25,0  16:40   10,2  07:15    3,4    0,0    0,0    5,6   20,2  21:10    352
 14   18,9   24,8  17:10   14,3  06:30    0,0    1,7    0,0    6,2   19,8  01:45     14
 15   17,0   20,1  16:45   13,6  06:45    4,4    0,0    0,0    7,3   20,2  14:45     19
 16   16,9   23,4  15:25   10,8  05:30    4,6    0,0    2,0    6,1   27,7  23:10    324
 17   13,9   19,5  16:05    9,1  06:40   14,5    0,0    0,0    9,4   24,8  00:15     47
 18    9,1   12,9  10:20    5,0  23:55   29,9    0,0    0,0    9,8   36,7  10:55     10
 19   10,5   18,3  15:10    3,4  04:15   25,4    0,0    0,0    8,6   32,4  17:55    291
 20   10,1   17,6  17:00    1,9  06:40   26,7    0,0    0,0    5,3   20,5  13:20     84
 21   11,3   17,3  17:00    4,5  06:35   22,7    0,0    0,0    5,9   16,9  16:00    108
 22   12,6   21,5  16:45    3,3  05:35   18,7    0,0    0,0    6,2   28,4  20:10     52
 23   13,5   19,9  16:10    6,3  06:55   15,6    0,0    3,3    7,5   23,8  19:05     38
 24   15,3   18,8  13:35   11,8  06:20   10,0    0,0    0,0    8,6   19,8  01:45     11
 25   15,6   21,5  15:35   11,5  07:00    8,7    0,0    0,0    6,6   16,9  02:30     25
 26   13,1   15,6  11:35   12,5  20:35   16,9    0,0    9,4    8,9   20,5  16:50    349
 27   14,9   19,4  13:25   12,1  06:35   11,0    0,0   10,7    4,1   11,9  18:40    342
 28   13,2   16,9  12:40    8,2  22:50   16,7    0,0    1,0    9,2   32,4  09:35    222
 29
 30
---------------------------------------------------------------------------------------
      14,8   25,1     03    1,9     20  325,1    1,7   32,8    7,3   36,7     04     13
    
Updated: 23/04/2020 12:30:00