Cerea. Verona, Italy

45° 11.88' N | 011° 10.98' E | 10 metri | Mostra sulla mappa

Tabelle Climatiche March 2017

25/05/2020 00:15:00 CEST

Stazione:Vantage Pro2
Software:WeeWX v4.0.0
Weewx uptime:0 giorni, 19 ore, 0 minuti
Server uptime:0 giorni, 19 ore, 0 minuti
                   MONTHLY CLIMATOLOGICAL SUMMARY for mar 2017


NAME: Cerea. Verona, Italy                  
ELEV: 10 metri    LAT: 45-11.88 N    LONG: 011-10.98 E


                   TEMPERATURE (°C), RAIN (mm), WIND SPEED (km/h)

                                         HEAT   COOL         AVG
      MEAN                               DEG    DEG          WIND                   DOM
DAY   TEMP   HIGH   TIME    LOW   TIME   DAYS   DAYS   RAIN  SPEED   HIGH   TIME    DIR
---------------------------------------------------------------------------------------
 01   10,5   17,6  16:50    5,8  00:00   25,5    0,0    0,0    4,7   12,2  01:40    236
 02    9,6   15,9  16:00    4,2  06:40   28,4    0,0    0,0    3,2   10,1  11:45     54
 03   10,4   16,1  14:30    4,5  05:30   25,7    0,0    0,0    5,5   15,8  11:05     59
 04    9,3   11,7  16:25    7,3  04:55   29,2    0,0    0,8    6,1   20,2  12:15     59
 05   10,2   16,1  14:10    5,7  00:00   26,3    0,0    0,0    2,5    9,7  16:30    194
 06    8,6   13,4  13:00    3,0  07:10   31,6    0,0    1,3    3,4   12,2  19:50     46
 07   11,0   18,1  15:55    3,9  07:20   23,8    0,0    0,0    3,5   12,6  20:30    262
 08    9,9   17,6  15:45    0,8  06:35   27,4    0,0    0,0    1,3    7,9  12:20    237
 09   10,6   18,7  16:25    2,3  06:25   25,0    0,0    0,0    1,3    7,9  14:00    281
 10   13,4   22,6  14:45    5,9  06:35   16,0    0,0    0,0    4,5   20,2  19:25     56
 11    9,9   16,5  15:40    1,9  07:10   27,5    0,0    0,0    2,0    9,7  17:05     99
 12    9,0   15,2  14:20    4,3  00:20   30,2    0,0    0,0    4,6   17,6  17:20     64
 13    9,5   15,9  16:40    4,5  06:10   28,5    0,0    0,0    3,1   11,9  10:10     45
 14   11,6   19,4  15:15    4,4  06:00   21,9    0,0    0,0    2,1    9,7  11:30    246
 15   12,0   17,2  15:00    5,9  06:10   20,7    0,0    0,0    3,1   13,7  08:35     71
 16   11,8   20,2  15:55    4,6  03:20   21,1    0,0    0,0    2,2    9,7  10:40     82
 17   12,4   21,6  16:05    3,7  06:55   19,1    0,0    0,0    1,2    7,9  14:20    255
 18   11,8   18,4  15:05    6,7  06:45   21,3    0,0    0,0    2,1   12,6  18:35     73
 19   11,7   17,3  14:40    6,0  06:10   21,4    0,0    0,0    2,5    7,9  17:25     62
 20   12,0   18,2  15:30    7,0  04:55   20,4    0,0    0,0    3,1    9,4  17:30     62
 21   12,1   15,4  16:55    9,9  06:40   20,2    0,0    0,0    5,0   12,6  10:40     72
 22   12,3   14,9  15:00   10,3  03:15   19,4    0,0    0,0    6,5   14,0  17:05     60
 23   14,6   20,2  15:20   10,7  06:50   12,1    0,0    0,0    6,3   15,5  14:45     61
 24   15,5   21,4  14:35   10,5  06:55    9,2    0,0    0,0    3,5    9,0  07:55     66
 25   15,1   22,0  15:30    9,2  06:50   10,4    0,0    0,0    3,4   14,8  16:30     76
 26   12,7   17,2  15:45    9,4  00:00   18,1    0,0    5,1    3,7   11,2  11:00    233
 27   11,7   17,7  17:30    7,2  02:55   21,6    0,0    0,0    4,7   10,4  09:35     39
 28    8,9   20,5  18:05    4,1  06:45   30,4    0,0    0,0    2,1    4,0  18:25    262
 29   19,3   24,4  16:20   12,0  09:50    0,0    3,3    0,0    4,6   13,7  17:40    204
 30   16,4   25,8  17:05    6,6  07:05    6,2    0,0    0,0    3,0   11,9  12:55    118
 31   17,5   25,6  17:00   10,0  07:00    2,6    0,0    0,0    7,6   18,0  18:55     45
---------------------------------------------------------------------------------------
      11,9   25,8     30    0,8     08  640,7    3,3    7,1    3,7   20,2     04     63
    
Updated: 23/04/2020 12:30:00