Cerea. Verona, Italy

45° 11.88' N | 011° 10.98' E | 10 metri | Mostra sulla mappa

Tabelle Climatiche February 2017

25/05/2020 00:00:00 CEST

Stazione:Vantage Pro2
Software:WeeWX v4.0.0
Weewx uptime:0 giorni, 18 ore, 45 minuti
Server uptime:0 giorni, 18 ore, 45 minuti
                   MONTHLY CLIMATOLOGICAL SUMMARY for feb 2017


NAME: Cerea. Verona, Italy                  
ELEV: 10 metri    LAT: 45-11.88 N    LONG: 011-10.98 E


                   TEMPERATURE (°C), RAIN (mm), WIND SPEED (km/h)

                                         HEAT   COOL         AVG
      MEAN                               DEG    DEG          WIND                   DOM
DAY   TEMP   HIGH   TIME    LOW   TIME   DAYS   DAYS   RAIN  SPEED   HIGH   TIME    DIR
---------------------------------------------------------------------------------------
 01    4,7    7,2  14:10    2,9  05:45   44,3    0,0    1,0    0,8    4,7  12:15    264
 02    5,7    7,4  15:20    3,8  07:10   41,0    0,0    1,0    0,7    6,1  13:20     73
 03    7,6   10,8  15:00    6,2  03:40   34,9    0,0    4,3    3,5   16,6  09:25     54
 04    6,9    7,9  15:00    5,4  23:50   37,1    0,0    7,4    4,0   19,4  16:15    356
 05    5,3    6,7  00:00    2,9  05:50   42,1    0,0   31,5    9,5   30,6  19:55     38
 06    7,0    9,9  16:30    5,1  06:30   36,7    0,0    8,4    2,3   11,5  00:05    296
 07    8,2   13,2  13:50    5,6  22:25   32,8    0,0    0,0    1,0    6,8  11:35    157
 08    6,7    9,0  11:50    4,2  22:30   37,8    0,0    0,0    6,2   16,9  23:35     49
 09    4,8    7,6  14:35    2,0  05:10   43,7    0,0    0,0    6,8   20,2  11:35     46
 10    5,5    6,9  15:05    4,5  01:25   41,6    0,0    0,0    3,4   11,5  11:20     51
 11    6,3    8,5  16:05    4,8  05:45   39,1    0,0    0,0    0,6    5,8  13:15     10
 12    7,3   11,3  13:50    5,0  08:00   35,8    0,0    0,0    0,5    5,4  14:20    226
 13    6,3    8,1  14:40    4,4  06:40   39,0    0,0    0,0    4,2   13,0  14:55     47
 14    5,9   12,0  14:20    0,3  07:55   40,4    0,0    0,0    1,5   10,1  02:25    273
 15    6,1   13,9  16:25    0,0  07:30   39,6    0,0    0,0    1,5    9,4  12:20    234
 16    6,5   15,7  14:50   -0,1  05:50   38,2    0,0    0,0    0,6    5,0  13:45    246
 17    5,2   10,5  15:15    0,0  08:00   42,6    0,0    1,3    3,6   15,8  19:05     70
 18    7,0   13,7  16:40    1,6  06:40   36,7    0,0    1,0    1,0   10,4  12:35    240
 19    3,8   10,0  16:15   -1,5  06:30   47,1    0,0    0,0    1,1    5,8  11:20    233
 20    3,8   10,3  16:30   -0,4  07:45   47,1    0,0    0,0    0,8    8,6  15:30    247
 21    3,9    6,5  16:05    2,0  06:35   46,8    0,0    0,0    1,3    6,8  17:15    234
 22    6,5   10,2  13:50    3,5  00:05   38,5    0,0    0,0    0,8    5,8  11:35    240
 23    7,5   12,1  14:25    3,1  07:05   35,2    0,0    0,0    2,6   12,6  13:30     64
 24    7,9    9,2  16:50    6,3  04:15   33,9    0,0    3,0    4,0   14,8  23:45     60
 25    8,0   13,7  16:45    4,0  23:05   33,5    0,0    0,0    4,2   16,9  00:45     38
 26    6,7   13,9  14:40   -0,4  06:45   37,8    0,0    0,0    1,1    6,5  16:25    208
 27    8,2   13,9  14:00    1,8  06:45   32,9    0,0    0,0    1,1    8,6  11:45    212
 28    8,8   11,7  10:25    7,3  06:40   31,0    0,0    1,3    7,3   16,6  08:40     49
---------------------------------------------------------------------------------------
       6,3   15,7     16   -1,5     19 1087,4    0,0   60,2    2,7   30,6     05     46
    
Updated: 23/04/2020 12:30:00