Cerea. Verona, Italy

45° 11.88' N | 011° 10.98' E | 10 metri | Mostra sulla mappa

Tabelle Climatiche January 2017

24/05/2020 23:15:00 CEST

Stazione:Vantage Pro2
Software:WeeWX v4.0.0
Weewx uptime:0 giorni, 18 ore, 0 minuti
Server uptime:0 giorni, 18 ore, 0 minuti
                   MONTHLY CLIMATOLOGICAL SUMMARY for gen 2017


NAME: Cerea. Verona, Italy                  
ELEV: 10 metri    LAT: 45-11.88 N    LONG: 011-10.98 E


                   TEMPERATURE (°C), RAIN (mm), WIND SPEED (km/h)

                                         HEAT   COOL         AVG
      MEAN                               DEG    DEG          WIND                   DOM
DAY   TEMP   HIGH   TIME    LOW   TIME   DAYS   DAYS   RAIN  SPEED   HIGH   TIME    DIR
---------------------------------------------------------------------------------------
 01   -1,5    4,4  15:15   -5,0  06:40   64,1    0,0    0,0    0,9    6,1  14:30    235
 02    1,0    5,9  13:55   -3,3  00:15   56,3    0,0    0,0    0,5    7,6  13:40     40
 03    3,6    9,3  13:15   -1,5  23:55   47,9    0,0    0,0    2,7   13,0  13:35     45
 04    0,3    4,2  14:10   -1,5  00:20   58,5    0,0    0,0    3,5   10,8  15:50    290
 05    3,1    8,8  13:10   -2,4  03:10   49,4    0,0    0,0    7,2   23,8  16:45    359
 06   -1,2    4,2  12:40   -5,6  07:40   63,2    0,0    0,0    2,0   12,2  12:05    105
 07   -3,0    2,9  14:10   -7,6  08:25   69,2    0,0    0,0    1,1    9,4  14:40     64
 08   -2,9    2,3  14:10   -6,9  08:30   68,8    0,0    0,0    1,8    6,8  13:45     31
 09   -3,1    1,9  15:30   -6,9  08:05   69,6    0,0    0,0    1,6   10,1  11:55      0
 10   -0,6    0,7  15:35   -6,4  01:25   61,5    0,0    0,0    7,5   23,8  06:20     34
 11   -1,3    2,4  14:20   -4,5  08:20   63,6    0,0    0,0    4,2   15,8  00:30     36
 12   -0,2    1,2  19:30   -1,7  08:15   60,0    0,0    0,0    5,4   15,8  14:35     37
 13    1,1    3,8  18:50   -0,4  00:00   56,0    0,0    2,0    4,3   15,1  12:20    231
 14    0,8    7,6  14:30   -4,7  06:05   56,9    0,0    0,0    2,0    9,7  21:10    227
 15    2,4    7,2  12:05   -1,5  01:00   51,6    0,0    0,0    4,3   18,4  12:40     15
 16    1,3    5,3  13:25   -3,0  07:55   55,1    0,0    0,0    4,7   20,5  14:30     13
 17    2,9    7,0  14:35   -0,2  06:35   49,9    0,0    0,0    5,5   24,5  13:55     42
 18    2,8    7,3  14:55   -2,0  07:55   50,3    0,0    0,0    5,6   20,2  15:00     22
 19    3,5    7,4  14:20    0,0  08:10   48,1    0,0    0,0    5,3   20,2  14:45     32
 20    1,2    6,8  14:00   -3,6  07:45   55,6    0,0    0,0    3,2   15,5  15:15     20
 21    0,2    7,2  14:25   -5,1  08:10   58,8    0,0    0,0    1,0    6,1  13:25    290
 22    1,1    9,6  14:30   -5,2  08:05   55,9    0,0    0,0    1,7    7,9  14:30    341
 23    4,0    8,2  13:45    0,6  06:00   46,5    0,0    0,0    1,5    7,9  12:45    257
 24    3,4   10,5  15:00   -2,5  06:10   48,4    0,0    0,0    1,3   14,0  23:30    354
 25    2,1    7,2  14:10   -2,9  06:25   52,6    0,0    0,0    3,5   16,2  11:05     38
 26    0,8    5,5  14:25   -2,6  06:40   56,7    0,0    0,0    4,8   16,2  13:55     41
 27    0,1    6,0  15:00   -5,4  07:05   59,1    0,0    0,0    1,0    9,0  11:45    263
 28    0,6    6,3  15:00   -3,2  23:45   57,5    0,0    0,0    1,1    6,8  11:55    329
 29   -0,5    5,7  14:40   -5,6  07:25   60,9    0,0    0,0    0,4    6,1  12:25    246
 30    0,8    5,6  13:15   -4,2  06:50   56,8    0,0    0,0    0,5    5,0  11:35    188
 31    3,2    3,8  11:30    2,5  01:40   49,1    0,0    0,0    1,3    6,8  13:05      5
---------------------------------------------------------------------------------------
       0,8   10,5     24   -7,6     07 1757,8    0,0    2,0    3,0   24,5     17     22
    
Updated: 23/04/2020 12:30:00