Cerea. Verona, Italy

45° 11.88' N | 011° 10.98' E | 10 metri | Mostra sulla mappa

Tabelle Climatiche 2016

25/05/2020 00:30:00 CEST

Stazione:Vantage Pro2
Software:WeeWX v4.0.0
Weewx uptime:0 giorni, 19 ore, 15 minuti
Server uptime:0 giorni, 19 ore, 15 minuti
                     CLIMATOLOGICAL SUMMARY FOR 2016


NAME: Cerea. Verona, Italy                  
ELEV: 10 metri    LAT: 45-11.88 N    LONG: 011-10.98 E


                                       TEMPERATURE (°C)

                              HEAT    COOL                              MAX    MAX    MIN    MIN
          MEAN   MEAN         DEG     DEG                                >=     <=     <=     <=
 YR  MO   MAX    MIN    MEAN  DAYS    DAYS      HI  DAY     LOW  DAY     30      0      0    -20
------------------------------------------------------------------------------------------------
2016 01    7,1   -0,2    3,1 1535,9    0,0    13,7   29    -5,9   19      0      0     18      0
2016 02   11,1    3,9    7,2 1042,9    0,0    16,4   19    -1,2   11      0      0      1      0
2016 03   16,1    7,0   12,2  226,4    0,0    22,6   29     2,9   03      0      0      0      0
2016 04   21,9    9,3   15,0  324,2    0,2    27,2   16     6,3   21      0      0      0      0
2016 05   24,2   12,2   17,9  124,3   77,7    29,5   21     9,0   18      0      0      0      0
2016 06   29,3   16,8   22,5    3,8  408,7    36,8   25    13,0   01     12      0      0      0
2016 07   33,1   20,4   26,5    0,0  815,9    37,1   11    13,0   16     28      0      0      0
2016 08   30,8   18,1   24,2    0,0  592,1    35,1   15    14,3   13     21      0      0      0
2016 09   28,2   16,1   21,6    9,8  327,0    33,7   03    11,1   23     12      0      0      0
2016 10   18,0    9,6   13,5  491,9    2,5    25,8   01     3,8   12      0      0      0      0
2016 11   12,2    6,1    9,0  910,3    0,0    17,2   22    -1,2   16      0      0      2      0
2016 12    6,3    0,2    2,9 1546,0    0,0    12,8   21    -3,8   31      0      1     19      0
------------------------------------------------------------------------------------------------
          20,1   10,1   14,8 6215,5 2224,0    37,1  lug    -5,9  gen     73      1     40      0


                  PRECIPITATION (mm)

                  MAX         ---DAYS OF RAIN---
                  OBS.               OVER
 YR  MO  TOTAL    DAY  DATE   0.30   3.00  30.00
------------------------------------------------
2016 01   29,7    7,4    09      7      6      0
2016 02  131,1   28,2    29     15     11      0
2016 03   18,0   16,0    03      3      1      0
2016 04   19,5    7,1    19      4      3      0
2016 05  109,7   35,8    12      9      9      1
2016 06  115,8   42,2    15     13      8      1
2016 07   15,7   15,7    28      1      1      0
2016 08   21,3    8,6    05      6      2      0
2016 09   33,5   22,1    21      4      2      0
2016 10   74,7   51,8    14      9      3      1
2016 11   68,6   24,1    25      8      6      0
2016 12    4,3    1,3    10      4      0      0
------------------------------------------------
         642,1   51,8   ott     83     52      3


           WIND SPEED (km/h)

                                DOM
 YR  MO    AVG     HI   DATE    DIR
-----------------------------------
2016 01    1,7   10,3     11    289 
2016 02    4,1   21,2     29     53 
2016 03    2,9   29,9     03     63 
2016 04    2,7   22,7     24     73 
2016 05    2,3   23,8     05     64 
2016 06    1,8   20,9     16     63 
2016 07    1,9   17,3     15     77 
2016 08    1,7   23,0     05     74 
2016 09    1,5   28,4     06     60 
2016 10    2,0   26,6     14     48 
2016 11    2,8   20,5     28     41 
2016 12    1,7   19,8     19    354 
-----------------------------------
           2,2   29,9    mar     57

Updated: 23/04/2020 12:30:00