Cerea. Verona, Italy

45° 11.88' N | 011° 10.98' E | 10 metri | Mostra sulla mappa

Tabelle Climatiche December 2016

25/05/2020 01:30:00 CEST

Stazione:Vantage Pro2
Software:WeeWX v4.0.0
Weewx uptime:0 giorni, 20 ore, 15 minuti
Server uptime:0 giorni, 20 ore, 15 minuti
                   MONTHLY CLIMATOLOGICAL SUMMARY for dic 2016


NAME: Cerea. Verona, Italy                  
ELEV: 10 metri    LAT: 45-11.88 N    LONG: 011-10.98 E


                   TEMPERATURE (°C), RAIN (mm), WIND SPEED (km/h)

                                         HEAT   COOL         AVG
      MEAN                               DEG    DEG          WIND                   DOM
DAY   TEMP   HIGH   TIME    LOW   TIME   DAYS   DAYS   RAIN  SPEED   HIGH   TIME    DIR
---------------------------------------------------------------------------------------
 01    1,9    5,9  14:20   -0,8  08:10   53,2    0,0    0,0    0,2    4,3  03:20    275
 02    3,5    8,4  14:00   -1,0  06:15   48,2    0,0    0,0    2,1   10,4  15:15     62
 03    6,8    7,7  17:20    4,8  00:05   37,2    0,0    1,0    3,9   12,6  02:35     23
 04    7,3    9,5  14:05    6,1  07:20   35,8    0,0    1,0    0,3    5,0  12:30     17
 05    6,8    9,0  15:10    5,3  04:15   37,4    0,0    0,0    0,7    6,5  14:50    239
 06    4,6    7,3  14:00    1,1  19:35   44,6    0,0    0,0    0,7    5,8  11:30    216
 07    2,7    5,6  15:00    0,6  23:05   50,6    0,0    0,0    0,9    6,5  16:30    243
 08    1,0    2,9  15:35   -0,5  05:55   56,0    0,0    0,0    1,6    6,5  10:10    247
 09    0,4    1,4  13:45   -0,5  23:20   58,1    0,0    0,0    0,8    5,4  00:45    270
 10   -0,0    1,3  15:25   -1,3  07:15   59,4    0,0    1,3    1,0    5,0  00:50    252
 11    0,5    2,2  17:00   -0,9  09:25   57,9    0,0    0,0    1,7    7,9  17:20     39
 12    2,3    3,8  13:25    0,7  00:30   52,1    0,0    0,0    2,3    9,4  13:35    238
 13    2,2    3,5  15:05    1,0  07:30   52,3    0,0    0,0    1,0    6,5  05:30    306
 14    2,6    3,5  15:10    1,9  03:50   50,9    0,0    0,0    2,0    7,9  10:20    260
 15    2,8    3,5  23:15    1,8  07:50   50,5    0,0    0,0    1,1    5,4  11:10    268
 16    3,3    6,1  14:45    0,2  23:50   48,6    0,0    0,0    0,9    5,8  02:45    330
 17   -0,4    3,2  15:35   -3,0  06:15   60,6    0,0    0,0    1,3    5,8  11:00    239
 18   -1,2   -0,3  14:50   -2,2  21:45   63,4    0,0    0,0    1,3    5,8  09:05    267
 19    3,6    8,6  13:05   -1,7  00:25   47,6    0,0    0,0    5,4   19,8  11:35     51
 20    8,8   10,2  20:40    7,4  05:45   31,0    0,0    0,0    9,8   18,4  20:40     40
 21    8,1   12,8  13:50    4,2  23:45   33,2    0,0    0,0    2,2    6,8  13:05    236
 22    3,6    8,4  15:10   -0,2  08:15   47,6    0,0    0,0    0,7    5,4  11:55    244
 23    1,5    7,6  15:10   -2,6  08:05   54,5    0,0    0,0    0,8    6,5  11:05    227
 24    1,9    7,6  14:00   -2,1  07:35   53,3    0,0    0,0    0,5    5,0  14:20    232
 25    3,0    9,8  14:10   -1,4  08:30   49,8    0,0    1,0    0,4    5,8  23:35    264
 26    2,5    7,0  15:00   -0,5  06:40   51,3    0,0    0,0    0,6    5,8  12:45    149
 27    3,6   11,8  14:10   -1,3  08:35   47,7    0,0    0,0    1,1    6,1  19:25    234
 28    4,3   12,1  13:40   -1,9  07:20   45,5    0,0    0,0    3,5   12,6  18:15    230
 29    5,1    8,5  13:35   -1,4  23:55   42,7    0,0    0,0    3,3   17,3  01:30     61
 30    0,1    5,4  13:20   -3,2  07:40   58,9    0,0    0,0    0,6    6,1  13:35    239
 31   -2,1    0,5  15:10   -3,8  07:45   66,2    0,0    0,0    0,7    5,0  10:30    228
---------------------------------------------------------------------------------------
       2,9   12,8     21   -3,8     31 1546,0    0,0    4,3    1,7   19,8     19    354
    
Updated: 23/04/2020 12:30:00