Cerea. Verona, Italy

45° 11.88' N | 011° 10.98' E | 10 metri | Mostra sulla mappa

Tabelle Climatiche November 2016

25/05/2020 00:45:00 CEST

Stazione:Vantage Pro2
Software:WeeWX v4.0.0
Weewx uptime:0 giorni, 19 ore, 30 minuti
Server uptime:0 giorni, 19 ore, 30 minuti
                   MONTHLY CLIMATOLOGICAL SUMMARY for nov 2016


NAME: Cerea. Verona, Italy                  
ELEV: 10 metri    LAT: 45-11.88 N    LONG: 011-10.98 E


                   TEMPERATURE (°C), RAIN (mm), WIND SPEED (km/h)

                                         HEAT   COOL         AVG
      MEAN                               DEG    DEG          WIND                   DOM
DAY   TEMP   HIGH   TIME    LOW   TIME   DAYS   DAYS   RAIN  SPEED   HIGH   TIME    DIR
---------------------------------------------------------------------------------------
 01    9,8   12,1  15:25    7,6  02:35   27,7    0,0    0,0    0,9    6,5  06:00    261
 02   11,9   14,8  14:30    9,8  03:20   20,8    0,0    0,0    0,2    4,0  13:00    187
 03   12,3   16,6  13:35    9,0  23:50   19,6    0,0    0,0    4,1   17,6  11:25     62
 04   10,5   15,2  13:20    7,2  06:45   25,5    0,0    0,0    3,2   10,1  03:10     56
 05    9,8   10,7  15:25    8,4  07:00   27,5    0,0   18,0    5,4   20,2  10:35     49
 06   10,2   12,2  15:00    8,9  23:10   26,4    0,0    1,0    1,2    5,4  23:40    247
 07    9,4   14,8  13:40    5,4  07:50   28,9    0,0    0,0    1,7    6,1  03:30    315
 08    8,0   13,3  13:25    3,3  07:10   33,6    0,0    0,0    1,3    5,4  13:40      7
 09    6,5   10,7  13:20    1,4  07:25   38,5    0,0    0,0    1,9    6,1  10:50    110
 10    7,3   11,2  13:40    4,8  07:40   35,9    0,0    0,0    1,5    6,5  12:15    320
 11    6,6    8,8  10:15    4,5  06:30   37,9    0,0    4,3    2,2    7,6  12:55    339
 12    6,9   13,4  13:45    2,7  23:55   37,2    0,0    0,0    1,4    6,8  13:10    247
 13    5,9   10,5  15:00    1,0  02:45   40,4    0,0    0,0    1,5   12,2  22:15     34
 14    6,8    8,2  15:05    3,6  00:00   37,4    0,0    0,0    5,6   16,6  08:15     28
 15    4,4    9,3  13:50    0,5  23:55   45,1    0,0    0,0    2,5   10,1  03:50     34
 16    4,0    9,4  13:35   -1,2  07:05   46,4    0,0    0,0    0,2    5,8  11:50    341
 17    6,3   10,0  14:40    0,7  06:45   39,1    0,0    0,0    0,5    5,4  10:50      7
 18    8,7   11,0  14:20    7,1  02:40   31,2    0,0    4,1    0,1    4,3  00:40    357
 19    9,6   11,5  13:35    8,5  00:05   28,4    0,0    8,6    0,2    6,5  15:55    244
 20    9,7   11,3  15:05    8,4  04:50   28,0    0,0    0,0    0,5    5,8  10:15     63
 21   11,6   13,3  14:45    9,6  00:05   21,7    0,0    1,0    4,1   15,8  12:05     51
 22   14,2   17,2  14:40   12,2  01:50   13,4    0,0    0,0    6,2   15,5  12:15     43
 23   14,9   16,9  11:50   13,4  23:55   11,2    0,0    0,0    6,8   17,6  12:30     44
 24   14,2   15,8  13:40   12,9  08:00   13,5    0,0    0,0    7,1   17,6  11:20     42
 25   13,9   14,8  12:45   12,9  22:40   14,4    0,0   24,1    8,0   19,8  13:10     39
 26   12,7   16,4  12:25    9,0  00:00   18,3    0,0    7,4    1,3    9,4  13:00    251
 27    8,6   10,0  15:10    7,4  19:45   31,7    0,0    0,0    0,4    4,7  11:35    226
 28    8,8   11,2  11:40    4,9  00:00   30,9    0,0    0,0    5,6   20,5  19:10     54
 29    3,5    7,8  13:45    0,3  23:10   47,9    0,0    0,0    2,6   10,4  12:05     35
 30    2,4    7,2  14:55   -0,7  23:00   51,8    0,0    0,0    1,5    6,5  15:40    240
---------------------------------------------------------------------------------------
       9,0   17,2     22   -1,2     16  910,3    0,0   68,6    2,8   20,5     28     41
    
Updated: 23/04/2020 12:30:00