Cerea. Verona, Italy

45° 11.88' N | 011° 10.98' E | 10 metri | Mostra sulla mappa

Tabelle Climatiche October 2016

25/05/2020 00:15:00 CEST

Stazione:Vantage Pro2
Software:WeeWX v4.0.0
Weewx uptime:0 giorni, 19 ore, 0 minuti
Server uptime:0 giorni, 19 ore, 0 minuti
                   MONTHLY CLIMATOLOGICAL SUMMARY for ott 2016


NAME: Cerea. Verona, Italy                  
ELEV: 10 metri    LAT: 45-11.88 N    LONG: 011-10.98 E


                   TEMPERATURE (°C), RAIN (mm), WIND SPEED (km/h)

                                         HEAT   COOL         AVG
      MEAN                               DEG    DEG          WIND                   DOM
DAY   TEMP   HIGH   TIME    LOW   TIME   DAYS   DAYS   RAIN  SPEED   HIGH   TIME    DIR
---------------------------------------------------------------------------------------
 01   18,7   25,8  14:15   11,3  07:20    0,0    1,1    0,0    1,0   11,2  22:50    150
 02   18,8   23,5  16:45   15,9  23:50    0,0    1,4    1,0    0,7    6,8  00:10     43
 03   18,1   23,2  14:05   13,4  00:00    0,8    0,0    0,0    2,2   14,4  12:35     88
 04   16,7   24,3  16:50   11,5  07:45    5,3    0,0    0,0    1,2   10,4  12:30    273
 05   13,7   19,3  12:45    9,2  05:45   15,1    0,0    0,0    4,3   19,8  15:40     54
 06   13,0   18,6  14:55    9,1  06:50   17,1    0,0    0,0    2,2   16,6  00:05     51
 07   13,2   19,9  15:05    8,7  07:10   16,7    0,0    0,0    1,5   11,2  16:25    293
 08   13,2   17,3  15:20   10,2  01:40   16,5    0,0    0,0    4,2   15,8  10:20     49
 09   13,6   16,5  13:15   10,6  07:05   15,2    0,0    0,0    3,6   14,8  16:35     57
 10   12,9   17,0  15:10    9,8  21:40   17,6    0,0    0,0    3,3   17,6  10:55     55
 11   10,7   15,3  14:10    5,6  07:35   24,7    0,0    0,0    0,9    8,6  10:50     42
 12   10,5   18,3  15:00    3,8  08:05   25,4    0,0    0,0    0,7    6,8  12:20    283
 13   10,7   14,8  14:10    7,8  03:20   24,8    0,0    2,0    3,6   15,5  23:55     40
 14   12,6   15,0  22:10   10,2  01:05   18,7    0,0   51,8    6,3   26,6  11:00     47
 15   15,5   20,1  14:25   13,1  06:10    9,1    0,0    2,0    2,4   19,8  01:00    266
 16   13,6   18,3  14:55    9,6  07:30   15,3    0,0    0,0    0,9    9,4  00:55     71
 17   14,0   16,7  16:05   11,1  03:00   14,0    0,0    0,0    0,4    7,9  15:15     66
 18   15,0   19,5  17:15   11,7  23:05   10,9    0,0    1,0    0,7   13,7  15:00    274
 19   13,2   17,9  15:25    8,6  06:00   16,5    0,0    6,3    2,2   12,2  14:00     60
 20   11,8   13,6  00:05    9,2  23:55   21,3    0,0    7,4    2,7   12,2  10:00     54
 21   10,9   16,8  17:25    6,3  08:15   24,0    0,0    0,0    0,6    7,6  15:20    295
 22   11,1   16,0  14:00    5,9  08:05   23,6    0,0    0,0    0,9    9,0  12:45     85
 23   12,5   15,5  15:05    9,5  04:35   18,9    0,0    0,0    2,2    9,0  12:45     33
 24   12,9   14,3  16:30   11,9  02:35   17,7    0,0    2,0    0,3    4,3  15:45    274
 25   13,9   15,1  13:55   12,9  07:55   14,4    0,0    1,0    0,8    6,1  14:00    253
 26   14,7   16,6  16:15   13,0  06:50   11,7    0,0    0,0    1,3    7,9  11:55    119
 27   15,5   19,4  14:15   11,2  23:50    9,3    0,0    0,0    4,6   12,2  16:00     65
 28   13,2   18,3  14:10    8,5  23:50   16,6    0,0    0,0    2,0    7,9  10:00     32
 29   11,0   18,3  14:35    5,7  07:40   23,9    0,0    0,0    0,9    8,6  16:45    257
 30   11,1   17,6  13:25    6,1  04:55   23,4    0,0    0,0    0,3    5,4  12:45    230
 31   11,2   16,7  13:55    5,3  04:55   23,2    0,0    0,0    1,7   12,6  10:25     62
---------------------------------------------------------------------------------------
      13,5   25,8     01    3,8     12  491,9    2,5   74,7    2,0   26,6     14     48
    
Updated: 23/04/2020 12:30:00