Cerea. Verona, Italy

45° 11.88' N | 011° 10.98' E | 10 metri | Mostra sulla mappa

Tabelle Climatiche September 2016

24/05/2020 23:45:00 CEST

Stazione:Vantage Pro2
Software:WeeWX v4.0.0
Weewx uptime:0 giorni, 18 ore, 30 minuti
Server uptime:0 giorni, 18 ore, 30 minuti
                   MONTHLY CLIMATOLOGICAL SUMMARY for set 2016


NAME: Cerea. Verona, Italy                  
ELEV: 10 metri    LAT: 45-11.88 N    LONG: 011-10.98 E


                   TEMPERATURE (°C), RAIN (mm), WIND SPEED (km/h)

                                         HEAT   COOL         AVG
      MEAN                               DEG    DEG          WIND                   DOM
DAY   TEMP   HIGH   TIME    LOW   TIME   DAYS   DAYS   RAIN  SPEED   HIGH   TIME    DIR
---------------------------------------------------------------------------------------
 01   25,0   32,2  16:10   17,6  06:35    0,0   21,6    0,0    0,7    5,4  13:30     71
 02   26,3   32,9  16:00   20,7  04:00    0,0   25,9    0,0    1,1    7,6  15:00     91
 03   26,0   33,7  17:25   19,6  07:00    0,0   24,7    0,0    1,5    8,6  13:30     98
 04   26,0   33,3  15:40   19,9  06:25    0,0   24,8    0,0    1,2    9,7  11:15     79
 05   23,9   29,0  15:00   20,3  00:00    0,0   18,0    0,0    2,9   11,9  02:15     84
 06   21,7   31,0  16:05   16,4  07:25    0,0   11,0    0,0    2,8   28,4  16:55    148
 07   22,5   29,2  16:00   15,9  07:05    0,0   13,5    0,0    2,8   13,0  16:10     62
 08   24,3   30,2  15:15   18,6  06:50    0,0   19,3    0,0    1,8   11,5  13:15     54
 09   24,7   31,5  15:00   18,1  06:40    0,0   20,7    0,0    1,3   10,4  17:20     57
 10   25,7   32,3  14:05   20,1  07:25    0,0   23,8    0,0    1,7   11,9  15:55     59
 11   24,4   31,4  15:05   19,0  06:45    0,0   19,8    0,0    1,2   11,9  15:45     74
 12   24,9   32,0  15:00   18,2  06:40    0,0   21,4    0,0    1,4   13,7  12:10     72
 13   24,3   32,3  16:55   18,0  07:15    0,0   19,4    0,0    0,6    8,6  15:20     38
 14   24,3   31,5  15:20   17,4  06:55    0,0   19,2    0,0    0,7   12,2  14:55     93
 15   22,3   26,8  15:45   19,6  05:20    0,0   12,8    2,0    3,4   15,8  09:20     55
 16   19,3   21,5  11:30   17,5  23:45    0,0    3,0    2,0    1,8   10,4  21:55     54
 17   20,0   26,4  16:05   16,5  01:40    0,0    5,4    7,4    2,6   14,0  23:55    271
 18   19,2   25,1  17:35   15,1  07:50    0,0    2,7    0,0    0,9   10,4  00:10    311
 19   20,5   27,8  16:35   15,4  07:15    0,0    7,1    0,0    0,9    9,7  16:05    266
 20   19,7   27,1  15:50   13,5  06:55    0,0    4,4    0,0    2,4   14,0  18:05     43
 21   16,6   19,4  16:45   14,9  10:50    5,6    0,0   22,1    4,3   15,8  13:50     45
 22   17,9   23,3  15:00   13,9  00:00    1,5    0,0    0,0    2,1   11,9  12:10     52
 23   17,6   25,0  15:30   11,1  07:10    2,4    0,0    0,0    1,3    9,7  13:30    126
 24   18,6   25,9  16:30   12,7  07:05    0,0    0,8    0,0    0,8    9,4  15:40     39
 25   18,3   26,1  16:25   11,2  07:40    0,2    0,0    0,0    0,5    6,8  13:55    301
 26   19,0   25,9  14:30   12,2  07:10    0,0    2,1    0,0    1,3   10,8  11:15    104
 27   19,0   25,6  15:45   13,2  07:35    0,0    2,1    0,0    0,7    9,0  14:05     98
 28   18,8   25,9  16:25   12,5  07:15    0,0    1,4    0,0    0,5    8,6  14:40    228
 29   18,5   26,3  16:50   11,5  07:10    0,0    0,5    0,0    0,5    6,5  15:25    132
 30   18,8   26,4  16:05   11,5  07:45    0,0    1,5    0,0    0,7   10,4  22:40    298
---------------------------------------------------------------------------------------
      21,6   33,7     03   11,1     23    9,8  327,0   33,5    1,5   28,4     06     60
    
Updated: 23/04/2020 12:30:00