Cerea. Verona, Italy

45° 11.88' N | 011° 10.98' E | 10 metri | Mostra sulla mappa

Tabelle Climatiche August 2016

25/05/2020 01:45:00 CEST

Stazione:Vantage Pro2
Software:WeeWX v4.0.0
Weewx uptime:0 giorni, 20 ore, 30 minuti
Server uptime:0 giorni, 20 ore, 30 minuti
                   MONTHLY CLIMATOLOGICAL SUMMARY for ago 2016


NAME: Cerea. Verona, Italy                  
ELEV: 10 metri    LAT: 45-11.88 N    LONG: 011-10.98 E


                   TEMPERATURE (°C), RAIN (mm), WIND SPEED (km/h)

                                         HEAT   COOL         AVG
      MEAN                               DEG    DEG          WIND                   DOM
DAY   TEMP   HIGH   TIME    LOW   TIME   DAYS   DAYS   RAIN  SPEED   HIGH   TIME    DIR
---------------------------------------------------------------------------------------
 01   23,8   28,1  16:10   19,4  06:05    0,0   17,6    2,0    2,6   17,6  15:45     50
 02   24,5   31,2  17:30   18,4  05:40    0,0   20,1    0,0    1,9   10,1  09:20     76
 03   25,8   32,2  16:10   19,1  06:20    0,0   24,3    0,0    1,6   11,5  12:35     93
 04   27,2   34,2  15:30   20,2  05:55    0,0   28,7    0,0    2,0    9,7  13:50    111
 05   22,2   26,7  13:50   16,2  14:45    0,0   12,6    8,6    1,7   23,0  14:25     56
 06   23,2   30,3  17:15   17,2  05:25    0,0   15,7    0,0    1,3   10,4  14:35     47
 07   24,8   30,5  15:25   19,6  06:35    0,0   21,0    0,0    1,8   12,2  16:40     91
 08   24,9   32,6  17:30   19,1  06:35    0,0   21,4    0,0    2,0   11,5  10:30     42
 09   25,6   34,5  16:40   17,6  06:05    0,0   23,6    0,0    0,8    7,9  15:00     67
 10   20,9   25,1  15:10   17,4  11:20    0,0    8,4    6,3    2,8   16,2  03:15     67
 11   20,6   26,5  15:20   15,9  06:30    0,0    7,3    0,0    2,5   13,7  12:05     79
 12   21,1   27,0  16:00   16,0  00:45    0,0    9,0    0,0    1,8   11,5  09:15     83
 13   22,2   30,0  16:40   14,3  06:35    0,0   12,5    0,0    1,0   10,1  12:45     94
 14   24,7   34,0  17:30   15,9  05:00    0,0   20,6    0,0    0,6    6,8  21:45    119
 15   26,3   35,1  17:45   17,9  06:15    0,0   25,9    0,0    1,2   10,4  23:10     82
 16   26,0   34,1  17:30   18,4  06:35    0,0   25,0    0,0    1,3    9,4  03:00     44
 17   25,1   32,1  17:25   18,6  06:35    0,0   22,0    2,0    1,8   20,2  20:40     27
 18   23,9   29,9  15:50   17,6  06:50    0,0   18,0    0,0    1,8   10,8  00:35     97
 19   23,7   28,9  16:45   18,7  02:55    0,0   17,3    1,0    2,7   14,0  00:40     80
 20   24,7   29,7  16:15   20,3  06:20    0,0   20,8    1,3    2,0    9,0  09:45     76
 21   24,5   31,2  17:30   20,1  06:35    0,0   20,1    0,0    1,3   13,0  22:45     53
 22   22,1   29,2  16:35   15,6  06:50    0,0   12,3    0,0    1,5   10,4  00:05     50
 23   22,7   31,0  16:55   14,3  06:55    0,0   14,3    0,0    1,3   10,1  09:50     85
 24   24,0   30,6  15:10   17,6  05:40    0,0   18,4    0,0    2,0   12,6  17:00     71
 25   24,6   30,0  14:50   19,6  06:55    0,0   20,3    0,0    2,7   12,6  16:50     72
 26   24,5   30,3  16:25   19,5  05:55    0,0   20,0    0,0    2,4   16,6  12:45     62
 27   24,5   32,4  17:45   17,1  06:30    0,0   20,1    0,0    0,9   10,1  15:10     89
 28   25,7   33,7  17:05   18,4  07:15    0,0   24,0    0,0    0,6    7,9  15:05    227
 29   26,5   33,9  16:55   18,8  07:00    0,0   26,3    0,0    1,2   10,1  21:30     98
 30   25,1   30,0  16:00   21,3  06:50    0,0   21,9    0,0    2,2   16,9  11:10     73
 31   25,3   30,8  15:40   21,3  02:55    0,0   22,6    0,0    2,7   16,6  09:50     72
---------------------------------------------------------------------------------------
      24,2   35,1     15   14,3     13    0,0  592,1   21,3    1,7   23,0     05     74
    
Updated: 23/04/2020 12:30:00