Cerea. Verona, Italy

45° 11.88' N | 011° 10.98' E | 10 metri | Mostra sulla mappa

Tabelle Climatiche July 2016

25/05/2020 01:15:00 CEST

Stazione:Vantage Pro2
Software:WeeWX v4.0.0
Weewx uptime:0 giorni, 20 ore, 0 minuti
Server uptime:0 giorni, 20 ore, 0 minuti
                   MONTHLY CLIMATOLOGICAL SUMMARY for lug 2016


NAME: Cerea. Verona, Italy                  
ELEV: 10 metri    LAT: 45-11.88 N    LONG: 011-10.98 E


                   TEMPERATURE (°C), RAIN (mm), WIND SPEED (km/h)

                                         HEAT   COOL         AVG
      MEAN                               DEG    DEG          WIND                   DOM
DAY   TEMP   HIGH   TIME    LOW   TIME   DAYS   DAYS   RAIN  SPEED   HIGH   TIME    DIR
---------------------------------------------------------------------------------------
 01   26,7   33,0  17:50   21,2  05:55    0,0   27,1    0,0    2,2    9,7  04:25     85
 02   27,5   34,8  17:05   20,8  06:30    0,0   29,8    0,0    1,1    9,0  12:05     45
 03   25,1   31,1  15:55   21,1  04:40    0,0   22,0    0,0    2,4   15,1  19:35     64
 04   24,3   29,1  17:20   20,6  00:00    0,0   19,2    0,0    4,3   16,9  10:30     63
 05   26,4   33,8  16:35   17,6  05:30    0,0   26,0    0,0    0,9    7,9  14:20    318
 06   26,9   33,6  18:25   21,1  06:00    0,0   27,6    0,0    1,8    8,6  02:40     75
 07   26,3   31,5  17:30   22,3  04:35    0,0   26,0    0,0    3,7   12,6  08:45     83
 08   26,8   33,9  16:45   20,3  04:55    0,0   27,6    0,0    2,0   10,4  16:00     79
 09   28,2   34,7  17:15   21,6  06:25    0,0   31,9    0,0    1,4    9,4  13:35     90
 10   29,2   35,5  16:30   23,9  06:15    0,0   35,2    0,0    2,4   10,1  14:45     93
 11   29,4   37,1  16:25   22,3  06:00    0,0   36,0    0,0    1,8    9,4  16:55    109
 12   29,0   35,4  15:45   23,2  05:55    0,0   34,5    0,0    1,0    7,6  11:15     31
 13   27,2   34,4  17:20   20,4  00:00    0,0   28,8    0,0    2,4   15,5  16:00    264
 14   23,0   30,2  16:00   16,5  06:35    0,0   15,2    0,0    3,0   17,3  00:00    240
 15   21,1   26,3  16:25   16,3  06:05    0,0    9,0    0,0    3,4   17,3  00:05     80
 16   22,3   31,3  17:05   13,0  05:10    0,0   12,7    0,0    1,5   13,7  20:50     91
 17   24,3   33,2  17:30   15,8  06:00    0,0   19,2    0,0    1,3   12,2  12:50    298
 18   26,5   35,0  17:40   16,9  06:05    0,0   26,4    0,0    1,3    9,0  22:10     64
 19   27,6   34,0  15:10   21,6  06:10    0,0   30,0    0,0    2,7   11,9  12:35     89
 20   27,8   34,9  16:55   21,1  05:35    0,0   30,6    0,0    2,2   12,6  15:35     94
 21   27,4   33,7  17:00   22,3  04:25    0,0   29,5    0,0    2,5    9,7  00:50     80
 22   27,6   34,0  14:45   20,7  06:25    0,0   30,1    0,0    1,6   10,1  10:05     91
 23   25,7   30,8  17:20   22,6  04:10    0,0   23,8    0,0    1,5    9,0  06:35     56
 24   25,2   29,9  13:30   20,7  04:15    0,0   22,1    0,0    1,0    9,7  14:00    121
 25   27,1   34,3  16:00   20,2  06:10    0,0   28,3    0,0    1,1   10,1  17:50     50
 26   28,3   35,5  16:40   22,2  05:35    0,0   32,3    0,0    1,4    9,4  11:35     61
 27   27,6   34,0  14:30   21,7  06:20    0,0   29,9    0,0    1,6   14,8  21:25     71
 28   24,3   30,6  16:20   18,9  05:55    0,0   19,4   15,7    1,6   11,9  01:30     41
 29   26,6   34,2  17:30   19,6  06:10    0,0   26,6    0,0    1,1    9,4  14:35    102
 30   28,2   35,8  16:55   22,2  06:30    0,0   32,1    0,0    1,6   10,1  17:50     97
 31   26,7   32,1  15:50   22,5  06:20    0,0   27,0    0,0    2,2   12,6  10:55     63
---------------------------------------------------------------------------------------
      26,5   37,1     11   13,0     16    0,0  815,9   15,7    1,9   17,3     15     77
    
Updated: 23/04/2020 12:30:00