Cerea. Verona, Italy

45° 11.88' N | 011° 10.98' E | 10 metri | Mostra sulla mappa

Tabelle Climatiche June 2016

25/05/2020 00:30:00 CEST

Stazione:Vantage Pro2
Software:WeeWX v4.0.0
Weewx uptime:0 giorni, 19 ore, 15 minuti
Server uptime:0 giorni, 19 ore, 15 minuti
                   MONTHLY CLIMATOLOGICAL SUMMARY for giu 2016


NAME: Cerea. Verona, Italy                  
ELEV: 10 metri    LAT: 45-11.88 N    LONG: 011-10.98 E


                   TEMPERATURE (°C), RAIN (mm), WIND SPEED (km/h)

                                         HEAT   COOL         AVG
      MEAN                               DEG    DEG          WIND                   DOM
DAY   TEMP   HIGH   TIME    LOW   TIME   DAYS   DAYS   RAIN  SPEED   HIGH   TIME    DIR
---------------------------------------------------------------------------------------
 01   18,8   27,8  13:50   13,0  05:40    0,0    1,5    1,0    2,2   15,8  15:50     67
 02   18,3   24,3  16:10   15,3  23:45    0,3    0,0   18,8    1,9   15,5  21:00     72
 03   19,7   25,9  16:10   14,9  05:30    0,0    4,4    0,0    1,5   12,2  18:45     58
 04   20,0   26,1  14:35   16,0  06:00    0,0    5,4    1,0    1,7   10,4  15:25     53
 05   21,2   29,0  15:30   14,9  05:40    0,0    9,3    2,3    1,0   10,1  15:40    327
 06   21,6   27,5  12:45   16,1  05:25    0,0   10,6    0,0    1,2   10,8  15:45     45
 07   23,6   31,1  15:30   15,6  05:45    0,0   17,2    0,0    1,0    9,7  14:45    100
 08   21,6   31,9  15:35   17,3  23:50    0,0   10,6    5,1    2,4   12,6  17:05     65
 09   18,8   23,7  14:20   16,7  04:15    0,0    1,5    5,3    2,4   16,9  19:55     60
 10   21,4   28,5  16:30   15,4  05:05    0,0   10,1    1,0    1,3   10,1  09:10     89
 11   21,9   28,3  17:40   16,4  05:55    0,0   11,6    0,0    1,8   12,6  14:55     45
 12   19,9   25,1  16:10   16,5  11:20    0,0    4,9    3,3    1,5   10,8  10:40     32
 13   21,8   27,8  14:50   15,4  06:10    0,0   11,3    0,0    1,5    9,7  16:55     88
 14   19,1   24,1  17:10   16,1  08:25    0,0    2,6   19,0    3,3   14,4  19:25     65
 15   20,6   28,4  15:15   13,6  05:35    0,0    7,2   42,2    2,1   14,4  00:40    302
 16   22,3   27,5  14:40   17,4  05:45    0,0   12,7    0,0    5,1   20,9  20:25     73
 17   22,8   28,8  16:15   15,0  05:55    0,0   14,6    0,0    2,8   17,6  09:55    273
 18   21,1   29,1  16:55   13,0  05:50    0,0    8,9    1,0    1,5   10,1  22:05    353
 19   17,2   23,6  17:00   14,1  10:55    3,5    0,0   12,7    0,8    8,6  08:45    313
 20   21,3   29,1  16:00   15,6  04:10    0,0    9,7    0,0    0,7    9,4  17:05    309
 21   23,1   31,0  17:30   16,0  03:30    0,0   15,4    0,0    1,5   13,0  09:55     98
 22   25,7   33,4  18:25   18,1  03:20    0,0   23,8    0,0    0,8    9,4  14:55     69
 23   27,8   34,2  16:25   19,7  05:50    0,0   30,6    0,0    1,7   10,4  16:40     59
 24   29,4   35,8  15:50   22,6  04:05    0,0   35,8    0,0    1,0    9,4  13:55     34
 25   29,1   36,8  16:15   22,2  05:50    0,0   34,8    0,0    1,7    9,4  23:35     73
 26   26,4   31,3  15:45   21,0  04:10    0,0   26,2    0,0    2,7   16,6  10:45     77
 27   24,1   31,6  15:50   19,0  06:20    0,0   18,7    3,0    2,1   16,9  19:10    100
 28   24,6   31,8  16:10   18,0  05:50    0,0   20,4    0,0    1,8   13,7  15:55     92
 29   25,0   32,3  14:45   17,9  05:40    0,0   21,8    0,0    2,4   11,5  17:55     87
 30   26,7   34,2  16:55   19,9  04:40    0,0   27,2    0,0    0,7   10,1  15:15     30
---------------------------------------------------------------------------------------
      22,5   36,8     25   13,0     01    3,8  408,7  115,8    1,8   20,9     16     63
    
Updated: 23/04/2020 12:30:00